{"id":316,"date":"2015-01-28T11:33:51","date_gmt":"2015-01-28T10:33:51","guid":{"rendered":"http:\/\/agora.xtec.cat\/afatarrega\/?page_id=316"},"modified":"2026-02-20T16:36:00","modified_gmt":"2026-02-20T15:36:00","slug":"competencia-digital-competic","status":"publish","type":"page","link":"https:\/\/agora.xtec.cat\/cfatarrega\/ensenyaments\/ensenyaments-transprofessionals\/competencia-digital-competic\/","title":{"rendered":"Inform\u00e0tica: Compet\u00e8ncia digital COMPETIC"},"content":{"rendered":"<p><a href=\"https:\/\/agora.xtec.cat\/cfatarrega\/wp-content\/uploads\/usu1634\/2025\/05\/images.png\"><img loading=\"lazy\" decoding=\"async\" class=\"wp-image-4756 aligncenter\" src=\"https:\/\/agora.xtec.cat\/cfatarrega\/wp-content\/uploads\/usu1634\/2025\/05\/images.png\" alt=\"\" width=\"219\" height=\"132\" \/><\/a><\/p>\n<p><span style=\"text-decoration: underline;\"><strong>Descripci\u00f3<\/strong><\/span><\/p>\n<p>Els ensenyaments d&#8217;<strong><span style=\"color: #993300;\">inform\u00e0tica<\/span><\/strong> tenen com objectiu facilitar l&#8217;adquisici\u00f3 de la compet\u00e8ncia digital, entesa com la combinaci\u00f3 de coneixements, habilitats i actituds en l&#8217;\u00e0mbit de les tecnologies de la informaci\u00f3 i la comunicaci\u00f3 (TIC) per desenvolupar-se en la societat actual.<\/p>\n<p>S&#8217;imparteixen en quatre nivells:<\/p>\n<ol>\n<li><span style=\"color: #993300;\"><strong>COMPETIC Inicial<\/strong><\/span> \u00a0(3 h\/setmana)<\/li>\n<li><strong><span style=\"color: #993300;\">COMPETIC 1<\/span><\/strong> \u00a0(3 h\/setmana) que equival a l&#8217;<a href=\"https:\/\/actic.gencat.cat\/web\/.content\/01_informacio\/documents\/arxius\/o_ens_290_2103_equival_competic.pdf\">ACTIC B\u00e0sic<\/a><\/li>\n<li><strong><span style=\"color: #993300;\">COMPETIC 2<\/span><\/strong> \u00a0(4 h\/setmana)\u00a0que equival a l&#8217;<a href=\"https:\/\/actic.gencat.cat\/web\/.content\/01_informacio\/documents\/arxius\/o_ens_290_2103_equival_competic.pdf\">ACTIC Mitj\u00e0<\/a><\/li>\n<li><strong><span style=\"color: #993300;\">COMPETIC 3<\/span><\/strong> \u00a0(3 h\/setmana)\u00a0que equival a l&#8217;<a href=\"https:\/\/actic.gencat.cat\/web\/.content\/01_informacio\/documents\/arxius\/o_ens_290_2103_equival_competic.pdf\">ACTIC Avan\u00e7at<\/a><\/li>\n<\/ol>\n<p>Els diferents nivells usuari d&#8217;inform\u00e0tica (COMPETIC 1, 2 i 3) van adre\u00e7ats a persones que tenen uns coneixements b\u00e0sics del funcionament de l&#8217;ordinador, del tractament de textos, de l&#8217;\u00fas del correu electr\u00f2nic i de la cerca d&#8217;informaci\u00f3 per Internet, el civisme digital, full de c\u00e0lcul i tractament de la imatge i el so.<\/p>\n<p><span style=\"text-decoration: underline;\"><strong>Continguts<\/strong><\/span><\/p>\n<p><a href=\"http:\/\/agora.xtec.cat\/cfatarrega\/wp-content\/uploads\/usu1634\/2015\/01\/Captura.png\"><img loading=\"lazy\" decoding=\"async\" class=\"alignnone size-full wp-image-1840\" src=\"http:\/\/agora.xtec.cat\/cfatarrega\/wp-content\/uploads\/usu1634\/2015\/01\/Captura.png\" alt=\"Captura\" width=\"772\" height=\"899\" srcset=\"https:\/\/agora.xtec.cat\/cfatarrega\/wp-content\/uploads\/usu1634\/2015\/01\/Captura.png 772w, https:\/\/agora.xtec.cat\/cfatarrega\/wp-content\/uploads\/usu1634\/2015\/01\/Captura-258x300.png 258w, https:\/\/agora.xtec.cat\/cfatarrega\/wp-content\/uploads\/usu1634\/2015\/01\/Captura-768x894.png 768w\" sizes=\"auto, (max-width: 772px) 100vw, 772px\" \/><\/a><\/p>\n<p>Per tal d\u2019obtenir el certificat de COMPETIC 3 cal assolir <span style=\"color: #993300;\"><strong>dues de les cinc<\/strong><\/span> compet\u00e8ncies establertes, com a m\u00ednim. Per tal de poder matricular-se al COMPETIC 3 <span style=\"color: #993300;\"><strong>cal disposar del certificat de COMPETIC 2 o de l\u2019ACTIC Mitj\u00e0<\/strong><\/span>.<\/p>\n<p>Per superar el curs, la NOTA DEL PROJECTE ha de ser igual o superior a 6.<\/p>\n<p>La NOTA DEL PROJECTE \u00e9s el 40% de la NOTA GLOBAL DEL CURS.<\/p>\n<p>Si la NOTA GLOBAL DEL CURS \u00e9s superior a 6,5, el nivell se supera amb la qualificaci\u00f3 d\u2019APTE. Sin\u00f3, ser\u00e0 NO APTE.<\/p>\n<p><span style=\"text-decoration: underline;\"><strong>Acc\u00e9s<\/strong><\/span><\/p>\n<p>Poden accedir a aquests estudis les persones m\u00e9s grans de 18 anys i les que els compleixen durant l&#8217;any natural en qu\u00e8 s&#8217;inicia la formaci\u00f3.<\/p>\n<p><span style=\"text-decoration: underline;\"><strong>Tr\u00e0mits<\/strong><\/span><\/p>\n<p>Per cursar aquest ensenyament cal formalitzar la preinscripci\u00f3 i la matr\u00edcula d&#8217;acord amb els criteris fixats pel Departament d&#8217;Educaci\u00f3. Aquest estudi \u00e9s gratu\u00eft.<\/p>\n<p><span style=\"text-decoration: underline;\"><strong>Horaris 25-26<\/strong><\/span><\/p>\n<p>HORARI: <strong>COMPETIC Inicial<\/strong><strong style=\"font-family: inherit; font-size: 1em;\">\u00a0<\/strong><\/p>\n<table>\n<tbody>\n<tr>\n<td><strong>\u00a0<\/strong><\/td>\n<td><strong>DILLUNS<\/strong><\/td>\n<td><strong>DIMARTS<\/strong><\/td>\n<td><strong>DIMECRES<\/strong><\/td>\n<td><strong>DIJOUS<\/strong><\/td>\n<td><strong>DIVENDRES<\/strong><\/td>\n<\/tr>\n<tr>\n<td><strong>MAT\u00cd<\/strong><\/td>\n<td><\/td>\n<td><\/td>\n<td>11:00 \u2013 12:30<\/td>\n<td><\/td>\n<td>10:30 \u2013 12:00<\/td>\n<\/tr>\n<\/tbody>\n<\/table>\n<p><span style=\"font-family: inherit; font-size: 1em;\">HORARI: <\/span><strong style=\"font-family: inherit; font-size: 1em;\">COMPETIC 1<\/strong><strong style=\"font-family: inherit; font-size: 1em;\">\u00a0<\/strong><\/p>\n<table>\n<tbody>\n<tr>\n<td><strong>\u00a0<\/strong><\/td>\n<td><strong>DILLUNS<\/strong><\/td>\n<td><strong>DIMARTS<\/strong><\/td>\n<td><strong>DIMECRES<\/strong><\/td>\n<td><strong>DIJOUS<\/strong><\/td>\n<td><strong>DIVENDRES<\/strong><\/td>\n<\/tr>\n<tr>\n<td><strong>MAT\u00cd<\/strong><\/td>\n<td><\/td>\n<td><\/td>\n<td>09:00 \u2013 10:30<\/td>\n<td><\/td>\n<td>09:00 \u2013 10:30<\/td>\n<\/tr>\n<\/tbody>\n<\/table>\n<p><span style=\"font-family: inherit; font-size: 1em;\">\u00a0HORARI: <\/span><strong style=\"font-family: inherit; font-size: 1em;\">COMPETIC 2<\/strong><strong style=\"font-family: inherit; font-size: 1em;\">\u00a0<\/strong><\/p>\n<table style=\"width: 59.5826%;\">\n<tbody>\n<tr>\n<td style=\"width: 5.66292%;\"><strong>\u00a0<\/strong><\/td>\n<td style=\"width: 6.99119%;\"><strong>DILLUNS<\/strong><\/td>\n<td style=\"width: 19.0763%;\"><strong>DIMARTS<\/strong><\/td>\n<td style=\"width: 2.07348%;\"><strong>DIMECRES<\/strong><\/td>\n<td style=\"width: 20.4478%;\"><strong>DIJOUS<\/strong><\/td>\n<td style=\"width: 10.9468%;\"><strong>DIVENDRES<\/strong><\/td>\n<\/tr>\n<tr>\n<td style=\"width: 5.66292%;\"><strong>TARDA<\/strong><\/td>\n<td style=\"width: 6.99119%;\"><\/td>\n<td style=\"width: 19.0763%;\">15:00 \u2013 17:00<\/td>\n<td style=\"width: 2.07348%;\"><\/td>\n<td style=\"width: 20.4478%;\">15:00 \u2013 17:00<\/td>\n<td style=\"width: 10.9468%;\"><\/td>\n<\/tr>\n<\/tbody>\n<\/table>\n<pre><\/pre>\n<p>HORARI: <strong>COMPETIC 3\u00a0<\/strong><\/p>\n<table style=\"width: 62.0663%;\">\n<tbody>\n<tr>\n<td style=\"width: 9.94371%;\"><strong>\u00a0<\/strong><\/td>\n<td style=\"width: 19.3752%;\"><strong>DILLUNS<\/strong><\/td>\n<td style=\"width: 3.24233%;\"><strong>DIMARTS<\/strong><\/td>\n<td style=\"width: 13.0115%;\"><strong>DIMECRES<\/strong><\/td>\n<td style=\"width: 10.7632%;\"><strong>DIJOUS<\/strong><\/td>\n<td style=\"width: 5.8%;\"><strong>DIVENDRES<\/strong><\/td>\n<\/tr>\n<tr>\n<td style=\"width: 9.94371%;\"><strong>MAT\u00cd<\/strong><\/td>\n<td style=\"width: 19.3752%;\">11:30 \u2013 13:00<\/td>\n<td style=\"width: 3.24233%;\"><\/td>\n<td style=\"width: 13.0115%;\"><\/td>\n<td style=\"width: 10.7632%;\">11:30 \u2013 13:00<\/td>\n<td style=\"width: 5.8%;\"><\/td>\n<\/tr>\n<\/tbody>\n<\/table>\n<p><span style=\"color: #800000; font-family: Consolas, Monaco, monospace;\">Per superar el curs, la <\/span><strong style=\"color: #800000; font-family: Consolas, Monaco, monospace;\">NOTA DEL PROJECTE<\/strong><span style=\"color: #800000; font-family: Consolas, Monaco, monospace;\"> ha de ser igual o superior a <\/span><strong style=\"color: #800000; font-family: Consolas, Monaco, monospace;\">6<\/strong><span style=\"color: #800000; font-family: Consolas, Monaco, monospace;\">.<\/span><\/p>\n<pre><span style=\"color: #800000;\">La NOTA DEL PROJECTE \u00e9s el 40% de la NOTA GLOBAL DEL CURS.<\/span>\r\n\r\n<span style=\"color: #800000;\">Si la <strong>NOTA GLOBAL DEL CURS<\/strong> \u00e9s superior a <strong>6,5  <\/strong>, el nivell se supera amb la qualificaci\u00f3 d\u2019<strong>APTE<\/strong>. Sin\u00f3, ser\u00e0 NO APTE.<\/span>\r\n\r\n<\/pre>\n<p><sub><em>Data \u00faltima actualitzaci\u00f3: 3 de setembre de 2025<\/em><\/sub><\/p>\n","protected":false},"excerpt":{"rendered":"<p><a href=\"https:\/\/agora.xtec.cat\/cfatarrega\/wp-content\/uploads\/usu1634\/2025\/05\/images.png\"><\/a><br \/>\nDescripci\u00f3<br \/>\nEls ensenyaments d&#8217;inform\u00e0tica tenen com objectiu facilitar l&#8217;adquisici\u00f3 de la compet\u00e8ncia digital, entesa com la combinaci\u00f3 de coneixements, habilitats i actituds en l&#8217;\u00e0mbit de les tecnologies de la informaci\u00f3 i la comunicaci\u00f3 (TIC) per desenvolupar-se en la societat actual.<br \/>\nS&#8217;imparteixen en quatre nivells:<\/p>\n<ol>\n<li>COMPETIC Inicial \u00a0(3&hellip;  <a href=\"https:\/\/agora.xtec.cat\/cfatarrega\/ensenyaments\/ensenyaments-transprofessionals\/competencia-digital-competic\/\" title=\"Read Inform\u00e0tica: Compet\u00e8ncia digital COMPETIC\">Llegeix m\u00e9s\u00bb<\/a><br \/>\n","protected":false},"author":1,"featured_media":0,"parent":286,"menu_order":0,"comment_status":"closed","ping_status":"closed","template":"page-templates\/side-menu.php","meta":{"_bbp_topic_count":0,"_bbp_reply_count":0,"_bbp_total_topic_count":0,"_bbp_total_reply_count":0,"_bbp_voice_count":0,"_bbp_anonymous_reply_count":0,"_bbp_topic_count_hidden":0,"_bbp_reply_count_hidden":0,"_bbp_forum_subforum_count":0,"footnotes":""},"class_list":["post-316","page","type-page","status-publish","hentry"],"post_mailing_queue_ids":[],"_links":{"self":[{"href":"https:\/\/agora.xtec.cat\/cfatarrega\/wp-json\/wp\/v2\/pages\/316","targetHints":{"allow":["GET"]}}],"collection":[{"href":"https:\/\/agora.xtec.cat\/cfatarrega\/wp-json\/wp\/v2\/pages"}],"about":[{"href":"https:\/\/agora.xtec.cat\/cfatarrega\/wp-json\/wp\/v2\/types\/page"}],"author":[{"embeddable":true,"href":"https:\/\/agora.xtec.cat\/cfatarrega\/wp-json\/wp\/v2\/users\/1"}],"replies":[{"embeddable":true,"href":"https:\/\/agora.xtec.cat\/cfatarrega\/wp-json\/wp\/v2\/comments?post=316"}],"version-history":[{"count":7,"href":"https:\/\/agora.xtec.cat\/cfatarrega\/wp-json\/wp\/v2\/pages\/316\/revisions"}],"predecessor-version":[{"id":5021,"href":"https:\/\/agora.xtec.cat\/cfatarrega\/wp-json\/wp\/v2\/pages\/316\/revisions\/5021"}],"up":[{"embeddable":true,"href":"https:\/\/agora.xtec.cat\/cfatarrega\/wp-json\/wp\/v2\/pages\/286"}],"wp:attachment":[{"href":"https:\/\/agora.xtec.cat\/cfatarrega\/wp-json\/wp\/v2\/media?parent=316"}],"curies":[{"name":"wp","href":"https:\/\/api.w.org\/{rel}","templated":true}]}}