{"id":322,"date":"2015-01-28T11:36:17","date_gmt":"2015-01-28T10:36:17","guid":{"rendered":"http:\/\/agora.xtec.cat\/cfatarragona\/?page_id=322"},"modified":"2025-05-07T16:00:03","modified_gmt":"2025-05-07T14:00:03","slug":"a-la-universitat-per-a-majors-de-25-anys","status":"publish","type":"page","link":"https:\/\/agora.xtec.cat\/cfatarragona\/ensenyaments\/ensenyaments-per-a-la-preparacio-de-proves-dacces\/a-la-universitat-per-a-majors-de-25-anys\/","title":{"rendered":"Prova d&#8217;acc\u00e9s a la universitat per a majors de 25\/45 anys"},"content":{"rendered":"<p><a href=\"https:\/\/drive.google.com\/file\/d\/0B5oGfvF6OkpVUmIzc3lUa1B2T1E\/view?usp=sharing\" target=\"_blank\" rel=\"noopener noreferrer\"><img loading=\"lazy\" decoding=\"async\" class=\"wp-image-936 alignnone\" src=\"http:\/\/agora.xtec.cat\/cfatarragona\/wp-content\/uploads\/usu1257\/2015\/01\/ma-punter.jpg\" alt=\"ma punter\" width=\"49\" height=\"56\" \/><\/a>\u00a0<a href=\"https:\/\/drive.google.com\/file\/d\/1CxFcIux2Dh4heAeLURgEh55QmLE2vDdx\/view?usp=share_link\" target=\"_blank\" rel=\"noopener noreferrer\">Descarrega\u2019t el full informatiu<\/a><\/p>\n<h3><a href=\"https:\/\/docs.google.com\/document\/d\/1yb-93okxa31HBtJpzZ4BSbjCbkqNOsqw\/edit?usp=sharing&amp;ouid=114806131189497873451&amp;rtpof=true&amp;sd=true\" target=\"_blank\" rel=\"noopener\"><img loading=\"lazy\" decoding=\"async\" class=\"wp-image-2543 alignnone\" src=\"https:\/\/agora.xtec.cat\/cfatarragona\/wp-content\/uploads\/usu1257\/2022\/07\/download.jpg\" alt=\"\" width=\"135\" height=\"134\" srcset=\"https:\/\/agora.xtec.cat\/cfatarragona\/wp-content\/uploads\/usu1257\/2022\/07\/download.jpg 225w, https:\/\/agora.xtec.cat\/cfatarragona\/wp-content\/uploads\/usu1257\/2022\/07\/download-150x150.jpg 150w\" sizes=\"auto, (max-width: 135px) 100vw, 135px\" \/> Preguntes freq\u00fcents\u00a0<\/a><\/h3>\n<h2>+ 25 i + 45<\/h2>\n<p>El centre prepara l\u2019alumnat per a les proves per a m\u00e9s grans de\u00a025 i tamb\u00e9 de 45, si b\u00e9 ambdues opcions comparteixen material i classes presencials. <a href=\"http:\/\/universitats.gencat.cat\/ca\/que_puc_fer\/25_anys\/\" target=\"_blank\" rel=\"noopener noreferrer\">Clica l&#8217;enlla\u00e7<\/a> per consultar la informaci\u00f3 actualitzada sobre aquest acc\u00e9s. L\u2019opci\u00f3 per a m\u00e9s grans de 45 t\u00e9 un curr\u00edculum redu\u00eft i algunes difer\u00e8ncies en les condicions a l\u2019acc\u00e9s. Podeu consultar m\u00e9s informaci\u00f3 sobre aquesta opci\u00f3 de +45 <a href=\"http:\/\/universitats.gencat.cat\/ca\/que_puc_fer\/45_anys\/\" target=\"_blank\" rel=\"noopener noreferrer\">clicant aqu\u00ed<\/a>.<\/p>\n<h3><strong>Durada<\/strong><\/h3>\n<p>Nom\u00e9s hi ha una convocat\u00f2ria anual els ex\u00e0mens de la qual se situen a finals d\u2019abril- inici de maig, i\u00a0se celebren dos dissabtes seguits: un primer dissabte per a la fase com\u00fa i els seg\u00fcent per a la fase espec\u00edfica. El curs comen\u00e7a a mitjans de setembre amb activitats d\u2019avaluaci\u00f3 inicial i acaba tot coincidint amb els ex\u00e0mens.<\/p>\n<h3><strong>Mat\u00e8ries d&#8217;estudi<\/strong><\/h3>\n<p>Podeu consultar els temaris de les diferents mat\u00e8ries en aquest <a href=\"http:\/\/universitats.gencat.cat\/ca\/que_puc_fer\/25_anys\/temaris_estructura\/\" target=\"_blank\" rel=\"noopener noreferrer\">enlla\u00e7<\/a>.<\/p>\n<h3><strong>Recursos<\/strong><\/h3>\n<p><span style=\"font-family: inherit; font-size: 1em;\">Atenci\u00f3 personalitzada permanent.<\/span><\/p>\n<p>Dossiers de treball espec\u00edfic de cada una de les mat\u00e8ries, amb teoria i exercicis, elaborat per l&#8217;equip de professors del centre.<br \/>\nClasses setmanals de totes les mat\u00e8ries comunes, al mat\u00ed i a la tarda i de la majoria de mat\u00e8ries espec\u00edfiques.<br \/>\nSeguiment i assessorament tutorial individual.<\/p>\n","protected":false},"excerpt":{"rendered":"<p><a href=\"https:\/\/drive.google.com\/file\/d\/0B5oGfvF6OkpVUmIzc3lUa1B2T1E\/view?usp=sharing\" target=\"_blank\" rel=\"noopener noreferrer\"><\/a>\u00a0<a href=\"https:\/\/drive.google.com\/file\/d\/1CxFcIux2Dh4heAeLURgEh55QmLE2vDdx\/view?usp=share_link\" target=\"_blank\" rel=\"noopener noreferrer\">Descarrega\u2019t el full informatiu<\/a><br \/>\n<a href=\"https:\/\/docs.google.com\/document\/d\/1yb-93okxa31HBtJpzZ4BSbjCbkqNOsqw\/edit?usp=sharing&amp;ouid=114806131189497873451&amp;rtpof=true&amp;sd=true\" target=\"_blank\" rel=\"noopener\"> Preguntes freq\u00fcents\u00a0<\/a><br \/>\n+ 25 i + 45<br \/>\nEl centre prepara l\u2019alumnat per a les proves per a m\u00e9s grans de\u00a025 i tamb\u00e9 de 45, si b\u00e9 ambdues opcions comparteixen material i classes&hellip;  <a href=\"https:\/\/agora.xtec.cat\/cfatarragona\/ensenyaments\/ensenyaments-per-a-la-preparacio-de-proves-dacces\/a-la-universitat-per-a-majors-de-25-anys\/\" title=\"Read Prova d&#8217;acc\u00e9s a la universitat per a majors de 25\/45 anys\">Llegeix m\u00e9s\u00bb<\/a><\/p>\n","protected":false},"author":2,"featured_media":0,"parent":288,"menu_order":0,"comment_status":"closed","ping_status":"closed","template":"page-templates\/side-menu.php","meta":{"_bbp_topic_count":0,"_bbp_reply_count":0,"_bbp_total_topic_count":0,"_bbp_total_reply_count":0,"_bbp_voice_count":0,"_bbp_anonymous_reply_count":0,"_bbp_topic_count_hidden":0,"_bbp_reply_count_hidden":0,"_bbp_forum_subforum_count":0,"footnotes":""},"class_list":["post-322","page","type-page","status-publish","hentry"],"post_mailing_queue_ids":[],"_links":{"self":[{"href":"https:\/\/agora.xtec.cat\/cfatarragona\/wp-json\/wp\/v2\/pages\/322","targetHints":{"allow":["GET"]}}],"collection":[{"href":"https:\/\/agora.xtec.cat\/cfatarragona\/wp-json\/wp\/v2\/pages"}],"about":[{"href":"https:\/\/agora.xtec.cat\/cfatarragona\/wp-json\/wp\/v2\/types\/page"}],"author":[{"embeddable":true,"href":"https:\/\/agora.xtec.cat\/cfatarragona\/wp-json\/wp\/v2\/users\/2"}],"replies":[{"embeddable":true,"href":"https:\/\/agora.xtec.cat\/cfatarragona\/wp-json\/wp\/v2\/comments?post=322"}],"version-history":[{"count":4,"href":"https:\/\/agora.xtec.cat\/cfatarragona\/wp-json\/wp\/v2\/pages\/322\/revisions"}],"predecessor-version":[{"id":3324,"href":"https:\/\/agora.xtec.cat\/cfatarragona\/wp-json\/wp\/v2\/pages\/322\/revisions\/3324"}],"up":[{"embeddable":true,"href":"https:\/\/agora.xtec.cat\/cfatarragona\/wp-json\/wp\/v2\/pages\/288"}],"wp:attachment":[{"href":"https:\/\/agora.xtec.cat\/cfatarragona\/wp-json\/wp\/v2\/media?parent=322"}],"curies":[{"name":"wp","href":"https:\/\/api.w.org\/{rel}","templated":true}]}}