{"id":299,"date":"2015-01-28T11:21:22","date_gmt":"2015-01-28T10:21:22","guid":{"rendered":"http:\/\/agora.xtec.cat\/cfatarragona\/?page_id=299"},"modified":"2022-11-04T12:22:33","modified_gmt":"2022-11-04T11:22:33","slug":"llengua-castellana","status":"publish","type":"page","link":"https:\/\/agora.xtec.cat\/cfatarragona\/ensenyaments\/llengua-castellana\/","title":{"rendered":"Llengua castellana"},"content":{"rendered":"<h3><span id=\"_Itinerari\"><strong>Itinerari <a href=\"http:\/\/agora.xtec.cat\/cfatarragona\/wp-content\/uploads\/usu1257\/2015\/01\/equival%C3%A8ncia-MERC.jpg\"><img loading=\"lazy\" decoding=\"async\" class=\"wp-image-940 alignnone\" src=\"http:\/\/agora.xtec.cat\/cfatarragona\/wp-content\/uploads\/usu1257\/2015\/01\/equival%C3%A8ncia-MERC.jpg\" alt=\"equival\u00e8ncia MERC\" width=\"103\" height=\"108\" \/><\/a><\/strong><\/span><\/h3>\n<p>Els estudis de Castell\u00e0 per estrangers tenen una estructura anual. S&#8217;imparteixen en tres nivells: Castell\u00e0 I, II i III que corresponen als nivells A1, A2 i B1 del MERC (Marc europeu com\u00fa de refer\u00e8ncia per a les lleng\u00fces).<\/p>\n<p><a href=\"https:\/\/drive.google.com\/file\/d\/0B5oGfvF6OkpVMGVyV1hGX01rSTg\/view?usp=sharing\" target=\"_blank\" rel=\"noopener noreferrer\"><img loading=\"lazy\" decoding=\"async\" class=\"wp-image-936 alignnone\" src=\"http:\/\/agora.xtec.cat\/cfatarragona\/wp-content\/uploads\/usu1257\/2015\/01\/ma-punter.jpg\" alt=\"ma punter\" width=\"49\" height=\"56\" \/><\/a>\u00a0<a href=\"https:\/\/drive.google.com\/file\/d\/1kFfBM9dNVHSJxPMqre4TVX69bL4rkD1Y\/view?usp=share_link\" target=\"_blank\" rel=\"noopener noreferrer\">Descarrega\u2019t el full informatiu<\/a><\/p>\n<h3>Matr\u00edcula estudiants nous<\/h3>\n<p>El per\u00edode de <strong>preinscripci\u00f3<\/strong> \u00e9s al mes juny i la <strong>matr\u00edcula<\/strong> \u00e9s al mes de setembre. La documentaci\u00f3 necess\u00e0ria \u00e9s l&#8217;original i la fotoc\u00f2pia del DNI (NIE o passaport). Abans de la preinscripci\u00f3 es fa una prova oral per tal d&#8217;ubicar a l&#8217;alumne en el grup adient.<\/p>\n<p>Informem de les dates en aquesta mateixa p\u00e0gina web.<\/p>\n<h3>Continguts<\/h3>\n<p>En els tres nivells es treballen les habilitats de comprensi\u00f3 i expressi\u00f3 orals i escrites, que permeten fer front a la major part de situacions ling\u00fc\u00edstiques de la vida quotidiana, aix\u00ed com la pronunciaci\u00f3, el l\u00e8xic i la gram\u00e0tica.<\/p>\n","protected":false},"excerpt":{"rendered":"<p>Itinerari <a href=\"http:\/\/agora.xtec.cat\/cfatarragona\/wp-content\/uploads\/usu1257\/2015\/01\/equival%C3%A8ncia-MERC.jpg\"><\/a><br \/>\nEls estudis de Castell\u00e0 per estrangers tenen una estructura anual. S&#8217;imparteixen en tres nivells: Castell\u00e0 I, II i III que corresponen als nivells A1, A2 i B1 del MERC (Marc europeu com\u00fa de refer\u00e8ncia per a les lleng\u00fces).<br \/>\n<a href=\"https:\/\/drive.google.com\/file\/d\/0B5oGfvF6OkpVMGVyV1hGX01rSTg\/view?usp=sharing\" target=\"_blank\" rel=\"noopener noreferrer\"><\/a>\u00a0<a href=\"https:\/\/drive.google.com\/file\/d\/1kFfBM9dNVHSJxPMqre4TVX69bL4rkD1Y\/view?usp=share_link\"&hellip;  <a href=\"https:\/\/agora.xtec.cat\/cfatarragona\/ensenyaments\/llengua-castellana\/\" title=\"Read Llengua castellana\">Llegeix m\u00e9s\u00bb<\/a><\/p>\n","protected":false},"author":2,"featured_media":0,"parent":274,"menu_order":0,"comment_status":"closed","ping_status":"closed","template":"page-templates\/side-menu.php","meta":{"_bbp_topic_count":0,"_bbp_reply_count":0,"_bbp_total_topic_count":0,"_bbp_total_reply_count":0,"_bbp_voice_count":0,"_bbp_anonymous_reply_count":0,"_bbp_topic_count_hidden":0,"_bbp_reply_count_hidden":0,"_bbp_forum_subforum_count":0,"footnotes":""},"class_list":["post-299","page","type-page","status-publish","hentry"],"post_mailing_queue_ids":[],"_links":{"self":[{"href":"https:\/\/agora.xtec.cat\/cfatarragona\/wp-json\/wp\/v2\/pages\/299","targetHints":{"allow":["GET"]}}],"collection":[{"href":"https:\/\/agora.xtec.cat\/cfatarragona\/wp-json\/wp\/v2\/pages"}],"about":[{"href":"https:\/\/agora.xtec.cat\/cfatarragona\/wp-json\/wp\/v2\/types\/page"}],"author":[{"embeddable":true,"href":"https:\/\/agora.xtec.cat\/cfatarragona\/wp-json\/wp\/v2\/users\/2"}],"replies":[{"embeddable":true,"href":"https:\/\/agora.xtec.cat\/cfatarragona\/wp-json\/wp\/v2\/comments?post=299"}],"version-history":[{"count":4,"href":"https:\/\/agora.xtec.cat\/cfatarragona\/wp-json\/wp\/v2\/pages\/299\/revisions"}],"predecessor-version":[{"id":2575,"href":"https:\/\/agora.xtec.cat\/cfatarragona\/wp-json\/wp\/v2\/pages\/299\/revisions\/2575"}],"up":[{"embeddable":true,"href":"https:\/\/agora.xtec.cat\/cfatarragona\/wp-json\/wp\/v2\/pages\/274"}],"wp:attachment":[{"href":"https:\/\/agora.xtec.cat\/cfatarragona\/wp-json\/wp\/v2\/media?parent=299"}],"curies":[{"name":"wp","href":"https:\/\/api.w.org\/{rel}","templated":true}]}}