{"id":1639,"date":"2019-09-17T18:41:21","date_gmt":"2019-09-17T16:41:21","guid":{"rendered":"http:\/\/agora.xtec.cat\/cfatarragona\/?page_id=1639"},"modified":"2023-09-13T11:29:11","modified_gmt":"2023-09-13T09:29:11","slug":"alumnat-documentacio-general-i-informacio","status":"publish","type":"page","link":"https:\/\/agora.xtec.cat\/cfatarragona\/alumnat-documentacio-general-i-informacio\/","title":{"rendered":"ALUMNAT: documentaci\u00f3 general i informaci\u00f3"},"content":{"rendered":"<p>En aquest espai podreu trobar <strong>informaci\u00f3 d&#8217;inter\u00e8s per a l&#8217;alumnat<\/strong>, dossiers informatius d&#8217;inici de curs dels diferents ensenyaments, tr\u00edptics informatius, documents d&#8217;utilitat, etc.<\/p>\n<p>Podeu visualitzar aqu\u00ed els documents o descarregar-los.<\/p>\n<ul>\n<li>Tr\u00edptic informatiu del CFA Tarragona<\/li>\n<li><a href=\"https:\/\/drive.google.com\/file\/d\/169ow6fx2bfsaEYBO2mW94HCUaIsn3C-P\/view?usp=drive_link\" target=\"_blank\" rel=\"noopener\">Tr\u00edptic horaris ensenyaments<\/a><\/li>\n<li><a href=\"https:\/\/drive.google.com\/file\/d\/1zOssaOw3_iuKGYjnw1CZzL1qaWkdBMV4\/view?usp=sharing\" target=\"_blank\" rel=\"noopener\">Informaci\u00f3 general d&#8217;inici de curs per a tot l&#8217;alumnat<\/a>.<\/li>\n<li>Dossier d&#8217;inici de curs per als alumnes de la prova d&#8217;acc\u00e9s al cicles de Grau Superior.<\/li>\n<li><a href=\"https:\/\/drive.google.com\/file\/d\/1U_GxcaHO2eEk0buw3S7Zcp02kEORBk5v\/view?usp=share_link\" target=\"_blank\" rel=\"noopener\">FAQS prova d&#8217;acc\u00e9s al cicles de Grau Superior<\/a>.<\/li>\n<li>Dossier d&#8217;inici de curs per als alumnes de la prova d&#8217;acc\u00e9s a la universitat per a majors de 25 anys.<\/li>\n<li><a href=\"https:\/\/drive.google.com\/file\/d\/1PnUo6sVHpIBDTwsX2r_NJyUmJvKM7FxU\/view?usp=share_link\" target=\"_blank\" rel=\"noopener\">FAQS prova d&#8217;acc\u00e9s a la universitat per a majors de 25 anys<\/a>.<\/li>\n<\/ul>\n","protected":false},"excerpt":{"rendered":"<p>En aquest espai podreu trobar informaci\u00f3 d&#8217;inter\u00e8s per a l&#8217;alumnat, dossiers informatius d&#8217;inici de curs dels diferents ensenyaments, tr\u00edptics informatius, documents d&#8217;utilitat, etc.<br \/>\nPodeu visualitzar aqu\u00ed els documents o descarregar-los.<\/p>\n<ul>\n<li>Tr\u00edptic informatiu del CFA Tarragona<\/li>\n<li><a href=\"https:\/\/drive.google.com\/file\/d\/169ow6fx2bfsaEYBO2mW94HCUaIsn3C-P\/view?usp=drive_link\" target=\"_blank\" rel=\"noopener\">Tr\u00edptic horaris ensenyaments<\/a><\/li>\n<li><a href=\"https:\/\/drive.google.com\/file\/d\/1zOssaOw3_iuKGYjnw1CZzL1qaWkdBMV4\/view?usp=sharing\" target=\"_blank\" rel=\"noopener\">Informaci\u00f3 general d&#8217;inici de curs&hellip;  <a href=\"https:\/\/agora.xtec.cat\/cfatarragona\/alumnat-documentacio-general-i-informacio\/\" title=\"Read ALUMNAT: documentaci\u00f3 general i informaci\u00f3\">Llegeix m\u00e9s\u00bb<\/a><br \/>\n","protected":false},"author":1,"featured_media":0,"parent":0,"menu_order":0,"comment_status":"closed","ping_status":"closed","template":"","meta":{"_bbp_topic_count":0,"_bbp_reply_count":0,"_bbp_total_topic_count":0,"_bbp_total_reply_count":0,"_bbp_voice_count":0,"_bbp_anonymous_reply_count":0,"_bbp_topic_count_hidden":0,"_bbp_reply_count_hidden":0,"_bbp_forum_subforum_count":0,"footnotes":""},"class_list":["post-1639","page","type-page","status-publish","hentry"],"post_mailing_queue_ids":[],"_links":{"self":[{"href":"https:\/\/agora.xtec.cat\/cfatarragona\/wp-json\/wp\/v2\/pages\/1639","targetHints":{"allow":["GET"]}}],"collection":[{"href":"https:\/\/agora.xtec.cat\/cfatarragona\/wp-json\/wp\/v2\/pages"}],"about":[{"href":"https:\/\/agora.xtec.cat\/cfatarragona\/wp-json\/wp\/v2\/types\/page"}],"author":[{"embeddable":true,"href":"https:\/\/agora.xtec.cat\/cfatarragona\/wp-json\/wp\/v2\/users\/1"}],"replies":[{"embeddable":true,"href":"https:\/\/agora.xtec.cat\/cfatarragona\/wp-json\/wp\/v2\/comments?post=1639"}],"version-history":[{"count":3,"href":"https:\/\/agora.xtec.cat\/cfatarragona\/wp-json\/wp\/v2\/pages\/1639\/revisions"}],"predecessor-version":[{"id":2813,"href":"https:\/\/agora.xtec.cat\/cfatarragona\/wp-json\/wp\/v2\/pages\/1639\/revisions\/2813"}],"wp:attachment":[{"href":"https:\/\/agora.xtec.cat\/cfatarragona\/wp-json\/wp\/v2\/media?parent=1639"}],"curies":[{"name":"wp","href":"https:\/\/api.w.org\/{rel}","templated":true}]}}