{"id":1387,"date":"2018-10-01T20:12:02","date_gmt":"2018-10-01T18:12:02","guid":{"rendered":"http:\/\/agora.xtec.cat\/cfatarragona\/?page_id=1387"},"modified":"2024-11-05T16:26:24","modified_gmt":"2024-11-05T15:26:24","slug":"horari-atencio-equip-directiu-i-secretaria","status":"publish","type":"page","link":"https:\/\/agora.xtec.cat\/cfatarragona\/horari-atencio-equip-directiu-i-secretaria\/","title":{"rendered":"Horari atenci\u00f3 equip directiu i secretaria"},"content":{"rendered":"<h6 style=\"text-align: center;\"><\/h6>\n<h2 style=\"text-align: center;\"><span style=\"color: #ff0000;\">TEL\u00c8FON 977 55 18 88<\/span><\/h2>\n<h5 style=\"text-align: center;\"><span style=\"color: #ff0000;\">Informaci\u00f3, tr\u00e0mits i recollida de t\u00edtols i certificats: <\/span><\/h5>\n<h5 style=\"text-align: center;\"><span style=\"color: #ff0000;\">de dilluns a dijous de 9h a 13h i de 15h a 17h<\/span><\/h5>\n<h5 style=\"text-align: center;\"><span style=\"color: #ff0000;\">i divendres de 9h a 13h<\/span><\/h5>\n<h5 style=\"text-align: center;\"><span style=\"color: #ff0000;\">o escrivint a <em>cfatarragona.secretaria@gmail.com<\/em><\/span><\/h5>\n<p style=\"text-align: center;\"><a href=\"https:\/\/drive.google.com\/file\/d\/1ZiFhBfGSKtYnLYl5DxJOh8gxc8RDGwSg\/view?usp=sharing\" target=\"_blank\" rel=\"noopener\">Consulta l&#8217;horari de l&#8217;<strong>equip directiu<\/strong>.\u00a0<\/a>\/ <a href=\"https:\/\/drive.google.com\/file\/d\/1ESJOVHgGIz4KSTx-__Dynilc34umKiYC\/view?usp=sharing\" target=\"_blank\" rel=\"noopener\">Consulta l&#8217;horari de <strong>secretaria<\/strong>.<\/a><\/p>\n<p>&nbsp;<\/p>\n","protected":false},"excerpt":{"rendered":"<p>TEL\u00c8FON 977 55 18 88<br \/>\nInformaci\u00f3, tr\u00e0mits i recollida de t\u00edtols i certificats:<br \/>\nde dilluns a dijous de 9h a 13h i de 15h a 17h<br \/>\ni divendres de 9h a 13h<br \/>\no escrivint a cfatarragona.secretaria@gmail.com<br \/>\n<a href=\"https:\/\/drive.google.com\/file\/d\/1ZiFhBfGSKtYnLYl5DxJOh8gxc8RDGwSg\/view?usp=sharing\" target=\"_blank\" rel=\"noopener\">Consulta l&#8217;horari de l&#8217;equip directiu.\u00a0<\/a>\/ <a href=\"https:\/\/drive.google.com\/file\/d\/1ESJOVHgGIz4KSTx-__Dynilc34umKiYC\/view?usp=sharing\" target=\"_blank\" rel=\"noopener\">Consulta l&#8217;horari&hellip;  <a href=\"https:\/\/agora.xtec.cat\/cfatarragona\/horari-atencio-equip-directiu-i-secretaria\/\" title=\"Read Horari atenci\u00f3 equip directiu i secretaria\">Llegeix m\u00e9s\u00bb<\/a><\/p>\n","protected":false},"author":1,"featured_media":0,"parent":0,"menu_order":0,"comment_status":"closed","ping_status":"closed","template":"","meta":{"_bbp_topic_count":0,"_bbp_reply_count":0,"_bbp_total_topic_count":0,"_bbp_total_reply_count":0,"_bbp_voice_count":0,"_bbp_anonymous_reply_count":0,"_bbp_topic_count_hidden":0,"_bbp_reply_count_hidden":0,"_bbp_forum_subforum_count":0,"footnotes":""},"class_list":["post-1387","page","type-page","status-publish","hentry"],"post_mailing_queue_ids":[],"_links":{"self":[{"href":"https:\/\/agora.xtec.cat\/cfatarragona\/wp-json\/wp\/v2\/pages\/1387","targetHints":{"allow":["GET"]}}],"collection":[{"href":"https:\/\/agora.xtec.cat\/cfatarragona\/wp-json\/wp\/v2\/pages"}],"about":[{"href":"https:\/\/agora.xtec.cat\/cfatarragona\/wp-json\/wp\/v2\/types\/page"}],"author":[{"embeddable":true,"href":"https:\/\/agora.xtec.cat\/cfatarragona\/wp-json\/wp\/v2\/users\/1"}],"replies":[{"embeddable":true,"href":"https:\/\/agora.xtec.cat\/cfatarragona\/wp-json\/wp\/v2\/comments?post=1387"}],"version-history":[{"count":5,"href":"https:\/\/agora.xtec.cat\/cfatarragona\/wp-json\/wp\/v2\/pages\/1387\/revisions"}],"predecessor-version":[{"id":3067,"href":"https:\/\/agora.xtec.cat\/cfatarragona\/wp-json\/wp\/v2\/pages\/1387\/revisions\/3067"}],"wp:attachment":[{"href":"https:\/\/agora.xtec.cat\/cfatarragona\/wp-json\/wp\/v2\/media?parent=1387"}],"curies":[{"name":"wp","href":"https:\/\/api.w.org\/{rel}","templated":true}]}}