{"id":1212,"date":"2018-02-26T20:38:47","date_gmt":"2018-02-26T19:38:47","guid":{"rendered":"http:\/\/agora.xtec.cat\/cfatarragona\/?page_id=1212"},"modified":"2025-01-14T15:41:08","modified_gmt":"2025-01-14T14:41:08","slug":"pec-projecte-educatiu-de-centre","status":"publish","type":"page","link":"https:\/\/agora.xtec.cat\/cfatarragona\/pec-projecte-educatiu-de-centre\/","title":{"rendered":"PEC (Projecte Educatiu de Centre)"},"content":{"rendered":"<h3><a href=\"https:\/\/agora.xtec.cat\/cfatarragona\/wp-content\/uploads\/usu1257\/2021\/05\/logo2-sol-1.jpg\"><img loading=\"lazy\" decoding=\"async\" class=\"wp-image-2208 alignleft\" src=\"https:\/\/agora.xtec.cat\/cfatarragona\/wp-content\/uploads\/usu1257\/2021\/05\/logo2-sol-1.jpg\" alt=\"\" width=\"76\" height=\"75\" srcset=\"https:\/\/agora.xtec.cat\/cfatarragona\/wp-content\/uploads\/usu1257\/2021\/05\/logo2-sol-1.jpg 275w, https:\/\/agora.xtec.cat\/cfatarragona\/wp-content\/uploads\/usu1257\/2021\/05\/logo2-sol-1-150x150.jpg 150w\" sizes=\"auto, (max-width: 76px) 100vw, 76px\" \/><\/a><b>Definici\u00f3 del Projecte Educatiu<\/b><\/h3>\n<p><span style=\"font-weight: 400;\">El PEC constitueix el document m\u00e9s rellevant de l&#8217;acci\u00f3 d&#8217;una comunitat educativa concreta, i en aquest sentit, engloba els eixos i les directrius que la fonamenten. Cont\u00e9 les decisions adoptades, partint dels referents legals, en relaci\u00f3 amb les finalitats educatives i els trets d&#8217;identitat del nostre centre.<\/span><\/p>\n<p><span style=\"font-weight: 400;\">D&#8217;acord amb el que estableixen els articles 91, 92 i 93 de la Llei 12\/2009 del 10 de juliol d&#8217;educaci\u00f3, el projecte educatiu, \u00e9s la m\u00e0xima expressi\u00f3 de l&#8217;autonomia dels centres i aules de formaci\u00f3 d&#8217;adults que recull la identitat i el car\u00e0cter propi, explicant-ne els objectius, orientant-ne l&#8217;activitat i donant-li sentit amb la finalitat que els alumnes assoleixin les compet\u00e8ncies b\u00e0siques i el m\u00e0xim aprofitament educatiu. <\/span><b>Reflecteix la col\u00b7laboraci\u00f3 entre els diversos sectors de la comunitat educativa i la relaci\u00f3 amb l&#8217;entorn social i les necessitats educatives de l&#8217;alumnat.<\/b><\/p>\n<p><span style=\"font-weight: 400;\">Es tracta d\u2019un projecte com\u00fa viu i canviant, no definitiu, en el qual han intervingut tots els membres de la comunitat educativa, que l\u2019han elaborat fruit del consens i de la converg\u00e8ncia de totes les opinions i posicions dels diferents sectors de la comunitat educativa, perqu\u00e8 serveixi com a punt de refer\u00e8ncia per als altres documents estrat\u00e8gics de centre, i gui\u00ef les actuacions educatives, legitimades i amb rendiment de comptes, de tots els seus membres.\u00a0<\/span><\/p>\n<p><span style=\"font-weight: 400;\">El PEC del CFA Tarragona inclou la descripci\u00f3 i contextualitzaci\u00f3 del centre que, donada la seva descentralitzaci\u00f3, incorpora caracter\u00edstiques espec\u00edfiques, els \u00f2rgans de gesti\u00f3 que el formen, el tractament de la diversitat de l&#8217;alumnat que acull, aix\u00ed com el projecte ling\u00fc\u00edstic i les normes d&#8217;organitzaci\u00f3 i funcionament, tal i com reflecteix l&#8217;article 5.1 apartat c del decret 102 del 2010.<\/span><\/p>\n<p style=\"text-align: center;\"><strong><a href=\"https:\/\/drive.google.com\/file\/d\/1QEoCcZyHqN2HdiraRQQJazByUhB5WpfF\/view?usp=sharing\" target=\"_blank\" rel=\"noopener\">PEC complet del CFA Tarragona<\/a><\/strong><\/p>\n","protected":false},"excerpt":{"rendered":"<p><a href=\"https:\/\/agora.xtec.cat\/cfatarragona\/wp-content\/uploads\/usu1257\/2021\/05\/logo2-sol-1.jpg\"><\/a>Definici\u00f3 del Projecte Educatiu<br \/>\nEl PEC constitueix el document m\u00e9s rellevant de l&#8217;acci\u00f3 d&#8217;una comunitat educativa concreta, i en aquest sentit, engloba els eixos i les directrius que la fonamenten. Cont\u00e9 les decisions adoptades, partint dels referents legals, en relaci\u00f3 amb les finalitats educatives i&hellip;  <a href=\"https:\/\/agora.xtec.cat\/cfatarragona\/pec-projecte-educatiu-de-centre\/\" title=\"Read PEC (Projecte Educatiu de Centre)\">Llegeix m\u00e9s\u00bb<\/a><\/p>\n","protected":false},"author":1,"featured_media":0,"parent":0,"menu_order":0,"comment_status":"closed","ping_status":"closed","template":"","meta":{"_bbp_topic_count":0,"_bbp_reply_count":0,"_bbp_total_topic_count":0,"_bbp_total_reply_count":0,"_bbp_voice_count":0,"_bbp_anonymous_reply_count":0,"_bbp_topic_count_hidden":0,"_bbp_reply_count_hidden":0,"_bbp_forum_subforum_count":0,"footnotes":""},"class_list":["post-1212","page","type-page","status-publish","hentry"],"post_mailing_queue_ids":[],"_links":{"self":[{"href":"https:\/\/agora.xtec.cat\/cfatarragona\/wp-json\/wp\/v2\/pages\/1212","targetHints":{"allow":["GET"]}}],"collection":[{"href":"https:\/\/agora.xtec.cat\/cfatarragona\/wp-json\/wp\/v2\/pages"}],"about":[{"href":"https:\/\/agora.xtec.cat\/cfatarragona\/wp-json\/wp\/v2\/types\/page"}],"author":[{"embeddable":true,"href":"https:\/\/agora.xtec.cat\/cfatarragona\/wp-json\/wp\/v2\/users\/1"}],"replies":[{"embeddable":true,"href":"https:\/\/agora.xtec.cat\/cfatarragona\/wp-json\/wp\/v2\/comments?post=1212"}],"version-history":[{"count":5,"href":"https:\/\/agora.xtec.cat\/cfatarragona\/wp-json\/wp\/v2\/pages\/1212\/revisions"}],"predecessor-version":[{"id":3176,"href":"https:\/\/agora.xtec.cat\/cfatarragona\/wp-json\/wp\/v2\/pages\/1212\/revisions\/3176"}],"wp:attachment":[{"href":"https:\/\/agora.xtec.cat\/cfatarragona\/wp-json\/wp\/v2\/media?parent=1212"}],"curies":[{"name":"wp","href":"https:\/\/api.w.org\/{rel}","templated":true}]}}