{"id":65,"date":"2014-09-18T10:12:22","date_gmt":"2014-09-18T10:12:22","guid":{"rendered":"http:\/\/agora.xtec.cat\/cfasolsones\/?page_id=65"},"modified":"2017-07-07T12:43:08","modified_gmt":"2017-07-07T10:43:08","slug":"orientacio","status":"publish","type":"page","link":"https:\/\/agora.xtec.cat\/cfasolsones\/altres\/orientacio\/","title":{"rendered":"Orientaci\u00f3 acad\u00e8mica"},"content":{"rendered":"<p>Al document que s&#8217;obrir\u00e0 clicant a l&#8217;enlla\u00e7 trobareu varis enlla\u00e7os que us poden servir per orientar-vos en la vostra formaci\u00f3 acad\u00e8mica.<\/p>\n<p><a href=\"https:\/\/docs.google.com\/document\/d\/10kBBSXsbTUqDiCmK4mixGReY9q_WaA0iXWRumknwa4c\/edit?usp=sharing\" target=\"_blank\">Document d&#8217;orientaci\u00f3<\/a><\/p>\n","protected":false},"excerpt":{"rendered":"<p>Al document que s&#8217;obrir\u00e0 clicant a l&#8217;enlla\u00e7 trobareu varis enlla\u00e7os que us poden servir per orientar-vos en la vostra formaci\u00f3 acad\u00e8mica.<br \/>\n<a href=\"https:\/\/docs.google.com\/document\/d\/10kBBSXsbTUqDiCmK4mixGReY9q_WaA0iXWRumknwa4c\/edit?usp=sharing\" target=\"_blank\">Document d&#8217;orientaci\u00f3<\/a><\/p>\n","protected":false},"author":1,"featured_media":0,"parent":63,"menu_order":10,"comment_status":"closed","ping_status":"closed","template":"","meta":{"_bbp_topic_count":0,"_bbp_reply_count":0,"_bbp_total_topic_count":0,"_bbp_total_reply_count":0,"_bbp_voice_count":0,"_bbp_anonymous_reply_count":0,"_bbp_topic_count_hidden":0,"_bbp_reply_count_hidden":0,"_bbp_forum_subforum_count":0,"footnotes":""},"class_list":["post-65","page","type-page","status-publish","hentry"],"post_mailing_queue_ids":[],"_links":{"self":[{"href":"https:\/\/agora.xtec.cat\/cfasolsones\/wp-json\/wp\/v2\/pages\/65","targetHints":{"allow":["GET"]}}],"collection":[{"href":"https:\/\/agora.xtec.cat\/cfasolsones\/wp-json\/wp\/v2\/pages"}],"about":[{"href":"https:\/\/agora.xtec.cat\/cfasolsones\/wp-json\/wp\/v2\/types\/page"}],"author":[{"embeddable":true,"href":"https:\/\/agora.xtec.cat\/cfasolsones\/wp-json\/wp\/v2\/users\/1"}],"replies":[{"embeddable":true,"href":"https:\/\/agora.xtec.cat\/cfasolsones\/wp-json\/wp\/v2\/comments?post=65"}],"version-history":[{"count":3,"href":"https:\/\/agora.xtec.cat\/cfasolsones\/wp-json\/wp\/v2\/pages\/65\/revisions"}],"predecessor-version":[{"id":458,"href":"https:\/\/agora.xtec.cat\/cfasolsones\/wp-json\/wp\/v2\/pages\/65\/revisions\/458"}],"up":[{"embeddable":true,"href":"https:\/\/agora.xtec.cat\/cfasolsones\/wp-json\/wp\/v2\/pages\/63"}],"wp:attachment":[{"href":"https:\/\/agora.xtec.cat\/cfasolsones\/wp-json\/wp\/v2\/media?parent=65"}],"curies":[{"name":"wp","href":"https:\/\/api.w.org\/{rel}","templated":true}]}}