{"id":39,"date":"2014-09-17T16:36:44","date_gmt":"2014-09-17T16:36:44","guid":{"rendered":"http:\/\/agora.xtec.cat\/cfasolsones\/?page_id=39"},"modified":"2018-07-05T10:30:15","modified_gmt":"2018-07-05T08:30:15","slug":"instal%c2%b7lacions","status":"publish","type":"page","link":"https:\/\/agora.xtec.cat\/cfasolsones\/el-centre\/instal%c2%b7lacions\/","title":{"rendered":"Instal\u00b7lacions"},"content":{"rendered":"\r\n\t<div class=\"slideshow_container slideshow_container_style-light\" style=\"height: 300px; \" data-slideshow-id=\"435\" data-style-name=\"style-light\" data-style-version=\"2.3.1\" >\r\n\r\n\t\t\t\t\t<div class=\"slideshow_loading_icon\"><\/div>\r\n\t\t\r\n\t\t<div class=\"slideshow_content\" style=\"display: none;\">\r\n\r\n\t\t\t<div class=\"slideshow_view\">\r\n\t\t\t\t<div class=\"slideshow_slide slideshow_slide_image\">\r\n\t\t\t\t\t\t\t\t\t\t\t<img src=\"https:\/\/agora.xtec.cat\/cfasolsones\/wp-content\/uploads\/usu1361\/2017\/07\/P1040462.jpg\" alt=\"P1040462\" width=\"1024\" height=\"684\" \/>\r\n\t\t\t\t\t\t\t\t\t\t<div class=\"slideshow_description_box slideshow_transparent\">\r\n\t\t\t\t\t\t<div class=\"slideshow_title\">P1040462<\/div>\t\t\t\t\t\t\t\t\t\t\t<\/div>\r\n\t\t\t\t<\/div>\r\n\r\n\t\t\t\t\t\t<div style=\"clear: both;\"><\/div><\/div><div class=\"slideshow_view\">\r\n\t\t\t\t<div class=\"slideshow_slide slideshow_slide_image\">\r\n\t\t\t\t\t\t\t\t\t\t\t<img src=\"https:\/\/agora.xtec.cat\/cfasolsones\/wp-content\/uploads\/usu1361\/2017\/07\/P1040460.jpg\" alt=\"P1040460\" width=\"1024\" height=\"684\" \/>\r\n\t\t\t\t\t\t\t\t\t\t<div class=\"slideshow_description_box slideshow_transparent\">\r\n\t\t\t\t\t\t<div class=\"slideshow_title\">P1040460<\/div>\t\t\t\t\t\t\t\t\t\t\t<\/div>\r\n\t\t\t\t<\/div>\r\n\r\n\t\t\t\t\t\t<div style=\"clear: both;\"><\/div><\/div><div class=\"slideshow_view\">\r\n\t\t\t\t<div class=\"slideshow_slide slideshow_slide_image\">\r\n\t\t\t\t\t\t\t\t\t\t\t<img src=\"https:\/\/agora.xtec.cat\/cfasolsones\/wp-content\/uploads\/usu1361\/2017\/07\/P1040459.jpg\" alt=\"P1040459\" width=\"1024\" height=\"684\" \/>\r\n\t\t\t\t\t\t\t\t\t\t<div class=\"slideshow_description_box slideshow_transparent\">\r\n\t\t\t\t\t\t<div class=\"slideshow_title\">P1040459<\/div>\t\t\t\t\t\t\t\t\t\t\t<\/div>\r\n\t\t\t\t<\/div>\r\n\r\n\t\t\t\t\t\t<div style=\"clear: both;\"><\/div><\/div><div class=\"slideshow_view\">\r\n\t\t\t\t<div class=\"slideshow_slide slideshow_slide_image\">\r\n\t\t\t\t\t\t\t\t\t\t\t<img src=\"https:\/\/agora.xtec.cat\/cfasolsones\/wp-content\/uploads\/usu1361\/2017\/07\/P1040454.jpg\" alt=\"P1040454\" width=\"1024\" height=\"684\" \/>\r\n\t\t\t\t\t\t\t\t\t\t<div class=\"slideshow_description_box slideshow_transparent\">\r\n\t\t\t\t\t\t<div class=\"slideshow_title\">P1040454<\/div>\t\t\t\t\t\t\t\t\t\t\t<\/div>\r\n\t\t\t\t<\/div>\r\n\r\n\t\t\t\t\t\t<div style=\"clear: both;\"><\/div><\/div><div class=\"slideshow_view\">\r\n\t\t\t\t<div class=\"slideshow_slide slideshow_slide_image\">\r\n\t\t\t\t\t\t\t\t\t\t\t<img src=\"https:\/\/agora.xtec.cat\/cfasolsones\/wp-content\/uploads\/usu1361\/2017\/07\/P1040453.jpg\" alt=\"P1040453\" width=\"1024\" height=\"684\" \/>\r\n\t\t\t\t\t\t\t\t\t\t<div class=\"slideshow_description_box slideshow_transparent\">\r\n\t\t\t\t\t\t<div class=\"slideshow_title\">P1040453<\/div>\t\t\t\t\t\t\t\t\t\t\t<\/div>\r\n\t\t\t\t<\/div>\r\n\r\n\t\t\t\t\t\t<div style=\"clear: both;\"><\/div><\/div><div class=\"slideshow_view\">\r\n\t\t\t\t<div class=\"slideshow_slide slideshow_slide_image\">\r\n\t\t\t\t\t\t\t\t\t\t\t<img src=\"https:\/\/agora.xtec.cat\/cfasolsones\/wp-content\/uploads\/usu1361\/2017\/07\/P1040452.jpg\" alt=\"P1040452\" width=\"1024\" height=\"684\" \/>\r\n\t\t\t\t\t\t\t\t\t\t<div class=\"slideshow_description_box slideshow_transparent\">\r\n\t\t\t\t\t\t<div class=\"slideshow_title\">P1040452<\/div>\t\t\t\t\t\t\t\t\t\t\t<\/div>\r\n\t\t\t\t<\/div>\r\n\r\n\t\t\t\t\t\t<div style=\"clear: both;\"><\/div><\/div><div class=\"slideshow_view\">\r\n\t\t\t\t<div class=\"slideshow_slide slideshow_slide_image\">\r\n\t\t\t\t\t\t\t\t\t\t\t<img src=\"https:\/\/agora.xtec.cat\/cfasolsones\/wp-content\/uploads\/usu1361\/2017\/07\/P1040448.jpg\" alt=\"P1040448\" width=\"1024\" height=\"684\" \/>\r\n\t\t\t\t\t\t\t\t\t\t<div class=\"slideshow_description_box slideshow_transparent\">\r\n\t\t\t\t\t\t<div class=\"slideshow_title\">P1040448<\/div>\t\t\t\t\t\t\t\t\t\t\t<\/div>\r\n\t\t\t\t<\/div>\r\n\r\n\t\t\t\t\t\t<div style=\"clear: both;\"><\/div><\/div><div class=\"slideshow_view\">\r\n\t\t\t\t<div class=\"slideshow_slide slideshow_slide_image\">\r\n\t\t\t\t\t\t\t\t\t\t\t<img src=\"https:\/\/agora.xtec.cat\/cfasolsones\/wp-content\/uploads\/usu1361\/2017\/07\/P1040466-1.jpg\" alt=\"P1040466\" width=\"1024\" height=\"496\" \/>\r\n\t\t\t\t\t\t\t\t\t\t<div class=\"slideshow_description_box slideshow_transparent\">\r\n\t\t\t\t\t\t<div class=\"slideshow_title\">P1040466<\/div>\t\t\t\t\t\t\t\t\t\t\t<\/div>\r\n\t\t\t\t<\/div>\r\n\r\n\t\t\t\t\t\t<div style=\"clear: both;\"><\/div><\/div><div class=\"slideshow_view\">\r\n\t\t\t\t<div class=\"slideshow_slide slideshow_slide_image\">\r\n\t\t\t\t\t\t\t\t\t\t\t<img src=\"https:\/\/agora.xtec.cat\/cfasolsones\/wp-content\/uploads\/usu1361\/2017\/07\/P1040468.jpg\" alt=\"P1040468\" width=\"1024\" height=\"684\" \/>\r\n\t\t\t\t\t\t\t\t\t\t<div class=\"slideshow_description_box slideshow_transparent\">\r\n\t\t\t\t\t\t<div class=\"slideshow_title\">P1040468<\/div>\t\t\t\t\t\t\t\t\t\t\t<\/div>\r\n\t\t\t\t<\/div>\r\n\r\n\t\t\t\t\t\t<div style=\"clear: both;\"><\/div><\/div><div class=\"slideshow_view\">\r\n\t\t\t\t<div class=\"slideshow_slide slideshow_slide_image\">\r\n\t\t\t\t\t\t\t\t\t\t\t<img src=\"https:\/\/agora.xtec.cat\/cfasolsones\/wp-content\/uploads\/usu1361\/2017\/07\/P1040470-2.jpg\" alt=\"P1040470\" width=\"968\" height=\"472\" \/>\r\n\t\t\t\t\t\t\t\t\t\t<div class=\"slideshow_description_box slideshow_transparent\">\r\n\t\t\t\t\t\t<div class=\"slideshow_title\">P1040470<\/div>\t\t\t\t\t\t\t\t\t\t\t<\/div>\r\n\t\t\t\t<\/div>\r\n\r\n\t\t\t\t\t\t<div style=\"clear: both;\"><\/div><\/div>\r\n\t\t<\/div>\r\n\r\n\t\t<div class=\"slideshow_controlPanel slideshow_transparent\" style=\"display: none;\"><ul><li class=\"slideshow_togglePlay\" data-play-text=\"Visualitza\" data-pause-text=\"Pausa\"><\/li><\/ul><\/div>\r\n\r\n\t\t<div class=\"slideshow_button slideshow_previous slideshow_transparent\" role=\"button\" data-previous-text=\"Anterior\" style=\"display: none;\"><\/div>\r\n\t\t<div class=\"slideshow_button slideshow_next slideshow_transparent\" role=\"button\" data-next-text=\"Seg\u00fcent\" style=\"display: none;\"><\/div>\r\n\r\n\t\t<div class=\"slideshow_pagination\" style=\"display: none;\" data-go-to-text=\"V\u00e9s a la diapositiva\"><div class=\"slideshow_pagination_center\"><\/div><\/div>\r\n\r\n\t\t<!-- WordPress Slideshow Version 2.3.1 -->\r\n\r\n\t\t\t<\/div>\r\n\r\n\n<p>&nbsp;<\/p>\n<p>L&#8217;espai est\u00e0 ubicat dins l\u2019edifici del Consell Comarcal del Solson\u00e8s, a planta baixa, distribu\u00efts en:<\/p>\n<table>\n<tbody>\n<tr style=\"height: 37px;\">\n<td style=\"height: 37px;\" width=\"91\">\u00a0AULA 1<\/td>\n<td style=\"height: 37px;\" width=\"651\">Capacitat per uns 20 alumnes.<\/td>\n<\/tr>\n<tr style=\"height: 58px;\">\n<td style=\"height: 58px;\" width=\"91\">AULA 2<\/td>\n<td style=\"height: 58px;\" width=\"651\">Destinada a la inform\u00e0tica i a ensenyaments a dist\u00e0ncia. Equipada, en aquests moments, amb 24 ordinadors i 1 servidor. Capacitat per uns 24 alumnes.<\/td>\n<\/tr>\n<tr style=\"height: 27px;\">\n<td style=\"height: 27px;\" width=\"91\">\u00a0AULA 3<\/td>\n<td style=\"height: 27px;\" width=\"651\">Capacitat per uns 20 alumnes. Comunica amb la biblioteca. Utilitzada, tamb\u00e9, com a espai per a fer treball aut\u00f2nom.<\/td>\n<\/tr>\n<tr style=\"height: 41px;\">\n<td style=\"height: 41px;\" width=\"91\">\u00a0AULA 4<\/td>\n<td style=\"height: 41px;\" width=\"651\">Capacitat per uns 30 alumnes. Disposa d\u2019un altell que serveix d\u2019arxiu.<\/td>\n<\/tr>\n<tr style=\"height: 126px;\">\n<td style=\"height: 126px;\" width=\"91\">ALTRES<\/td>\n<td style=\"height: 126px;\" width=\"651\">\n<ul>\n<li>Biblioteca.<\/li>\n<li>Despatx secretaria i direcci\u00f3.<\/li>\n<li>Sala de professorat.<\/li>\n<li>Recepci\u00f3.<\/li>\n<li>Lavabo complert i adaptat.<\/li>\n<li>Lavabo petit amb una pica i farmaciola.<\/li>\n<\/ul>\n<\/td>\n<\/tr>\n<\/tbody>\n<\/table>\n<p>El fet d\u2019estar ubicats dins el Consell Comarcal (carrer Dominics, 12, de Solsona) ens permet, sempre que ens cal, poder disposar d\u2019altres espais del mateix edifici (sala g\u00f2tica, sala Francesca de Llobera, pati g\u00f2tic&#8230;).<\/p>\n<p>El Centre de Formaci\u00f3 de Persones Adultes del Solson\u00e8s \u00e9s l\u2019\u00fanic Centre de formaci\u00f3 de persones adultes de la comarca. \u00c9s molt c\u00e8ntric i, en general, l\u2019alumnat hi ve caminant. L\u2019alumnat que ve de fora de la ciutat, hi t\u00e9 un acc\u00e9s f\u00e0cil i aparcaments gratu\u00efts pels voltants.<\/p>\n","protected":false},"excerpt":{"rendered":"<p>\t\t\t\t\t\tP1040462\t\t\t\t\t\t\t\t\t\t\t<\/p>\n<p>\t\t\t\t\t\tP1040460\t\t\t\t\t\t\t\t\t\t\t<\/p>\n<p>\t\t\t\t\t\tP1040459\t\t\t\t\t\t\t\t\t\t\t<\/p>\n<p>\t\t\t\t\t\tP1040454\t\t\t\t\t\t\t\t\t\t\t<\/p>\n<p>\t\t\t\t\t\tP1040453\t\t\t\t\t\t\t\t\t\t\t<\/p>\n<p>\t\t\t\t\t\tP1040452\t\t\t\t\t\t\t\t\t\t\t<\/p>\n<p>\t\t\t\t\t\tP1040448\t\t\t\t\t\t\t\t\t\t\t<\/p>\n<p>\t\t\t\t\t\tP1040466\t\t\t\t\t\t\t\t\t\t\t<\/p>\n<p>\t\t\t\t\t\tP1040468\t\t\t\t\t\t\t\t\t\t\t<\/p>\n<p>\t\t\t\t\t\tP1040470\t\t\t\t\t\t\t\t\t\t\t<\/p>\n<ul>\n<li class=\"slideshow_togglePlay\" data-play-text=\"Visualitza\" data-pause-text=\"Pausa\"><\/li>\n<\/ul>\n<p>&nbsp;<br \/>\nL&#8217;espai est\u00e0 ubicat dins l\u2019edifici del Consell Comarcal del Solson\u00e8s, a planta baixa, distribu\u00efts en:<\/p>\n<p>\u00a0AULA 1<br \/>\nCapacitat per uns 20 alumnes.<\/p>\n<p>AULA 2<br \/>\nDestinada a la inform\u00e0tica i a ensenyaments a dist\u00e0ncia. Equipada, en aquests moments, amb 24 ordinadors i 1 servidor. Capacitat per uns&hellip;  <a href=\"https:\/\/agora.xtec.cat\/cfasolsones\/el-centre\/instal%c2%b7lacions\/\" title=\"Read Instal\u00b7lacions\">Llegeix m\u00e9s\u00bb<\/a><\/p>\n","protected":false},"author":1,"featured_media":0,"parent":261,"menu_order":30,"comment_status":"closed","ping_status":"closed","template":"page-templates\/side-menu.php","meta":{"_bbp_topic_count":0,"_bbp_reply_count":0,"_bbp_total_topic_count":0,"_bbp_total_reply_count":0,"_bbp_voice_count":0,"_bbp_anonymous_reply_count":0,"_bbp_topic_count_hidden":0,"_bbp_reply_count_hidden":0,"_bbp_forum_subforum_count":0,"footnotes":""},"class_list":["post-39","page","type-page","status-publish","hentry"],"post_mailing_queue_ids":[],"_links":{"self":[{"href":"https:\/\/agora.xtec.cat\/cfasolsones\/wp-json\/wp\/v2\/pages\/39","targetHints":{"allow":["GET"]}}],"collection":[{"href":"https:\/\/agora.xtec.cat\/cfasolsones\/wp-json\/wp\/v2\/pages"}],"about":[{"href":"https:\/\/agora.xtec.cat\/cfasolsones\/wp-json\/wp\/v2\/types\/page"}],"author":[{"embeddable":true,"href":"https:\/\/agora.xtec.cat\/cfasolsones\/wp-json\/wp\/v2\/users\/1"}],"replies":[{"embeddable":true,"href":"https:\/\/agora.xtec.cat\/cfasolsones\/wp-json\/wp\/v2\/comments?post=39"}],"version-history":[{"count":4,"href":"https:\/\/agora.xtec.cat\/cfasolsones\/wp-json\/wp\/v2\/pages\/39\/revisions"}],"predecessor-version":[{"id":1077,"href":"https:\/\/agora.xtec.cat\/cfasolsones\/wp-json\/wp\/v2\/pages\/39\/revisions\/1077"}],"up":[{"embeddable":true,"href":"https:\/\/agora.xtec.cat\/cfasolsones\/wp-json\/wp\/v2\/pages\/261"}],"wp:attachment":[{"href":"https:\/\/agora.xtec.cat\/cfasolsones\/wp-json\/wp\/v2\/media?parent=39"}],"curies":[{"name":"wp","href":"https:\/\/api.w.org\/{rel}","templated":true}]}}