{"id":301,"date":"2015-01-28T11:21:46","date_gmt":"2015-01-28T10:21:46","guid":{"rendered":"http:\/\/agora.xtec.cat\/cfasolsones\/?page_id=301"},"modified":"2025-07-11T09:38:55","modified_gmt":"2025-07-11T07:38:55","slug":"formacio-instrumental","status":"publish","type":"page","link":"https:\/\/agora.xtec.cat\/cfasolsones\/ensenyaments\/ensenyaments-inicials-i-formacio-basica\/formacio-instrumental\/","title":{"rendered":"Formaci\u00f3 instrumental"},"content":{"rendered":"<p>El curr\u00edculum del<strong> cicle de formaci\u00f3 instrumental<\/strong> de la formaci\u00f3 b\u00e0sica per a les persones adultes s\u2019organitza en tres nivells d\u2019aprenentatge. Cada nivell inclou tres \u00e0rees de coneixement: \u00e0rea de <strong>llengua<\/strong> (catal\u00e0, castell\u00e0 i angl\u00e8s), \u00e0rea de <strong>matem\u00e0tiques<\/strong> i \u00e0rea de ci\u00e8ncies <strong>socials<\/strong> i <strong>naturals<\/strong>, que es treballen de manera global. Tamb\u00e9 inclou la compet\u00e8ncia digital.<\/p>\n<h1>Nivell 1<\/h1>\n<p>En el primer nivell, l\u2019aprenentatge s\u2019ha de centrar en l\u2019adquisici\u00f3 dels mecanismes fonamentals de lectura, d\u2019escriptura i de c\u00e0lcul, a m\u00e9s de nocions elementals sobre l\u2019entorn social i natural.<\/p>\n<h2>Horaris curs 2025-2026<\/h2>\n<table width=\"603\">\n<tbody>\n<tr>\n<td width=\"105\">DILLUNS<\/td>\n<td width=\"120\">DIMARTS<\/td>\n<td width=\"133\">DIMECRES<\/td>\n<td width=\"105\">DIJOUS<\/td>\n<td width=\"139\">DIVENDRES<\/td>\n<\/tr>\n<tr>\n<td width=\"105\">9h &#8211; 11h<\/td>\n<td width=\"120\">9h &#8211; 11h<\/td>\n<td width=\"133\"><\/td>\n<td width=\"105\">9h &#8211; 11h<\/td>\n<td width=\"139\">9h &#8211; 11h<\/td>\n<\/tr>\n<\/tbody>\n<\/table>\n<h1>Nivell 2<\/h1>\n<p>En el segon nivell, l\u2019objectiu central \u00e9s consolidar aquests mecanismes (lectura, escriptura i c\u00e0lcul) i adquirir els elements essencials dels coneixements que expliquen l\u2019entorn.<\/p>\n<h2>Horaris curs 2025-2026<\/h2>\n<table width=\"603\">\n<tbody>\n<tr>\n<td width=\"105\">DILLUNS<\/td>\n<td width=\"120\">DIMARTS<\/td>\n<td width=\"127\">DIMECRES<\/td>\n<td width=\"111\">DIJOUS<\/td>\n<td width=\"139\">DIVENDRES<\/td>\n<\/tr>\n<tr>\n<td width=\"105\">15h \u2013 17h<\/td>\n<td width=\"120\">15h \u2013 17h<\/td>\n<td width=\"127\"><\/td>\n<td width=\"111\">15h \u2013 17h<\/td>\n<td width=\"139\"><\/td>\n<\/tr>\n<\/tbody>\n<\/table>\n<h1>Nivell 3<\/h1>\n<p>En el tercer nivell s\u2019amplien els coneixements anteriors.<\/p>\n<h2>Horaris curs 2025-2026<\/h2>\n<table width=\"585\">\n<tbody>\n<tr>\n<td width=\"105\">DILLUNS<\/td>\n<td width=\"110\">DIMARTS<\/td>\n<td width=\"127\">DIMECRES<\/td>\n<td width=\"105\">DIJOUS<\/td>\n<td width=\"139\">DIVENDRES<\/td>\n<\/tr>\n<tr>\n<td width=\"105\"><\/td>\n<td width=\"110\">15h \u2013 17h<\/td>\n<td width=\"127\">15h \u2013 17h<\/td>\n<td width=\"105\">15h \u2013 17h<\/td>\n<td width=\"139\"><\/td>\n<\/tr>\n<\/tbody>\n<\/table>\n<h1>Nivell 4<\/h1>\n<p>En el quart nivell s\u2019amplien els coneixements anteriors\u00a0fins a assolir els objectius generals del cicle.<\/p>\n<p>Les persones que assoleixen els continguts d\u2019aquest cicle obtenen el <strong>certificat de formaci\u00f3 instrumental<\/strong>.<\/p>\n<h2>Horaris curs 2025-2026<\/h2>\n<table width=\"585\">\n<tbody>\n<tr>\n<td width=\"105\">DILLUNS<\/td>\n<td width=\"110\">DIMARTS<\/td>\n<td width=\"127\">DIMECRES<\/td>\n<td width=\"105\">DIJOUS<\/td>\n<td width=\"139\">DIVENDRES<\/td>\n<\/tr>\n<tr>\n<td width=\"105\"><\/td>\n<td width=\"110\">9h &#8211; 11h<\/td>\n<td width=\"127\">9h &#8211; 11h<\/td>\n<td width=\"105\">9h &#8211; 11h<\/td>\n<td width=\"139\">9h &#8211; 11h<\/td>\n<\/tr>\n<\/tbody>\n<\/table>\n<p>&nbsp;<\/p>\n","protected":false},"excerpt":{"rendered":"<p>El curr\u00edculum del cicle de formaci\u00f3 instrumental de la formaci\u00f3 b\u00e0sica per a les persones adultes s\u2019organitza en tres nivells d\u2019aprenentatge. Cada nivell inclou tres \u00e0rees de coneixement: \u00e0rea de llengua (catal\u00e0, castell\u00e0 i angl\u00e8s), \u00e0rea de matem\u00e0tiques i \u00e0rea de ci\u00e8ncies socials i naturals,&hellip;  <a href=\"https:\/\/agora.xtec.cat\/cfasolsones\/ensenyaments\/ensenyaments-inicials-i-formacio-basica\/formacio-instrumental\/\" title=\"Read Formaci\u00f3 instrumental\">Llegeix m\u00e9s\u00bb<\/a><\/p>\n","protected":false},"author":1,"featured_media":0,"parent":283,"menu_order":0,"comment_status":"closed","ping_status":"closed","template":"page-templates\/side-menu.php","meta":{"_bbp_topic_count":0,"_bbp_reply_count":0,"_bbp_total_topic_count":0,"_bbp_total_reply_count":0,"_bbp_voice_count":0,"_bbp_anonymous_reply_count":0,"_bbp_topic_count_hidden":0,"_bbp_reply_count_hidden":0,"_bbp_forum_subforum_count":0,"footnotes":""},"class_list":["post-301","page","type-page","status-publish","hentry"],"post_mailing_queue_ids":[],"_links":{"self":[{"href":"https:\/\/agora.xtec.cat\/cfasolsones\/wp-json\/wp\/v2\/pages\/301","targetHints":{"allow":["GET"]}}],"collection":[{"href":"https:\/\/agora.xtec.cat\/cfasolsones\/wp-json\/wp\/v2\/pages"}],"about":[{"href":"https:\/\/agora.xtec.cat\/cfasolsones\/wp-json\/wp\/v2\/types\/page"}],"author":[{"embeddable":true,"href":"https:\/\/agora.xtec.cat\/cfasolsones\/wp-json\/wp\/v2\/users\/1"}],"replies":[{"embeddable":true,"href":"https:\/\/agora.xtec.cat\/cfasolsones\/wp-json\/wp\/v2\/comments?post=301"}],"version-history":[{"count":6,"href":"https:\/\/agora.xtec.cat\/cfasolsones\/wp-json\/wp\/v2\/pages\/301\/revisions"}],"predecessor-version":[{"id":2134,"href":"https:\/\/agora.xtec.cat\/cfasolsones\/wp-json\/wp\/v2\/pages\/301\/revisions\/2134"}],"up":[{"embeddable":true,"href":"https:\/\/agora.xtec.cat\/cfasolsones\/wp-json\/wp\/v2\/pages\/283"}],"wp:attachment":[{"href":"https:\/\/agora.xtec.cat\/cfasolsones\/wp-json\/wp\/v2\/media?parent=301"}],"curies":[{"name":"wp","href":"https:\/\/api.w.org\/{rel}","templated":true}]}}