{"id":975,"date":"2021-05-06T10:29:56","date_gmt":"2021-05-06T08:29:56","guid":{"rendered":"http:\/\/agora.xtec.cat\/cfasinguerlin\/?page_id=975"},"modified":"2025-05-20T13:37:01","modified_gmt":"2025-05-20T11:37:01","slug":"noves-oportunitats","status":"publish","type":"page","link":"https:\/\/agora.xtec.cat\/cfasinguerlin\/ensenyaments\/ensenyaments-inicials-i-formacio-basica\/noves-oportunitats\/","title":{"rendered":"Noves Oportunitats"},"content":{"rendered":"<h5><img decoding=\"async\" src=\"https:\/\/agora.xtec.cat\/cfasinguerlin\/wp-content\/uploads\/usu349\/2021\/05\/novesoportunitat_agora.gif\" alt=\"Formaci\u00f3 Instrumental\" \/><\/h5>\n<h5 class=\"titol\"><strong>Noves Oportunitats<\/strong><\/h5>\n<p>Aquests estudis volen facilitar l\u2019acollida i la integraci\u00f3 en els centres de formaci\u00f3 d\u2019adults de col\u00b7lectius d\u2019alta vulnerabilitat, especialment de l\u2019alumnat JMS (Joves Migrats Sols) de 16 a 18 anys<\/p>\n<div><a href=\"http:\/\/agora.xtec.cat\/cfasinguerlin\/ensenyaments\/ensenyaments-inicials-i-formacio-basica\/noves-oportunitats\/\"><em>M\u00e9s informaci\u00f3<\/em><\/a><\/div>\n<div><\/div>\n<div><\/div>\n<h5><\/h5>\n<h5><b>Descripci\u00f3:<\/b><\/h5>\n<p>El Departament d\u2019Educaci\u00f3 a trav\u00e9s de la Direcci\u00f3 General d\u2019Innovaci\u00f3, Recerca i Cultura Digital assumeix la responsabilitat de donar impuls i aplicar pol\u00edtiques per augmentar les oportunitats d\u2019\u00e8xit educatiu al llarg de la vida en el marc de l\u2019educaci\u00f3 del segle XXI, especialment en l\u2019alumnat m\u00e9s vulnerable. I \u00e9s la Sub-direcci\u00f3 General de Transformaci\u00f3 Educativa qui impulsa les actuacions per a l\u2019acompanyament de l\u2019alumnat en l\u2019itinerari educatiu al llarg de les etapes educatives, en col\u00b7laboraci\u00f3 amb altres administracions i agents educatius.<\/p>\n<h5><b>Continguts:<\/b><\/h5>\n<p>El Servei d\u2019Educaci\u00f3 al Llarg de la Vida, ha confeccionat <strong>uns materials particularment creats per a l\u2019atenci\u00f3 de l\u2019alumnat especialment vulnerable.<\/strong>\u00a0Es tracta de\u00a08 m\u00f2duls de formaci\u00f3 de noves oportunitats, per facilitar l\u2019acollida i la integraci\u00f3 en els centres de formaci\u00f3 d\u2019adults de col\u00b7lectius d\u2019alta vulnerabilitat, especialment de l\u2019alumnat JMS (Joves Migrats Sols) de 16 a 18 anys. Aquests m\u00f2duls incorporen compet\u00e8ncies, continguts i activitats espec\u00edficament elaborades per acollir i oferir atenci\u00f3 educativa personalitzada per aquest perfil d\u2019alumnat, i es posen a disposici\u00f3 del professorat a partir del curs 2019-2020, per tal de donar-los recursos per ajustar la seva acci\u00f3 docent als canvis espec\u00edfics que requereixen els menors no acompanyats que han d\u2019atendre.<\/p>\n<h5><b>Acc\u00e9s:<\/b><\/h5>\n<p><span style=\"font-weight: 400;\">Poden accedir a aquests estudis totes les persones que tenen m\u00e9s de 16 anys o b\u00e9 els compleixen durant l\u2019any natural en qu\u00e8 inicien la formaci\u00f3.<br \/>\n<\/span><\/p>\n<p><span style=\"font-weight: 400;\">Aquest estudi \u00e9s <\/span><b>gratu\u00ef<\/b><span style=\"font-weight: 400;\">t en els centres dependents del Departament d&#8217;Educaci\u00f3<\/span><\/p>\n<ul>\n<li><strong>Durada:<br \/>\n<\/strong>Curs anual (setembre-juny), tres hores setmanals en horari de tarda.<\/li>\n<li><strong>A qui va dirigit:<br \/>\n<\/strong>Col\u00b7lectius d\u2019alta vulnerabilitat, especialment de l\u2019alumnat JMS (Joves Migrats Sols) de 16 a 18 anys<\/li>\n<li><strong>Horari:<\/strong><\/li>\n<li><strong>Titulaci\u00f3:<br \/>\n<\/strong>Certificat d&#8217;aprofitament<\/li>\n<\/ul>\n","protected":false},"excerpt":{"rendered":"<p>Noves Oportunitats<br \/>\nAquests estudis volen facilitar l\u2019acollida i la integraci\u00f3 en els centres de formaci\u00f3 d\u2019adults de col\u00b7lectius d\u2019alta vulnerabilitat, especialment de l\u2019alumnat JMS (Joves Migrats Sols) de 16 a 18 anys<br \/>\n<a href=\"http:\/\/agora.xtec.cat\/cfasinguerlin\/ensenyaments\/ensenyaments-inicials-i-formacio-basica\/noves-oportunitats\/\">M\u00e9s informaci\u00f3<\/a><\/p>\n<p>Descripci\u00f3:<br \/>\nEl Departament d\u2019Educaci\u00f3 a trav\u00e9s de la Direcci\u00f3 General d\u2019Innovaci\u00f3, Recerca i Cultura&hellip;  <a href=\"https:\/\/agora.xtec.cat\/cfasinguerlin\/ensenyaments\/ensenyaments-inicials-i-formacio-basica\/noves-oportunitats\/\" title=\"Read Noves Oportunitats\">Llegeix m\u00e9s\u00bb<\/a><\/p>\n","protected":false},"author":1,"featured_media":0,"parent":283,"menu_order":0,"comment_status":"closed","ping_status":"closed","template":"","meta":{"_bbp_topic_count":0,"_bbp_reply_count":0,"_bbp_total_topic_count":0,"_bbp_total_reply_count":0,"_bbp_voice_count":0,"_bbp_anonymous_reply_count":0,"_bbp_topic_count_hidden":0,"_bbp_reply_count_hidden":0,"_bbp_forum_subforum_count":0,"footnotes":""},"class_list":["post-975","page","type-page","status-publish","hentry"],"post_mailing_queue_ids":[],"_links":{"self":[{"href":"https:\/\/agora.xtec.cat\/cfasinguerlin\/wp-json\/wp\/v2\/pages\/975","targetHints":{"allow":["GET"]}}],"collection":[{"href":"https:\/\/agora.xtec.cat\/cfasinguerlin\/wp-json\/wp\/v2\/pages"}],"about":[{"href":"https:\/\/agora.xtec.cat\/cfasinguerlin\/wp-json\/wp\/v2\/types\/page"}],"author":[{"embeddable":true,"href":"https:\/\/agora.xtec.cat\/cfasinguerlin\/wp-json\/wp\/v2\/users\/1"}],"replies":[{"embeddable":true,"href":"https:\/\/agora.xtec.cat\/cfasinguerlin\/wp-json\/wp\/v2\/comments?post=975"}],"version-history":[{"count":4,"href":"https:\/\/agora.xtec.cat\/cfasinguerlin\/wp-json\/wp\/v2\/pages\/975\/revisions"}],"predecessor-version":[{"id":1268,"href":"https:\/\/agora.xtec.cat\/cfasinguerlin\/wp-json\/wp\/v2\/pages\/975\/revisions\/1268"}],"up":[{"embeddable":true,"href":"https:\/\/agora.xtec.cat\/cfasinguerlin\/wp-json\/wp\/v2\/pages\/283"}],"wp:attachment":[{"href":"https:\/\/agora.xtec.cat\/cfasinguerlin\/wp-json\/wp\/v2\/media?parent=975"}],"curies":[{"name":"wp","href":"https:\/\/api.w.org\/{rel}","templated":true}]}}