{"id":261,"date":"2015-01-27T17:25:01","date_gmt":"2015-01-27T16:25:01","guid":{"rendered":"http:\/\/agora.xtec.cat\/cfasinguerlin\/?page_id=261"},"modified":"2020-03-19T19:24:16","modified_gmt":"2020-03-19T18:24:16","slug":"el-centre","status":"publish","type":"page","link":"https:\/\/agora.xtec.cat\/cfasinguerlin\/el-centre\/","title":{"rendered":"El Centre"},"content":{"rendered":"<p>Davant la pand\u00e8mia del CORONAVIRUS us enllacem una adre\u00e7a que pot ajudar-nos en un moment necessari. <strong>Com hem d&#8217;actuar si&#8230;<\/strong><\/p>\n<p><a href=\"https:\/\/interactius.ara.cat\/coronavirus\/consells\">https:\/\/interactius.ara.cat\/coronavirus\/consells<\/a><\/p>\n<p>&nbsp;<\/p>\n<p>El <b>Centre de Formaci\u00f3 d&#8217;Adults Singuerl\u00edn<\/b> de Santa Coloma de Gramenet, \u00e9s un centre p\u00fablic de formaci\u00f3 de persones adultes, depenent del Departament d&#8217;Ensenyament de la Generalitat de Catalunya.<br \/>\nL&#8217;objectiu principal del centre \u00e9s aconseguir el desenvolupament de la persona, millorant la seva formaci\u00f3, potenciant les seves capacitats i ampliant el seu m\u00f3n de relacions.<\/p>\n","protected":false},"excerpt":{"rendered":"<p>Davant la pand\u00e8mia del CORONAVIRUS us enllacem una adre\u00e7a que pot ajudar-nos en un moment necessari. Com hem d&#8217;actuar si&#8230;<br \/>\n<a href=\"https:\/\/interactius.ara.cat\/coronavirus\/consells\">https:\/\/interactius.ara.cat\/coronavirus\/consells<\/a><br \/>\n&nbsp;<br \/>\nEl Centre de Formaci\u00f3 d&#8217;Adults Singuerl\u00edn de Santa Coloma de Gramenet, \u00e9s un centre p\u00fablic de formaci\u00f3 de persones adultes, depenent del Departament d&#8217;Ensenyament de&hellip;  <a href=\"https:\/\/agora.xtec.cat\/cfasinguerlin\/el-centre\/\" title=\"Read El Centre\">Llegeix m\u00e9s\u00bb<\/a><\/p>\n","protected":false},"author":1,"featured_media":0,"parent":0,"menu_order":0,"comment_status":"closed","ping_status":"closed","template":"page-templates\/side-menu.php","meta":{"_bbp_topic_count":0,"_bbp_reply_count":0,"_bbp_total_topic_count":0,"_bbp_total_reply_count":0,"_bbp_voice_count":0,"_bbp_anonymous_reply_count":0,"_bbp_topic_count_hidden":0,"_bbp_reply_count_hidden":0,"_bbp_forum_subforum_count":0,"footnotes":""},"class_list":["post-261","page","type-page","status-publish","hentry"],"post_mailing_queue_ids":[],"_links":{"self":[{"href":"https:\/\/agora.xtec.cat\/cfasinguerlin\/wp-json\/wp\/v2\/pages\/261","targetHints":{"allow":["GET"]}}],"collection":[{"href":"https:\/\/agora.xtec.cat\/cfasinguerlin\/wp-json\/wp\/v2\/pages"}],"about":[{"href":"https:\/\/agora.xtec.cat\/cfasinguerlin\/wp-json\/wp\/v2\/types\/page"}],"author":[{"embeddable":true,"href":"https:\/\/agora.xtec.cat\/cfasinguerlin\/wp-json\/wp\/v2\/users\/1"}],"replies":[{"embeddable":true,"href":"https:\/\/agora.xtec.cat\/cfasinguerlin\/wp-json\/wp\/v2\/comments?post=261"}],"version-history":[{"count":3,"href":"https:\/\/agora.xtec.cat\/cfasinguerlin\/wp-json\/wp\/v2\/pages\/261\/revisions"}],"predecessor-version":[{"id":680,"href":"https:\/\/agora.xtec.cat\/cfasinguerlin\/wp-json\/wp\/v2\/pages\/261\/revisions\/680"}],"wp:attachment":[{"href":"https:\/\/agora.xtec.cat\/cfasinguerlin\/wp-json\/wp\/v2\/media?parent=261"}],"curies":[{"name":"wp","href":"https:\/\/api.w.org\/{rel}","templated":true}]}}