{"id":1289,"date":"2025-05-24T19:04:35","date_gmt":"2025-05-24T17:04:35","guid":{"rendered":"https:\/\/agora.xtec.cat\/cfasinguerlin\/?page_id=1289"},"modified":"2025-05-24T19:05:22","modified_gmt":"2025-05-24T17:05:22","slug":"itinerari-basic-llengues","status":"publish","type":"page","link":"https:\/\/agora.xtec.cat\/cfasinguerlin\/itinerari-basic-llengues\/","title":{"rendered":"Itinerari b\u00e0sic lleng\u00fces"},"content":{"rendered":"<h5><b>Descripci\u00f3:<\/b><\/h5>\n<p>El curs ofereix a les persones <strong>nouvingudes<\/strong> a partir de 16 anys un horari setmanal complert de mat\u00ed o tarda que li permeti assolir un grau de compet\u00e8ncia m\u00ednim en l\u2019\u00e0mbit de la comunicaci\u00f3.<\/p>\n<h5><b>Continguts:<\/b><\/h5>\n<p>Es treballen les habilitats de comprensi\u00f3 i expressi\u00f3 orals i escrites en castell\u00e0 i catal\u00e0 que permeten fer front a la major part de situacions ling\u00fc\u00edstiques de la vida quotidiana i son previes a ensenyaments de secund\u00e0ria.<\/p>\n<h5><b>Acc\u00e9s:<\/b><\/h5>\n<p><span style=\"font-weight: 400;\">Poden accedir a aquests estudis totes les persones que tinguin un m\u00ednim 16 anys en el moment de matricular-se.<br \/>\n<\/span><\/p>\n<p><span style=\"font-weight: 400;\">Aquest estudi \u00e9s <\/span><b>gratu\u00ef<\/b><span style=\"font-weight: 400;\">t en els centres dependents del Departament d&#8217;Educaci\u00f3<\/span><\/p>\n<ul>\n<li><strong>Durada:<br \/>\n<\/strong>Curs anual (setembre-juny),\u00a0 setze hores setmanals en horari de mat\u00ed i quinze hores setmanals a la tarda.<\/li>\n<li><strong>A qui va dirigit:<br \/>\n<\/strong>Col\u00b7lectiu de nouvinguts de 16 a 23 anys.<\/li>\n<li><strong>Horari:<br \/>\n<\/strong>De dilluns a divendres.<\/li>\n<li><strong>Titulaci\u00f3:<br \/>\n<\/strong>Certificat de nivell inicial de lleng\u00fces catalana i castellana segons el MECR (A1)<\/li>\n<\/ul>\n","protected":false},"excerpt":{"rendered":"<p>Descripci\u00f3:<br \/>\nEl curs ofereix a les persones nouvingudes a partir de 16 anys un horari setmanal complert de mat\u00ed o tarda que li permeti assolir un grau de compet\u00e8ncia m\u00ednim en l\u2019\u00e0mbit de la comunicaci\u00f3.<br \/>\nContinguts:<br \/>\nEs treballen les habilitats de comprensi\u00f3 i expressi\u00f3 orals i escrites en&hellip;  <a href=\"https:\/\/agora.xtec.cat\/cfasinguerlin\/itinerari-basic-llengues\/\" title=\"Read Itinerari b\u00e0sic lleng\u00fces\">Llegeix m\u00e9s\u00bb<\/a><\/p>\n","protected":false},"author":1,"featured_media":0,"parent":0,"menu_order":0,"comment_status":"closed","ping_status":"closed","template":"","meta":{"_bbp_topic_count":0,"_bbp_reply_count":0,"_bbp_total_topic_count":0,"_bbp_total_reply_count":0,"_bbp_voice_count":0,"_bbp_anonymous_reply_count":0,"_bbp_topic_count_hidden":0,"_bbp_reply_count_hidden":0,"_bbp_forum_subforum_count":0,"footnotes":""},"class_list":["post-1289","page","type-page","status-publish","hentry"],"post_mailing_queue_ids":[],"_links":{"self":[{"href":"https:\/\/agora.xtec.cat\/cfasinguerlin\/wp-json\/wp\/v2\/pages\/1289","targetHints":{"allow":["GET"]}}],"collection":[{"href":"https:\/\/agora.xtec.cat\/cfasinguerlin\/wp-json\/wp\/v2\/pages"}],"about":[{"href":"https:\/\/agora.xtec.cat\/cfasinguerlin\/wp-json\/wp\/v2\/types\/page"}],"author":[{"embeddable":true,"href":"https:\/\/agora.xtec.cat\/cfasinguerlin\/wp-json\/wp\/v2\/users\/1"}],"replies":[{"embeddable":true,"href":"https:\/\/agora.xtec.cat\/cfasinguerlin\/wp-json\/wp\/v2\/comments?post=1289"}],"version-history":[{"count":2,"href":"https:\/\/agora.xtec.cat\/cfasinguerlin\/wp-json\/wp\/v2\/pages\/1289\/revisions"}],"predecessor-version":[{"id":1291,"href":"https:\/\/agora.xtec.cat\/cfasinguerlin\/wp-json\/wp\/v2\/pages\/1289\/revisions\/1291"}],"wp:attachment":[{"href":"https:\/\/agora.xtec.cat\/cfasinguerlin\/wp-json\/wp\/v2\/media?parent=1289"}],"curies":[{"name":"wp","href":"https:\/\/api.w.org\/{rel}","templated":true}]}}