{"id":65,"date":"2014-09-18T10:12:22","date_gmt":"2014-09-18T10:12:22","guid":{"rendered":"http:\/\/agora.xtec.cat\/cfasegria\/?page_id=65"},"modified":"2022-03-21T19:35:39","modified_gmt":"2022-03-21T18:35:39","slug":"activitats","status":"publish","type":"page","link":"https:\/\/agora.xtec.cat\/cfasegria\/serveis\/activitats\/","title":{"rendered":"Activitats"},"content":{"rendered":"<p>&nbsp;<\/p>\n<hr \/>\n<p>V\u00eddeo de la Xerrada d&#8217;en <strong>Jordi Bilbeny<\/strong> al CFA Segri\u00e0 el <strong>16 de mar\u00e7 del 2022<\/strong><\/p>\n<h4 id=\"yui_3_17_2_1_1647887689964_20\">&#8216;La censura d&#8217;estat i la Hist\u00f2ria de Catalunya: proves i raons&#8217;.<\/h4>\n<p><iframe loading=\"lazy\" title=\"YouTube video player\" src=\"\/\/www.youtube.com\/embed\/V5p-H1Z-cOw\" width=\"560\" height=\"315\" frameborder=\"0\" allowfullscreen=\"allowfullscreen\"><\/iframe><\/p>\n<p>&nbsp;<\/p>\n<hr \/>\n<p><strong>1a edici\u00f3 del concurs d&#8217;escriptura &#8220;Liquid\u00e0mbar&#8221;<\/strong>: la guanyadora va ser l&#8217;alumna de GES 2 vespre Jessica Ruiz, amb l&#8217;escrit\u00a0 <a href=\"https:\/\/agora.xtec.cat\/cfasegria\/wp-content\/uploads\/usu745\/2021\/06\/El-salto-de-mi-vida.pdf\">El salto de mi vida<\/a><\/p>\n<p>&nbsp;<\/p>\n","protected":false},"excerpt":{"rendered":"<p>&nbsp;<\/p>\n<p>V\u00eddeo de la Xerrada d&#8217;en Jordi Bilbeny al CFA Segri\u00e0 el 16 de mar\u00e7 del 2022<br \/>\n&#8216;La censura d&#8217;estat i la Hist\u00f2ria de Catalunya: proves i raons&#8217;.<\/p>\n<p>&nbsp;<\/p>\n<p>1a edici\u00f3 del concurs d&#8217;escriptura &#8220;Liquid\u00e0mbar&#8221;: la guanyadora va ser l&#8217;alumna de GES 2 vespre Jessica Ruiz, amb l&#8217;escrit\u00a0 <a&hellip;  <a href=\"https:\/\/agora.xtec.cat\/cfasegria\/serveis\/activitats\/\" title=\"Read Activitats\">Llegeix m\u00e9s\u00bb<\/a><\/p>\n","protected":false},"author":1,"featured_media":0,"parent":63,"menu_order":10,"comment_status":"closed","ping_status":"closed","template":"page-templates\/side-menu.php","meta":{"_bbp_topic_count":0,"_bbp_reply_count":0,"_bbp_total_topic_count":0,"_bbp_total_reply_count":0,"_bbp_voice_count":0,"_bbp_anonymous_reply_count":0,"_bbp_topic_count_hidden":0,"_bbp_reply_count_hidden":0,"_bbp_forum_subforum_count":0,"footnotes":""},"class_list":["post-65","page","type-page","status-publish","hentry"],"post_mailing_queue_ids":[],"_links":{"self":[{"href":"https:\/\/agora.xtec.cat\/cfasegria\/wp-json\/wp\/v2\/pages\/65","targetHints":{"allow":["GET"]}}],"collection":[{"href":"https:\/\/agora.xtec.cat\/cfasegria\/wp-json\/wp\/v2\/pages"}],"about":[{"href":"https:\/\/agora.xtec.cat\/cfasegria\/wp-json\/wp\/v2\/types\/page"}],"author":[{"embeddable":true,"href":"https:\/\/agora.xtec.cat\/cfasegria\/wp-json\/wp\/v2\/users\/1"}],"replies":[{"embeddable":true,"href":"https:\/\/agora.xtec.cat\/cfasegria\/wp-json\/wp\/v2\/comments?post=65"}],"version-history":[{"count":3,"href":"https:\/\/agora.xtec.cat\/cfasegria\/wp-json\/wp\/v2\/pages\/65\/revisions"}],"predecessor-version":[{"id":1248,"href":"https:\/\/agora.xtec.cat\/cfasegria\/wp-json\/wp\/v2\/pages\/65\/revisions\/1248"}],"up":[{"embeddable":true,"href":"https:\/\/agora.xtec.cat\/cfasegria\/wp-json\/wp\/v2\/pages\/63"}],"wp:attachment":[{"href":"https:\/\/agora.xtec.cat\/cfasegria\/wp-json\/wp\/v2\/media?parent=65"}],"curies":[{"name":"wp","href":"https:\/\/api.w.org\/{rel}","templated":true}]}}