{"id":63,"date":"2014-09-18T10:06:31","date_gmt":"2014-09-18T10:06:31","guid":{"rendered":"http:\/\/agora.xtec.cat\/cfasegria\/?page_id=63"},"modified":"2022-03-21T19:38:39","modified_gmt":"2022-03-21T18:38:39","slug":"serveis","status":"publish","type":"page","link":"https:\/\/agora.xtec.cat\/cfasegria\/serveis\/","title":{"rendered":"Serveis"},"content":{"rendered":"<p><a href=\"https:\/\/agora.xtec.cat\/cfasegria\/wp-content\/uploads\/usu745\/2022\/03\/baixa.png\"><img loading=\"lazy\" decoding=\"async\" class=\"alignnone size-medium wp-image-1249\" src=\"https:\/\/agora.xtec.cat\/cfasegria\/wp-content\/uploads\/usu745\/2022\/03\/baixa-300x139.png\" alt=\"\" width=\"300\" height=\"139\" srcset=\"https:\/\/agora.xtec.cat\/cfasegria\/wp-content\/uploads\/usu745\/2022\/03\/baixa-300x139.png 300w, https:\/\/agora.xtec.cat\/cfasegria\/wp-content\/uploads\/usu745\/2022\/03\/baixa.png 330w\" sizes=\"auto, (max-width: 300px) 100vw, 300px\" \/><\/a><\/p>\n<p>A m\u00e9s de les classes, CFA Segri\u00e0 ofereix un seguit d&#8217;activitats i informaci\u00f3 de tot tipus al seu alumnat. Aqu\u00ed en trobareu un recull<\/p>\n<ul>\n<li><a href=\"https:\/\/agora.xtec.cat\/cfasegria\/serveis\/activitats\/\">Activitats extra-curriculars organitzades pel centre<\/a><\/li>\n<\/ul>\n<ul style=\"font-size: 16px; font-family: 'Helvetica Neue', Helvetica, Helvetica, Arial, sans-serif;\">\n<li><a href=\"https:\/\/agora.xtec.cat\/cfasegria\/serveis\/acollida\/\">Enlla\u00e7os d&#8217;inter\u00e8s general.<\/a><\/li>\n<\/ul>\n<ul>\n<li>Acollida: informaci\u00f3-orientaci\u00f3 (properament)<\/li>\n<\/ul>\n","protected":false},"excerpt":{"rendered":"<p><a href=\"https:\/\/agora.xtec.cat\/cfasegria\/wp-content\/uploads\/usu745\/2022\/03\/baixa.png\"><\/a><br \/>\nA m\u00e9s de les classes, CFA Segri\u00e0 ofereix un seguit d&#8217;activitats i informaci\u00f3 de tot tipus al seu alumnat. Aqu\u00ed en trobareu un recull<\/p>\n<ul>\n<li><a href=\"https:\/\/agora.xtec.cat\/cfasegria\/serveis\/activitats\/\">Activitats extra-curriculars organitzades pel centre<\/a><\/li>\n<\/ul>\n<ul style=\"font-size: 16px; font-family: 'Helvetica Neue', Helvetica, Helvetica, Arial, sans-serif;\">\n<li><a href=\"https:\/\/agora.xtec.cat\/cfasegria\/serveis\/acollida\/\">Enlla\u00e7os d&#8217;inter\u00e8s general.<\/a><\/li>\n<\/ul>\n<ul>\n<li>Acollida: informaci\u00f3-orientaci\u00f3 (properament)<\/li>\n<\/ul>\n","protected":false},"author":1,"featured_media":0,"parent":0,"menu_order":0,"comment_status":"closed","ping_status":"closed","template":"page-templates\/side-menu.php","meta":{"_bbp_topic_count":0,"_bbp_reply_count":0,"_bbp_total_topic_count":0,"_bbp_total_reply_count":0,"_bbp_voice_count":0,"_bbp_anonymous_reply_count":0,"_bbp_topic_count_hidden":0,"_bbp_reply_count_hidden":0,"_bbp_forum_subforum_count":0,"footnotes":""},"class_list":["post-63","page","type-page","status-publish","hentry"],"post_mailing_queue_ids":[],"_links":{"self":[{"href":"https:\/\/agora.xtec.cat\/cfasegria\/wp-json\/wp\/v2\/pages\/63","targetHints":{"allow":["GET"]}}],"collection":[{"href":"https:\/\/agora.xtec.cat\/cfasegria\/wp-json\/wp\/v2\/pages"}],"about":[{"href":"https:\/\/agora.xtec.cat\/cfasegria\/wp-json\/wp\/v2\/types\/page"}],"author":[{"embeddable":true,"href":"https:\/\/agora.xtec.cat\/cfasegria\/wp-json\/wp\/v2\/users\/1"}],"replies":[{"embeddable":true,"href":"https:\/\/agora.xtec.cat\/cfasegria\/wp-json\/wp\/v2\/comments?post=63"}],"version-history":[{"count":3,"href":"https:\/\/agora.xtec.cat\/cfasegria\/wp-json\/wp\/v2\/pages\/63\/revisions"}],"predecessor-version":[{"id":1250,"href":"https:\/\/agora.xtec.cat\/cfasegria\/wp-json\/wp\/v2\/pages\/63\/revisions\/1250"}],"wp:attachment":[{"href":"https:\/\/agora.xtec.cat\/cfasegria\/wp-json\/wp\/v2\/media?parent=63"}],"curies":[{"name":"wp","href":"https:\/\/api.w.org\/{rel}","templated":true}]}}

<p><a href="https://agora.xtec.cat/cfasegria/wp-content/uploads/usu745/2022/03/baixa.png"><img loading="lazy" decoding="async" class="alignnone size-medium wp-image-1249" src="https://agora.xtec.cat/cfasegria/wp-content/uploads/usu745/2022/03/baixa-300x139.png" alt="" width="300" height="139" srcset="https://agora.xtec.cat/cfasegria/wp-content/uploads/usu745/2022/03/baixa-300x139.png 300w, https://agora.xtec.cat/cfasegria/wp-content/uploads/usu745/2022/03/baixa.png 330w" sizes="auto, (max-width: 300px) 100vw, 300px" /></a></p>
<p>A més de les classes, CFA Segrià ofereix un seguit d&#8217;activitats i informació de tot tipus al seu alumnat. Aquí en trobareu un recull</p>
<ul>
<li><a href="https://agora.xtec.cat/cfasegria/serveis/activitats/">Activitats extra-curriculars organitzades pel centre</a></li>
</ul>
<ul style="font-size: 16px; font-family: 'Helvetica Neue', Helvetica, Helvetica, Arial, sans-serif;">
<li><a href="https://agora.xtec.cat/cfasegria/serveis/acollida/">Enllaços d&#8217;interès general.</a></li>
</ul>
<ul>
<li>Acollida: informació-orientació (properament)</li>
</ul>

<p><a href="https://agora.xtec.cat/cfasegria/wp-content/uploads/usu745/2022/03/baixa.png"></a><br />
A més de les classes, CFA Segrià ofereix un seguit d&#8217;activitats i informació de tot tipus al seu alumnat. Aquí en trobareu un recull</p>
<ul>
<li><a href="https://agora.xtec.cat/cfasegria/serveis/activitats/">Activitats extra-curriculars organitzades pel centre</a></li>
</ul>
<ul style="font-size: 16px; font-family: 'Helvetica Neue', Helvetica, Helvetica, Arial, sans-serif;">
<li><a href="https://agora.xtec.cat/cfasegria/serveis/acollida/">Enllaços d&#8217;interès general.</a></li>
</ul>
<ul>
<li>Acollida: informació-orientació (properament)</li>
</ul>
