{"id":49,"date":"2017-11-15T16:55:55","date_gmt":"2017-11-15T15:55:55","guid":{"rendered":"http:\/\/agora.xtec.cat\/cfasegria\/?page_id=49"},"modified":"2020-09-09T19:15:18","modified_gmt":"2020-09-09T17:15:18","slug":"normes-dorganitzacio-i-funcionament","status":"publish","type":"page","link":"https:\/\/agora.xtec.cat\/cfasegria\/el-centre\/normes-dorganitzacio-i-funcionament\/","title":{"rendered":"Normes i funcionament del centre"},"content":{"rendered":"<blockquote>\n<p style=\"text-align: center;\"><strong><u>NORMES GENERALS DEL CENTRE<\/u><\/strong><\/p>\n<\/blockquote>\n<ul>\n<li>Les classes anuals comencen el mes de setembre i acaben el mes de juny. Els cursos de preparaci\u00f3 de proves d\u2019acc\u00e9s acabaran la vig\u00edlia de l\u2019examen.<\/li>\n<li>El calendari escolar \u00e9s el mateix que seguiran les escoles i els instituts, \u00e9s a dir, que tindrem els mateixos festius i per\u00edodes de vacances. Els dies de lliure disposici\u00f3 els acorda el consell escolar del centre cada curs.<\/li>\n<li>La puntualitat \u00e9s un factor que ajuda a un bon desenvolupament de les classes, per tant els preguem puntualitat.<\/li>\n<li>Per la bona marxa de la classe, \u00e9s imprescindible que cada alumne tingui els llibres i materials en les assignatures que es necessitin.<\/li>\n<li>La modalitat d\u2019ensenyament d\u2019aquest Centre \u00e9s presencial (tret del GES a dist\u00e0ncia), per la qual cosa l\u2019assist\u00e8ncia a les classes \u00e9s molt important i cada professor en far\u00e0 un seguiment que tindr\u00e0 transcend\u00e8ncia en el moment d\u2019avaluar el curs.<\/li>\n<li>Les faltes d\u2019assist\u00e8ncia dels alumnes d\u2019edats compreses entre els 16 i els 18 anys seran comunicades a les respectives fam\u00edlies.<\/li>\n<li>Les abs\u00e8ncies reiterades sense justificaci\u00f3 seran motiu de baixa acad\u00e8mica.<\/li>\n<li>Tots els ensenyaments seran objecte d\u2019avaluaci\u00f3 i el Centre emetr\u00e0 un informe en qu\u00e8 es valorar\u00e0 globalment el curs.En alguns ensenyaments reflectir\u00e0 una nota num\u00e8rica (preparaci\u00f3 per a les proves d\u2019acc\u00e9s a CFGM i CFGS). <em>(RESOLUCI\u00d3 EDU\/1871\/2007, de 15 de juny \u2013 DOGC n\u00fam. 4911 de 25.6.2007, p\u00e0g. 21195 i seg\u00fcents)<\/em><\/li>\n<li>Els ensenyaments que preparen per a proves externes (CFGM, CFGS i Acc\u00e9s a la Universitat) tenen una normativa espec\u00edfica que se\u2019ls explicar\u00e0 durant l\u2019inici de curs i en el moment en qu\u00e8 hi hagi noves informacions.<\/li>\n<li>Els demanem que, entre classe i classe, no se surti si no \u00e9s indispensable, per tal d\u2019aprofitar el temps al m\u00e0xim.<\/li>\n<li>Queda prohibit, per llei, fumar en aquest Centre.<\/li>\n<li>Els m\u00f2bils, en hores de classe, han d\u2019estar apagats excepte quan la persona docent ho demani per a la realitzaci\u00f3 d&#8217;activitats formatives.<\/li>\n<li>Els preguem que facin un \u00fas adequat i respectu\u00f3s de les instal\u00b7lacions.<\/li>\n<\/ul>\n<p><a href=\"https:\/\/docs.google.com\/viewer?a=v&amp;pid=sites&amp;srcid=ZGVmYXVsdGRvbWFpbnxjZW50cmVkZWZvcm1hY2lvZGFkdWx0c3NlZ3JpYXxneDo0MzI3NjhjZjcwMjI2ZGM0\" target=\"_blank\" rel=\"noopener noreferrer\">LOE<\/a><\/p>\n<p><a href=\"https:\/\/docs.google.com\/viewer?a=v&amp;pid=sites&amp;srcid=ZGVmYXVsdGRvbWFpbnxjZW50cmVkZWZvcm1hY2lvZGFkdWx0c3NlZ3JpYXxneDpjZDU1MGM0ZGYzNzQ5Mjg\">Decret 140-2009<\/a><\/p>\n","protected":false},"excerpt":{"rendered":"<p>NORMES GENERALS DEL CENTRE<\/p>\n<ul>\n<li>Les classes anuals comencen el mes de setembre i acaben el mes de juny. Els cursos de preparaci\u00f3 de proves d\u2019acc\u00e9s acabaran la vig\u00edlia de l\u2019examen.<\/li>\n<li>El calendari escolar \u00e9s el mateix que seguiran les escoles i els instituts, \u00e9s a dir, que&hellip;  <a href=\"https:\/\/agora.xtec.cat\/cfasegria\/el-centre\/normes-dorganitzacio-i-funcionament\/\" title=\"Read Normes i funcionament del centre\">Llegeix m\u00e9s\u00bb<\/a><br \/>\n","protected":false},"author":1,"featured_media":0,"parent":261,"menu_order":60,"comment_status":"closed","ping_status":"closed","template":"page-templates\/side-menu.php","meta":{"_bbp_topic_count":0,"_bbp_reply_count":0,"_bbp_total_topic_count":0,"_bbp_total_reply_count":0,"_bbp_voice_count":0,"_bbp_anonymous_reply_count":0,"_bbp_topic_count_hidden":0,"_bbp_reply_count_hidden":0,"_bbp_forum_subforum_count":0,"footnotes":""},"class_list":["post-49","page","type-page","status-publish","hentry"],"post_mailing_queue_ids":[],"_links":{"self":[{"href":"https:\/\/agora.xtec.cat\/cfasegria\/wp-json\/wp\/v2\/pages\/49","targetHints":{"allow":["GET"]}}],"collection":[{"href":"https:\/\/agora.xtec.cat\/cfasegria\/wp-json\/wp\/v2\/pages"}],"about":[{"href":"https:\/\/agora.xtec.cat\/cfasegria\/wp-json\/wp\/v2\/types\/page"}],"author":[{"embeddable":true,"href":"https:\/\/agora.xtec.cat\/cfasegria\/wp-json\/wp\/v2\/users\/1"}],"replies":[{"embeddable":true,"href":"https:\/\/agora.xtec.cat\/cfasegria\/wp-json\/wp\/v2\/comments?post=49"}],"version-history":[{"count":3,"href":"https:\/\/agora.xtec.cat\/cfasegria\/wp-json\/wp\/v2\/pages\/49\/revisions"}],"predecessor-version":[{"id":1062,"href":"https:\/\/agora.xtec.cat\/cfasegria\/wp-json\/wp\/v2\/pages\/49\/revisions\/1062"}],"up":[{"embeddable":true,"href":"https:\/\/agora.xtec.cat\/cfasegria\/wp-json\/wp\/v2\/pages\/261"}],"wp:attachment":[{"href":"https:\/\/agora.xtec.cat\/cfasegria\/wp-json\/wp\/v2\/media?parent=49"}],"curies":[{"name":"wp","href":"https:\/\/api.w.org\/{rel}","templated":true}]}}

<blockquote>
<p style="text-align: center;"><strong><u>NORMES GENERALS DEL CENTRE</u></strong></p>
</blockquote>
<ul>
<li>Les classes anuals comencen el mes de setembre i acaben el mes de juny. Els cursos de preparació de proves d’accés acabaran la vigília de l’examen.</li>
<li>El calendari escolar és el mateix que seguiran les escoles i els instituts, és a dir, que tindrem els mateixos festius i períodes de vacances. Els dies de lliure disposició els acorda el consell escolar del centre cada curs.</li>
<li>La puntualitat és un factor que ajuda a un bon desenvolupament de les classes, per tant els preguem puntualitat.</li>
<li>Per la bona marxa de la classe, és imprescindible que cada alumne tingui els llibres i materials en les assignatures que es necessitin.</li>
<li>La modalitat d’ensenyament d’aquest Centre és presencial (tret del GES a distància), per la qual cosa l’assistència a les classes és molt important i cada professor en farà un seguiment que tindrà transcendència en el moment d’avaluar el curs.</li>
<li>Les faltes d’assistència dels alumnes d’edats compreses entre els 16 i els 18 anys seran comunicades a les respectives famílies.</li>
<li>Les absències reiterades sense justificació seran motiu de baixa acadèmica.</li>
<li>Tots els ensenyaments seran objecte d’avaluació i el Centre emetrà un informe en què es valorarà globalment el curs.En alguns ensenyaments reflectirà una nota numèrica (preparació per a les proves d’accés a CFGM i CFGS). <em>(RESOLUCIÓ EDU/1871/2007, de 15 de juny – DOGC núm. 4911 de 25.6.2007, pàg. 21195 i següents)</em></li>
<li>Els ensenyaments que preparen per a proves externes (CFGM, CFGS i Accés a la Universitat) tenen una normativa específica que se’ls explicarà durant l’inici de curs i en el moment en què hi hagi noves informacions.</li>
<li>Els demanem que, entre classe i classe, no se surti si no és indispensable, per tal d’aprofitar el temps al màxim.</li>
<li>Queda prohibit, per llei, fumar en aquest Centre.</li>
<li>Els mòbils, en hores de classe, han d’estar apagats excepte quan la persona docent ho demani per a la realització d&#8217;activitats formatives.</li>
<li>Els preguem que facin un ús adequat i respectuós de les instal·lacions.</li>
</ul>
<p><a href="https://docs.google.com/viewer?a=v&amp;pid=sites&amp;srcid=ZGVmYXVsdGRvbWFpbnxjZW50cmVkZWZvcm1hY2lvZGFkdWx0c3NlZ3JpYXxneDo0MzI3NjhjZjcwMjI2ZGM0" target="_blank" rel="noopener noreferrer">LOE</a></p>
<p><a href="https://docs.google.com/viewer?a=v&amp;pid=sites&amp;srcid=ZGVmYXVsdGRvbWFpbnxjZW50cmVkZWZvcm1hY2lvZGFkdWx0c3NlZ3JpYXxneDpjZDU1MGM0ZGYzNzQ5Mjg">Decret 140-2009</a></p>

<p>NORMES GENERALS DEL CENTRE</p>
<ul>
<li>Les classes anuals comencen el mes de setembre i acaben el mes de juny. Els cursos de preparació de proves d’accés acabaran la vigília de l’examen.</li>
<li>El calendari escolar és el mateix que seguiran les escoles i els instituts, és a dir, que&hellip;  <a href="https://agora.xtec.cat/cfasegria/el-centre/normes-dorganitzacio-i-funcionament/" title="Read Normes i funcionament del centre">Llegeix més»</a><br />
