{"id":299,"date":"2015-01-28T11:21:22","date_gmt":"2015-01-28T10:21:22","guid":{"rendered":"http:\/\/agora.xtec.cat\/cfasegria\/?page_id=299"},"modified":"2025-05-26T13:52:24","modified_gmt":"2025-05-26T11:52:24","slug":"llengua-castellana","status":"publish","type":"page","link":"https:\/\/agora.xtec.cat\/cfasegria\/el-centre\/ensenyaments\/formacio-basica\/llengua-castellana\/","title":{"rendered":"Llengua castellana"},"content":{"rendered":"<p><img loading=\"lazy\" decoding=\"async\" class=\"alignleft\" src=\"https:\/\/live.staticflickr.com\/7448\/27018201624_ca68fbd870_b.jpg\" alt=\"Cam\u00f5es' Portrait (1983) - Julio Pomar (1926) | Centro de Art\u2026 | Flickr\" width=\"238\" height=\"299\" \/>\u00a0<strong>Llengua castellana<\/strong><\/p>\n<p>Aquests estudis tenen com a objectiu assolir un grau de compet\u00e8ncia b\u00e0sica per a comunicar-se en llengua castellana.<\/p>\n<p>Al CFA Segri\u00e0 impartim 3 nivells: castell\u00e0 1, castell\u00e0 2\u00a0 i castell\u00e0 3, que corresponen als nivells A1, A2 i B1 del MECR (Marc europeu com\u00fa de refer\u00e8ncia de les lleng\u00fces).<\/p>\n<p>Tenim diversos grups de cada nivell, distribu\u00efts en torn de mat\u00ed i\u00a0 tarda, segons les necessitats d\u2019organitzaci\u00f3 del centre. Castell\u00e0 1 s\u00f3n 3 hores setmanals i Castell\u00e0 2 i 3 , 4 hores setmanals, distribu\u00efdes en dues sessions setmanals, de setembre a juny, seguint el calendari escolar de Catalunya.<\/p>\n<p>Al nivell de castell\u00e0 1 oferim tamb\u00e9 cursos quadrimestrals. Tots tenen una durada de 105 hores.<\/p>\n<h6><\/h6>\n<h6>Continguts<\/h6>\n<p>Treballem les habilitats de comprensi\u00f3 i expressi\u00f3 oral i escrita,\u00a0 per tal de poder fer front a situacions de la vida quotidiana, d\u2019acord amb el curr\u00edculum dictat per les autoritats educatives.<\/p>\n<ul>\n<li>Recursos: llibre de l&#8217;alumne i material proporcionat pel docent.\u00a0 Aula virtual a l&#8217;entorn Moodle del centre.<\/li>\n<li>Avaluaci\u00f3: cont\u00ednua durant tot el curs.<\/li>\n<li>Presencialitat: Aquests ensenyaments s\u00f3n presencials, per tant es requereix una assist\u00e8ncia regular m\u00ednima del 80% per tal de poder ser avaluable i rebre la pertinent certificaci\u00f3.<\/li>\n<\/ul>\n<h6>Acc\u00e9s<\/h6>\n<p><strong>\u00a0<\/strong>Poden accedir a aquests estudis totes les persones que tenen m\u00e9s de 18 anys o b\u00e9 els compleixen durant l&#8217;any natural en qu\u00e8 inicien la formaci\u00f3.<\/p>\n<p>Quan hi ha un motiu justificat, tamb\u00e9 hi poden accedir les persones que tenen m\u00e9s de 16 anys i les que els compleixen durant l&#8217;any natural en qu\u00e8 inicien la formaci\u00f3. Consulteu amb el centre si us trobeu en aquesta situaci\u00f3.<\/p>\n<h6>Preinscripci\u00f3 i matr\u00edcula: <a href=\"http:\/\/agora.xtec.cat\/cfasegria\/el-centre\/preinscripcio-i-matricula\/\">http:\/\/agora.xtec.cat\/cfasegria\/el-centre\/preinscripcio-i-matricula\/<\/a><\/h6>\n<p>Cal formalitzar la preinscripci\u00f3 i la matr\u00edcula d\u2019acord amb els criteris i calendaris fixats pel Departament d\u2019Educaci\u00f3.<\/p>\n<p>Aquest estudi \u00e9s gratu\u00eft en les centres dependents del Departament d\u2019Educaci\u00f3, sens perjudici que el centre demani una \u00fanica aportaci\u00f3 de l\u2019alumnat que dona dret als materials proporcionats pel professorat (llibre de text, fotoc\u00f2pies, dossiers,\u2026) i a la participaci\u00f3 en les activitats organitzades pel centre durant el curs (festes de Nadal, fi de curs, visites, sortides, xerrades\u2026) Aquesta aportaci\u00f3 \u00e9s aprovada pel Consell Escolar cada curs.<\/p>\n<p>Durant la preinscripci\u00f3\/matr\u00edcula es realitza una entrevista personal amb un docent i una prova de nivell orientativa.<\/p>\n<p>Llegiu l&#8217;article sobre Preinscripci\u00f3 i Matr\u00edcula per m\u00e9s detalls.<\/p>\n<p><strong>Continu\u00eftat<\/strong><\/p>\n<p>Podeu trobar m\u00e9s informaci\u00f3 sobre l&#8217;aprenentatge de la llengua castellana a <a href=\"http:\/\/www.cervantes.es\">Aprenentatge del castell\u00e0<\/a>.\u00a0 \u00a0(<a href=\"https:\/\/queestudiar.gencat.cat\/ca\/estudis\/adults\/estudis\/llengua-castellana\/\">https:\/\/queestudiar.gencat.cat\/ca\/estudis\/adults\/estudis\/llengua-castellana\/<\/a> )<\/p>\n<h6>Normativa<\/h6>\n<ul>\n<li>Resoluci\u00f3 de 10 de maig de 2013, per la qual s&#8217;estableixen els curr\u00edculums dels ensenyaments corresponents a llengua catalana i castellana, llengua occitana, denominada aran\u00e8s a l&#8217;Aran, i a les lleng\u00fces estrangeres, d&#8217;aplicaci\u00f3 als centres de formaci\u00f3 d&#8217;adults que depenen del Departament d&#8217;Educaci\u00f3.\u00a0 V<span style=\"font-family: inherit; font-size: 1em;\">eure enlla\u00e7 <\/span><a style=\"font-family: inherit; font-size: 1em;\" href=\"http:\/\/educacio.gencat.cat\/documents\/IPCNormativa\/DisposicionsInternes\/Resolucio_curriculums_llengues_CFA.pdf\" target=\"_blank\" rel=\"noopener noreferrer\">Curr\u00edculum<\/a><\/li>\n<\/ul>\n","protected":false},"excerpt":{"rendered":"<p>\u00a0Llengua castellana<br \/>\nAquests estudis tenen com a objectiu assolir un grau de compet\u00e8ncia b\u00e0sica per a comunicar-se en llengua castellana.<br \/>\nAl CFA Segri\u00e0 impartim 3 nivells: castell\u00e0 1, castell\u00e0 2\u00a0 i castell\u00e0 3, que corresponen als nivells A1, A2 i B1 del MECR (Marc europeu com\u00fa de&hellip;  <a href=\"https:\/\/agora.xtec.cat\/cfasegria\/el-centre\/ensenyaments\/formacio-basica\/llengua-castellana\/\" title=\"Read Llengua castellana\">Llegeix m\u00e9s\u00bb<\/a><\/p>\n","protected":false},"author":1,"featured_media":0,"parent":283,"menu_order":0,"comment_status":"closed","ping_status":"closed","template":"page-templates\/side-menu.php","meta":{"_bbp_topic_count":0,"_bbp_reply_count":0,"_bbp_total_topic_count":0,"_bbp_total_reply_count":0,"_bbp_voice_count":0,"_bbp_anonymous_reply_count":0,"_bbp_topic_count_hidden":0,"_bbp_reply_count_hidden":0,"_bbp_forum_subforum_count":0,"footnotes":""},"class_list":["post-299","page","type-page","status-publish","hentry"],"post_mailing_queue_ids":[],"_links":{"self":[{"href":"https:\/\/agora.xtec.cat\/cfasegria\/wp-json\/wp\/v2\/pages\/299","targetHints":{"allow":["GET"]}}],"collection":[{"href":"https:\/\/agora.xtec.cat\/cfasegria\/wp-json\/wp\/v2\/pages"}],"about":[{"href":"https:\/\/agora.xtec.cat\/cfasegria\/wp-json\/wp\/v2\/types\/page"}],"author":[{"embeddable":true,"href":"https:\/\/agora.xtec.cat\/cfasegria\/wp-json\/wp\/v2\/users\/1"}],"replies":[{"embeddable":true,"href":"https:\/\/agora.xtec.cat\/cfasegria\/wp-json\/wp\/v2\/comments?post=299"}],"version-history":[{"count":5,"href":"https:\/\/agora.xtec.cat\/cfasegria\/wp-json\/wp\/v2\/pages\/299\/revisions"}],"predecessor-version":[{"id":1608,"href":"https:\/\/agora.xtec.cat\/cfasegria\/wp-json\/wp\/v2\/pages\/299\/revisions\/1608"}],"up":[{"embeddable":true,"href":"https:\/\/agora.xtec.cat\/cfasegria\/wp-json\/wp\/v2\/pages\/283"}],"wp:attachment":[{"href":"https:\/\/agora.xtec.cat\/cfasegria\/wp-json\/wp\/v2\/media?parent=299"}],"curies":[{"name":"wp","href":"https:\/\/api.w.org\/{rel}","templated":true}]}}

<p><img loading="lazy" decoding="async" class="alignleft" src="https://live.staticflickr.com/7448/27018201624_ca68fbd870_b.jpg" alt="Camões' Portrait (1983) - Julio Pomar (1926) | Centro de Art… | Flickr" width="238" height="299" /> <strong>Llengua castellana</strong></p>
<p>Aquests estudis tenen com a objectiu assolir un grau de competència bàsica per a comunicar-se en llengua castellana.</p>
<p>Al CFA Segrià impartim 3 nivells: castellà 1, castellà 2  i castellà 3, que corresponen als nivells A1, A2 i B1 del MECR (Marc europeu comú de referència de les llengües).</p>
<p>Tenim diversos grups de cada nivell, distribuïts en torn de matí i  tarda, segons les necessitats d’organització del centre. Castellà 1 són 3 hores setmanals i Castellà 2 i 3 , 4 hores setmanals, distribuïdes en dues sessions setmanals, de setembre a juny, seguint el calendari escolar de Catalunya.</p>
<p>Al nivell de castellà 1 oferim també cursos quadrimestrals. Tots tenen una durada de 105 hores.</p>
<h6></h6>
<h6>Continguts</h6>
<p>Treballem les habilitats de comprensió i expressió oral i escrita,  per tal de poder fer front a situacions de la vida quotidiana, d’acord amb el currículum dictat per les autoritats educatives.</p>
<ul>
<li>Recursos: llibre de l&#8217;alumne i material proporcionat pel docent.  Aula virtual a l&#8217;entorn Moodle del centre.</li>
<li>Avaluació: contínua durant tot el curs.</li>
<li>Presencialitat: Aquests ensenyaments són presencials, per tant es requereix una assistència regular mínima del 80% per tal de poder ser avaluable i rebre la pertinent certificació.</li>
</ul>
<h6>Accés</h6>
<p><strong> </strong>Poden accedir a aquests estudis totes les persones que tenen més de 18 anys o bé els compleixen durant l&#8217;any natural en què inicien la formació.</p>
<p>Quan hi ha un motiu justificat, també hi poden accedir les persones que tenen més de 16 anys i les que els compleixen durant l&#8217;any natural en què inicien la formació. Consulteu amb el centre si us trobeu en aquesta situació.</p>
<h6>Preinscripció i matrícula: <a href="http://agora.xtec.cat/cfasegria/el-centre/preinscripcio-i-matricula/">http://agora.xtec.cat/cfasegria/el-centre/preinscripcio-i-matricula/</a></h6>
<p>Cal formalitzar la preinscripció i la matrícula d’acord amb els criteris i calendaris fixats pel Departament d’Educació.</p>
<p>Aquest estudi és gratuït en les centres dependents del Departament d’Educació, sens perjudici que el centre demani una única aportació de l’alumnat que dona dret als materials proporcionats pel professorat (llibre de text, fotocòpies, dossiers,…) i a la participació en les activitats organitzades pel centre durant el curs (festes de Nadal, fi de curs, visites, sortides, xerrades…) Aquesta aportació és aprovada pel Consell Escolar cada curs.</p>
<p>Durant la preinscripció/matrícula es realitza una entrevista personal amb un docent i una prova de nivell orientativa.</p>
<p>Llegiu l&#8217;article sobre Preinscripció i Matrícula per més detalls.</p>
<p><strong>Continuïtat</strong></p>
<p>Podeu trobar més informació sobre l&#8217;aprenentatge de la llengua castellana a <a href="http://www.cervantes.es">Aprenentatge del castellà</a>.   (<a href="https://queestudiar.gencat.cat/ca/estudis/adults/estudis/llengua-castellana/">https://queestudiar.gencat.cat/ca/estudis/adults/estudis/llengua-castellana/</a> )</p>
<h6>Normativa</h6>
<ul>
<li>Resolució de 10 de maig de 2013, per la qual s&#8217;estableixen els currículums dels ensenyaments corresponents a llengua catalana i castellana, llengua occitana, denominada aranès a l&#8217;Aran, i a les llengües estrangeres, d&#8217;aplicació als centres de formació d&#8217;adults que depenen del Departament d&#8217;Educació.  V<span style="font-family: inherit; font-size: 1em;">eure enllaç </span><a style="font-family: inherit; font-size: 1em;" href="http://educacio.gencat.cat/documents/IPCNormativa/DisposicionsInternes/Resolucio_curriculums_llengues_CFA.pdf" target="_blank" rel="noopener noreferrer">Currículum</a></li>
</ul>

<p> Llengua castellana<br />
Aquests estudis tenen com a objectiu assolir un grau de competència bàsica per a comunicar-se en llengua castellana.<br />
Al CFA Segrià impartim 3 nivells: castellà 1, castellà 2  i castellà 3, que corresponen als nivells A1, A2 i B1 del MECR (Marc europeu comú de&hellip;  <a href="https://agora.xtec.cat/cfasegria/el-centre/ensenyaments/formacio-basica/llengua-castellana/" title="Read Llengua castellana">Llegeix més»</a></p>
