{"id":296,"date":"2015-01-28T11:18:08","date_gmt":"2015-01-28T10:18:08","guid":{"rendered":"http:\/\/agora.xtec.cat\/cfasegria\/?page_id=296"},"modified":"2021-04-20T12:15:30","modified_gmt":"2021-04-20T10:15:30","slug":"llengua-catalana","status":"publish","type":"page","link":"https:\/\/agora.xtec.cat\/cfasegria\/el-centre\/ensenyaments\/formacio-basica\/llengua-catalana\/","title":{"rendered":"Llengua catalana"},"content":{"rendered":"<p><strong><a href=\"https:\/\/agora.xtec.cat\/cfasegria\/wp-content\/uploads\/usu745\/2020\/05\/cultura-val.png\"><img loading=\"lazy\" decoding=\"async\" class=\" wp-image-944 alignleft\" src=\"https:\/\/agora.xtec.cat\/cfasegria\/wp-content\/uploads\/usu745\/2020\/05\/cultura-val.png\" alt=\"\" width=\"281\" height=\"187\" srcset=\"https:\/\/agora.xtec.cat\/cfasegria\/wp-content\/uploads\/usu745\/2020\/05\/cultura-val.png 720w, https:\/\/agora.xtec.cat\/cfasegria\/wp-content\/uploads\/usu745\/2020\/05\/cultura-val-300x200.png 300w\" sizes=\"auto, (max-width: 281px) 100vw, 281px\" \/><\/a>Llengua catalana<\/strong><\/p>\n<p>Aquests estudis tenen com a objectiu assolir un grau de compet\u00e8ncia b\u00e0sica per a comunicar-se en llengua catalana.<\/p>\n<p>Al CFA Segri\u00e0 impartim 2 nivells: catal\u00e0 1, que corresponen al nivell inicial A1 del MECR (Marc europeu com\u00fa de refer\u00e8ncia de les lleng\u00fces) i catal\u00e0 2, que correspon al nivell A2.<\/p>\n<p>Tots dos grups de catal\u00e0 s&#8217;imparteixen en torn de mat\u00ed, de 3 o 4 hores setmanals, distribu\u00efdes en dues sessions, de setembre a juny, seguint el calendari escolar de Catalunya.<\/p>\n<h5>Continguts<\/h5>\n<p>Treballem les habilitats de comprensi\u00f3 i expressi\u00f3 oral i escrita,\u00a0 per tal de poder fer front a situacions de la vida quotidiana, d\u2019acord amb el curr\u00edculum dictat per les autoritats educatives.<\/p>\n<h5>Acc\u00e9s<\/h5>\n<p><strong>\u00a0<\/strong>Poden accedir a aquests estudis totes les persones que tenen m\u00e9s de 18 anys o b\u00e9 els compleixen durant l&#8217;any natural en qu\u00e8 inicien la formaci\u00f3.<\/p>\n<p>Quan hi ha un motiu justificat, tamb\u00e9 hi poden accedir les persones que tenen m\u00e9s de 16 anys i les que els compleixen durant l&#8217;any natural en qu\u00e8 inicien la formaci\u00f3. Consulteu a <a href=\"http:\/\/queestudiar.gencat.cat\/ca\/preinscripcio\/estudis\/adults\/info-general\/\">ESTUDIAR A CATALUNYA<\/a> si us trobeu en aquesta situaci\u00f3.<\/p>\n<h5><strong>Preinscripci\u00f3 i matr\u00edcula:<\/strong> <a href=\"http:\/\/agora.xtec.cat\/cfasegria\/el-centre\/preinscripcio-i-matricula\/\">http:\/\/agora.xtec.cat\/cfasegria\/el-centre\/preinscripcio-i-matricula\/<\/a><\/h5>\n<p>Cal formalitzar la preinscripci\u00f3 i la matr\u00edcula d\u2019acord amb els criteris i calendaris fixats pel Departament d\u2019Educaci\u00f3.<\/p>\n<p>Aquest estudi \u00e9s gratu\u00eft en les centres dependents del Departament d\u2019Educaci\u00f3, sens perjudici que el centre demani una \u00fanica aportaci\u00f3 de l\u2019alumnat que dona dret als materials proporcionats pel professorat (llibre de text, fotoc\u00f2pies, dossiers,\u2026) i a la participaci\u00f3 en les activitats organitzades pel centre durant el curs (festes de Nadal, fi de curs, visites, sortides, xerrades\u2026) Aquesta aportaci\u00f3 \u00e9s aprovada pel Consell Escolar cada curs.<\/p>\n<p>Durant la preinscripci\u00f3\/matr\u00edcula es realitza una entrevista personal amb un docent i una prova de nivell orientativa.<\/p>\n<h5>Continu\u00eftat<\/h5>\n<p>Podeu trobar m\u00e9s informaci\u00f3 sobre l&#8217;aprenentatge de la llengua catalana a <a href=\"http:\/\/llengua.gencat.cat\/ca\/serveis\/aprendre_catala\">Aprenentatge<\/a> del catal\u00e0.\u00a0 A m\u00e9s, altres escoles de formaci\u00f3 de persones adultes ofereixen el nivell 3 d\u2019aquests estudis.<\/p>\n<p>(<a href=\"https:\/\/queestudiar.gencat.cat\/ca\/estudis\/adults\/estudis\/llengua-catalana\/\">https:\/\/queestudiar.gencat.cat\/ca\/estudis\/adults\/estudis\/llengua-catalana\/<\/a> )<\/p>\n<p>&nbsp;<\/p>\n<h5>Normativa<\/h5>\n<ul>\n<li>Resoluci\u00f3 de 10 de maig de 2013, per la qual s&#8217;estableixen els curr\u00edculums dels ensenyaments corresponents a llengua catalana i castellana, llengua occitana, denominada aran\u00e8s a l&#8217;Aran, i a les lleng\u00fces estrangeres, d&#8217;aplicaci\u00f3 als centres de formaci\u00f3 d&#8217;adults que depenen del Departament d&#8217;Educaci\u00f3.<\/li>\n<\/ul>\n","protected":false},"excerpt":{"rendered":"<p><a href=\"https:\/\/agora.xtec.cat\/cfasegria\/wp-content\/uploads\/usu745\/2020\/05\/cultura-val.png\"><\/a>Llengua catalana<br \/>\nAquests estudis tenen com a objectiu assolir un grau de compet\u00e8ncia b\u00e0sica per a comunicar-se en llengua catalana.<br \/>\nAl CFA Segri\u00e0 impartim 2 nivells: catal\u00e0 1, que corresponen al nivell inicial A1 del MECR (Marc europeu com\u00fa de refer\u00e8ncia de les lleng\u00fces) i catal\u00e0&hellip;  <a href=\"https:\/\/agora.xtec.cat\/cfasegria\/el-centre\/ensenyaments\/formacio-basica\/llengua-catalana\/\" title=\"Read Llengua catalana\">Llegeix m\u00e9s\u00bb<\/a><\/p>\n","protected":false},"author":1,"featured_media":0,"parent":283,"menu_order":0,"comment_status":"closed","ping_status":"closed","template":"page-templates\/side-menu.php","meta":{"_bbp_topic_count":0,"_bbp_reply_count":0,"_bbp_total_topic_count":0,"_bbp_total_reply_count":0,"_bbp_voice_count":0,"_bbp_anonymous_reply_count":0,"_bbp_topic_count_hidden":0,"_bbp_reply_count_hidden":0,"_bbp_forum_subforum_count":0,"footnotes":""},"class_list":["post-296","page","type-page","status-publish","hentry"],"post_mailing_queue_ids":[],"_links":{"self":[{"href":"https:\/\/agora.xtec.cat\/cfasegria\/wp-json\/wp\/v2\/pages\/296","targetHints":{"allow":["GET"]}}],"collection":[{"href":"https:\/\/agora.xtec.cat\/cfasegria\/wp-json\/wp\/v2\/pages"}],"about":[{"href":"https:\/\/agora.xtec.cat\/cfasegria\/wp-json\/wp\/v2\/types\/page"}],"author":[{"embeddable":true,"href":"https:\/\/agora.xtec.cat\/cfasegria\/wp-json\/wp\/v2\/users\/1"}],"replies":[{"embeddable":true,"href":"https:\/\/agora.xtec.cat\/cfasegria\/wp-json\/wp\/v2\/comments?post=296"}],"version-history":[{"count":3,"href":"https:\/\/agora.xtec.cat\/cfasegria\/wp-json\/wp\/v2\/pages\/296\/revisions"}],"predecessor-version":[{"id":1122,"href":"https:\/\/agora.xtec.cat\/cfasegria\/wp-json\/wp\/v2\/pages\/296\/revisions\/1122"}],"up":[{"embeddable":true,"href":"https:\/\/agora.xtec.cat\/cfasegria\/wp-json\/wp\/v2\/pages\/283"}],"wp:attachment":[{"href":"https:\/\/agora.xtec.cat\/cfasegria\/wp-json\/wp\/v2\/media?parent=296"}],"curies":[{"name":"wp","href":"https:\/\/api.w.org\/{rel}","templated":true}]}}

<p><strong><a href="https://agora.xtec.cat/cfasegria/wp-content/uploads/usu745/2020/05/cultura-val.png"><img loading="lazy" decoding="async" class=" wp-image-944 alignleft" src="https://agora.xtec.cat/cfasegria/wp-content/uploads/usu745/2020/05/cultura-val.png" alt="" width="281" height="187" srcset="https://agora.xtec.cat/cfasegria/wp-content/uploads/usu745/2020/05/cultura-val.png 720w, https://agora.xtec.cat/cfasegria/wp-content/uploads/usu745/2020/05/cultura-val-300x200.png 300w" sizes="auto, (max-width: 281px) 100vw, 281px" /></a>Llengua catalana</strong></p>
<p>Aquests estudis tenen com a objectiu assolir un grau de competència bàsica per a comunicar-se en llengua catalana.</p>
<p>Al CFA Segrià impartim 2 nivells: català 1, que corresponen al nivell inicial A1 del MECR (Marc europeu comú de referència de les llengües) i català 2, que correspon al nivell A2.</p>
<p>Tots dos grups de català s&#8217;imparteixen en torn de matí, de 3 o 4 hores setmanals, distribuïdes en dues sessions, de setembre a juny, seguint el calendari escolar de Catalunya.</p>
<h5>Continguts</h5>
<p>Treballem les habilitats de comprensió i expressió oral i escrita,  per tal de poder fer front a situacions de la vida quotidiana, d’acord amb el currículum dictat per les autoritats educatives.</p>
<h5>Accés</h5>
<p><strong> </strong>Poden accedir a aquests estudis totes les persones que tenen més de 18 anys o bé els compleixen durant l&#8217;any natural en què inicien la formació.</p>
<p>Quan hi ha un motiu justificat, també hi poden accedir les persones que tenen més de 16 anys i les que els compleixen durant l&#8217;any natural en què inicien la formació. Consulteu a <a href="http://queestudiar.gencat.cat/ca/preinscripcio/estudis/adults/info-general/">ESTUDIAR A CATALUNYA</a> si us trobeu en aquesta situació.</p>
<h5><strong>Preinscripció i matrícula:</strong> <a href="http://agora.xtec.cat/cfasegria/el-centre/preinscripcio-i-matricula/">http://agora.xtec.cat/cfasegria/el-centre/preinscripcio-i-matricula/</a></h5>
<p>Cal formalitzar la preinscripció i la matrícula d’acord amb els criteris i calendaris fixats pel Departament d’Educació.</p>
<p>Aquest estudi és gratuït en les centres dependents del Departament d’Educació, sens perjudici que el centre demani una única aportació de l’alumnat que dona dret als materials proporcionats pel professorat (llibre de text, fotocòpies, dossiers,…) i a la participació en les activitats organitzades pel centre durant el curs (festes de Nadal, fi de curs, visites, sortides, xerrades…) Aquesta aportació és aprovada pel Consell Escolar cada curs.</p>
<p>Durant la preinscripció/matrícula es realitza una entrevista personal amb un docent i una prova de nivell orientativa.</p>
<h5>Continuïtat</h5>
<p>Podeu trobar més informació sobre l&#8217;aprenentatge de la llengua catalana a <a href="http://llengua.gencat.cat/ca/serveis/aprendre_catala">Aprenentatge</a> del català.  A més, altres escoles de formació de persones adultes ofereixen el nivell 3 d’aquests estudis.</p>
<p>(<a href="https://queestudiar.gencat.cat/ca/estudis/adults/estudis/llengua-catalana/">https://queestudiar.gencat.cat/ca/estudis/adults/estudis/llengua-catalana/</a> )</p>
<p>&nbsp;</p>
<h5>Normativa</h5>
<ul>
<li>Resolució de 10 de maig de 2013, per la qual s&#8217;estableixen els currículums dels ensenyaments corresponents a llengua catalana i castellana, llengua occitana, denominada aranès a l&#8217;Aran, i a les llengües estrangeres, d&#8217;aplicació als centres de formació d&#8217;adults que depenen del Departament d&#8217;Educació.</li>
</ul>

<p><a href="https://agora.xtec.cat/cfasegria/wp-content/uploads/usu745/2020/05/cultura-val.png"></a>Llengua catalana<br />
Aquests estudis tenen com a objectiu assolir un grau de competència bàsica per a comunicar-se en llengua catalana.<br />
Al CFA Segrià impartim 2 nivells: català 1, que corresponen al nivell inicial A1 del MECR (Marc europeu comú de referència de les llengües) i català&hellip;  <a href="https://agora.xtec.cat/cfasegria/el-centre/ensenyaments/formacio-basica/llengua-catalana/" title="Read Llengua catalana">Llegeix més»</a></p>
