{"id":286,"date":"2015-01-28T11:07:30","date_gmt":"2015-01-28T10:07:30","guid":{"rendered":"http:\/\/agora.xtec.cat\/cfasegria\/?page_id=286"},"modified":"2020-05-26T22:58:15","modified_gmt":"2020-05-26T20:58:15","slug":"llengues","status":"publish","type":"page","link":"https:\/\/agora.xtec.cat\/cfasegria\/el-centre\/ensenyaments\/llengues\/","title":{"rendered":"Idiomes"},"content":{"rendered":"<p>&nbsp;<\/p>\n<p>Al CFA Segri\u00e0 oferim les lleng\u00fces seg\u00fcents. Cliqueu sobre els ensenyaments que us interessin:<\/p>\n<table style=\"width: 805px;\">\n<tbody>\n<tr>\n<td style=\"width: 263px;\"><a href=\"https:\/\/agora.xtec.cat\/cfasegria\/el-centre\/ensenyaments\/formacio-basica\/llengua-catalana\/\"><img loading=\"lazy\" decoding=\"async\" class=\"alignnone wp-image-891\" src=\"https:\/\/agora.xtec.cat\/cfasegria\/wp-content\/uploads\/usu745\/2020\/05\/CATAL\u00c0-1024x1024.jpg\" alt=\"\" width=\"350\" height=\"350\" srcset=\"https:\/\/agora.xtec.cat\/cfasegria\/wp-content\/uploads\/usu745\/2020\/05\/CATAL\u00c0-1024x1024.jpg 1024w, https:\/\/agora.xtec.cat\/cfasegria\/wp-content\/uploads\/usu745\/2020\/05\/CATAL\u00c0-150x150.jpg 150w, https:\/\/agora.xtec.cat\/cfasegria\/wp-content\/uploads\/usu745\/2020\/05\/CATAL\u00c0-300x300.jpg 300w, https:\/\/agora.xtec.cat\/cfasegria\/wp-content\/uploads\/usu745\/2020\/05\/CATAL\u00c0-768x768.jpg 768w, https:\/\/agora.xtec.cat\/cfasegria\/wp-content\/uploads\/usu745\/2020\/05\/CATAL\u00c0.jpg 1080w\" sizes=\"auto, (max-width: 350px) 100vw, 350px\" \/><\/a><\/td>\n<td style=\"width: 266px;\"><a style=\"color: #2795b6;\" href=\"https:\/\/agora.xtec.cat\/cfasegria\/el-centre\/ensenyaments\/formacio-basica\/llengua-castellana\/\"><img loading=\"lazy\" decoding=\"async\" class=\"alignnone wp-image-889\" src=\"https:\/\/agora.xtec.cat\/cfasegria\/wp-content\/uploads\/usu745\/2020\/05\/CASTELL\u00c0-1024x1024.jpg\" alt=\"\" width=\"350\" height=\"350\" srcset=\"https:\/\/agora.xtec.cat\/cfasegria\/wp-content\/uploads\/usu745\/2020\/05\/CASTELL\u00c0-1024x1024.jpg 1024w, https:\/\/agora.xtec.cat\/cfasegria\/wp-content\/uploads\/usu745\/2020\/05\/CASTELL\u00c0-150x150.jpg 150w, https:\/\/agora.xtec.cat\/cfasegria\/wp-content\/uploads\/usu745\/2020\/05\/CASTELL\u00c0-300x300.jpg 300w, https:\/\/agora.xtec.cat\/cfasegria\/wp-content\/uploads\/usu745\/2020\/05\/CASTELL\u00c0-768x768.jpg 768w, https:\/\/agora.xtec.cat\/cfasegria\/wp-content\/uploads\/usu745\/2020\/05\/CASTELL\u00c0.jpg 1080w\" sizes=\"auto, (max-width: 350px) 100vw, 350px\" \/><\/a><\/td>\n<td style=\"width: 266px;\"><a style=\"color: #2795b6;\" href=\"https:\/\/agora.xtec.cat\/cfasegria\/el-centre\/ensenyaments\/llengues\/llengua-anglesa\/\"><img loading=\"lazy\" decoding=\"async\" class=\"alignnone wp-image-890\" src=\"https:\/\/agora.xtec.cat\/cfasegria\/wp-content\/uploads\/usu745\/2020\/05\/ANGL\u00c8S-1024x1024.jpg\" alt=\"\" width=\"350\" height=\"350\" srcset=\"https:\/\/agora.xtec.cat\/cfasegria\/wp-content\/uploads\/usu745\/2020\/05\/ANGL\u00c8S-1024x1024.jpg 1024w, https:\/\/agora.xtec.cat\/cfasegria\/wp-content\/uploads\/usu745\/2020\/05\/ANGL\u00c8S-150x150.jpg 150w, https:\/\/agora.xtec.cat\/cfasegria\/wp-content\/uploads\/usu745\/2020\/05\/ANGL\u00c8S-300x300.jpg 300w, https:\/\/agora.xtec.cat\/cfasegria\/wp-content\/uploads\/usu745\/2020\/05\/ANGL\u00c8S-768x768.jpg 768w, https:\/\/agora.xtec.cat\/cfasegria\/wp-content\/uploads\/usu745\/2020\/05\/ANGL\u00c8S.jpg 1080w\" sizes=\"auto, (max-width: 350px) 100vw, 350px\" \/><\/a><\/td>\n<\/tr>\n<\/tbody>\n<\/table>\n<p>&nbsp;<\/p>\n","protected":false},"excerpt":{"rendered":"<p>&nbsp;<br \/>\nAl CFA Segri\u00e0 oferim les lleng\u00fces seg\u00fcents. Cliqueu sobre els ensenyaments que us interessin:<\/p>\n<p><a href=\"https:\/\/agora.xtec.cat\/cfasegria\/el-centre\/ensenyaments\/formacio-basica\/llengua-catalana\/\"><\/a><br \/>\n<a style=\"color: #2795b6;\" href=\"https:\/\/agora.xtec.cat\/cfasegria\/el-centre\/ensenyaments\/formacio-basica\/llengua-castellana\/\"><\/a><br \/>\n<a style=\"color: #2795b6;\" href=\"https:\/\/agora.xtec.cat\/cfasegria\/el-centre\/ensenyaments\/llengues\/llengua-anglesa\/\"><\/a><\/p>\n<p>&nbsp;<\/p>\n","protected":false},"author":1,"featured_media":0,"parent":274,"menu_order":0,"comment_status":"closed","ping_status":"closed","template":"page-templates\/side-menu.php","meta":{"_bbp_topic_count":0,"_bbp_reply_count":0,"_bbp_total_topic_count":0,"_bbp_total_reply_count":0,"_bbp_voice_count":0,"_bbp_anonymous_reply_count":0,"_bbp_topic_count_hidden":0,"_bbp_reply_count_hidden":0,"_bbp_forum_subforum_count":0,"footnotes":""},"class_list":["post-286","page","type-page","status-publish","hentry"],"post_mailing_queue_ids":[],"_links":{"self":[{"href":"https:\/\/agora.xtec.cat\/cfasegria\/wp-json\/wp\/v2\/pages\/286","targetHints":{"allow":["GET"]}}],"collection":[{"href":"https:\/\/agora.xtec.cat\/cfasegria\/wp-json\/wp\/v2\/pages"}],"about":[{"href":"https:\/\/agora.xtec.cat\/cfasegria\/wp-json\/wp\/v2\/types\/page"}],"author":[{"embeddable":true,"href":"https:\/\/agora.xtec.cat\/cfasegria\/wp-json\/wp\/v2\/users\/1"}],"replies":[{"embeddable":true,"href":"https:\/\/agora.xtec.cat\/cfasegria\/wp-json\/wp\/v2\/comments?post=286"}],"version-history":[{"count":4,"href":"https:\/\/agora.xtec.cat\/cfasegria\/wp-json\/wp\/v2\/pages\/286\/revisions"}],"predecessor-version":[{"id":918,"href":"https:\/\/agora.xtec.cat\/cfasegria\/wp-json\/wp\/v2\/pages\/286\/revisions\/918"}],"up":[{"embeddable":true,"href":"https:\/\/agora.xtec.cat\/cfasegria\/wp-json\/wp\/v2\/pages\/274"}],"wp:attachment":[{"href":"https:\/\/agora.xtec.cat\/cfasegria\/wp-json\/wp\/v2\/media?parent=286"}],"curies":[{"name":"wp","href":"https:\/\/api.w.org\/{rel}","templated":true}]}}

<p>&nbsp;</p>
<p>Al CFA Segrià oferim les llengües següents. Cliqueu sobre els ensenyaments que us interessin:</p>
<table style="width: 805px;">
<tbody>
<tr>
<td style="width: 263px;"><a href="https://agora.xtec.cat/cfasegria/el-centre/ensenyaments/formacio-basica/llengua-catalana/"><img loading="lazy" decoding="async" class="alignnone wp-image-891" src="https://agora.xtec.cat/cfasegria/wp-content/uploads/usu745/2020/05/CATALÀ-1024x1024.jpg" alt="" width="350" height="350" srcset="https://agora.xtec.cat/cfasegria/wp-content/uploads/usu745/2020/05/CATALÀ-1024x1024.jpg 1024w, https://agora.xtec.cat/cfasegria/wp-content/uploads/usu745/2020/05/CATALÀ-150x150.jpg 150w, https://agora.xtec.cat/cfasegria/wp-content/uploads/usu745/2020/05/CATALÀ-300x300.jpg 300w, https://agora.xtec.cat/cfasegria/wp-content/uploads/usu745/2020/05/CATALÀ-768x768.jpg 768w, https://agora.xtec.cat/cfasegria/wp-content/uploads/usu745/2020/05/CATALÀ.jpg 1080w" sizes="auto, (max-width: 350px) 100vw, 350px" /></a></td>
<td style="width: 266px;"><a style="color: #2795b6;" href="https://agora.xtec.cat/cfasegria/el-centre/ensenyaments/formacio-basica/llengua-castellana/"><img loading="lazy" decoding="async" class="alignnone wp-image-889" src="https://agora.xtec.cat/cfasegria/wp-content/uploads/usu745/2020/05/CASTELLÀ-1024x1024.jpg" alt="" width="350" height="350" srcset="https://agora.xtec.cat/cfasegria/wp-content/uploads/usu745/2020/05/CASTELLÀ-1024x1024.jpg 1024w, https://agora.xtec.cat/cfasegria/wp-content/uploads/usu745/2020/05/CASTELLÀ-150x150.jpg 150w, https://agora.xtec.cat/cfasegria/wp-content/uploads/usu745/2020/05/CASTELLÀ-300x300.jpg 300w, https://agora.xtec.cat/cfasegria/wp-content/uploads/usu745/2020/05/CASTELLÀ-768x768.jpg 768w, https://agora.xtec.cat/cfasegria/wp-content/uploads/usu745/2020/05/CASTELLÀ.jpg 1080w" sizes="auto, (max-width: 350px) 100vw, 350px" /></a></td>
<td style="width: 266px;"><a style="color: #2795b6;" href="https://agora.xtec.cat/cfasegria/el-centre/ensenyaments/llengues/llengua-anglesa/"><img loading="lazy" decoding="async" class="alignnone wp-image-890" src="https://agora.xtec.cat/cfasegria/wp-content/uploads/usu745/2020/05/ANGLÈS-1024x1024.jpg" alt="" width="350" height="350" srcset="https://agora.xtec.cat/cfasegria/wp-content/uploads/usu745/2020/05/ANGLÈS-1024x1024.jpg 1024w, https://agora.xtec.cat/cfasegria/wp-content/uploads/usu745/2020/05/ANGLÈS-150x150.jpg 150w, https://agora.xtec.cat/cfasegria/wp-content/uploads/usu745/2020/05/ANGLÈS-300x300.jpg 300w, https://agora.xtec.cat/cfasegria/wp-content/uploads/usu745/2020/05/ANGLÈS-768x768.jpg 768w, https://agora.xtec.cat/cfasegria/wp-content/uploads/usu745/2020/05/ANGLÈS.jpg 1080w" sizes="auto, (max-width: 350px) 100vw, 350px" /></a></td>
</tr>
</tbody>
</table>
<p>&nbsp;</p>

<p>&nbsp;<br />
Al CFA Segrià oferim les llengües següents. Cliqueu sobre els ensenyaments que us interessin:</p>
<p><a href="https://agora.xtec.cat/cfasegria/el-centre/ensenyaments/formacio-basica/llengua-catalana/"></a><br />
<a style="color: #2795b6;" href="https://agora.xtec.cat/cfasegria/el-centre/ensenyaments/formacio-basica/llengua-castellana/"></a><br />
<a style="color: #2795b6;" href="https://agora.xtec.cat/cfasegria/el-centre/ensenyaments/llengues/llengua-anglesa/"></a></p>
<p>&nbsp;</p>
