{"id":274,"date":"2015-01-27T17:56:20","date_gmt":"2015-01-27T16:56:20","guid":{"rendered":"http:\/\/agora.xtec.cat\/cfasegria\/?page_id=274"},"modified":"2025-06-19T13:31:42","modified_gmt":"2025-06-19T11:31:42","slug":"ensenyaments","status":"publish","type":"page","link":"https:\/\/agora.xtec.cat\/cfasegria\/el-centre\/ensenyaments\/","title":{"rendered":"Ensenyaments"},"content":{"rendered":"<h3><strong>Aprenentatges al llarg de la vida<\/strong><\/h3>\n<p style=\"text-align: justify;\"><a href=\"https:\/\/agora.xtec.cat\/cfasegria\/wp-content\/uploads\/usu745\/2020\/05\/online-3412498_1920.jpg\"><img loading=\"lazy\" decoding=\"async\" class=\"wp-image-861 alignleft\" src=\"https:\/\/agora.xtec.cat\/cfasegria\/wp-content\/uploads\/usu745\/2020\/05\/online-3412498_1920-1024x683.jpg\" alt=\"\" width=\"253\" height=\"170\" srcset=\"https:\/\/agora.xtec.cat\/cfasegria\/wp-content\/uploads\/usu745\/2020\/05\/online-3412498_1920-1024x683.jpg 1024w, https:\/\/agora.xtec.cat\/cfasegria\/wp-content\/uploads\/usu745\/2020\/05\/online-3412498_1920-300x200.jpg 300w, https:\/\/agora.xtec.cat\/cfasegria\/wp-content\/uploads\/usu745\/2020\/05\/online-3412498_1920-768x512.jpg 768w, https:\/\/agora.xtec.cat\/cfasegria\/wp-content\/uploads\/usu745\/2020\/05\/online-3412498_1920.jpg 1920w\" sizes=\"auto, (max-width: 253px) 100vw, 253px\" \/><\/a>L\u2019educaci\u00f3 d\u2019adults compr\u00e8n les activitats d\u2019aprenentatge que, en el marc d\u2019aprendre al llarg de tota la vida, permet que les persones\u00a0 adultes desenvolupin les capacitats, enriqueixin els coneixements i millorin les compet\u00e8ncies t\u00e8cniques i professionals. Aix\u00f2 fa que hi participin persones amb objectius diferents, com poden ser obtenir una titulaci\u00f3, posar-se al dia o ampliar els coneixements.<\/p>\n<p style=\"text-align: justify;\">L\u2019oferta educativa dels centres d&#8217;educaci\u00f3 de persones adultes a Catalunya t\u00e9 com a finalitat respondre a les necessitats i demandes formatives de l\u2019entorn.<\/p>\n<h6 style=\"text-align: justify;\">L\u2019<strong>oferta educativa<\/strong> del Centre de Formaci\u00f3\u00a0 d&#8217;Adults Segri\u00e0 \u00e9s la seg\u00fcent:<\/h6>\n<ul>\n<li>\n<h5><a href=\"https:\/\/agora.xtec.cat\/cfasegria\/el-centre\/ensenyaments\/llengues\/\"><strong>Ensenyaments de lleng\u00fces<\/strong>:<\/a><\/h5>\n<ul>\n<li><a href=\"https:\/\/agora.xtec.cat\/cfasegria\/el-centre\/ensenyaments\/formacio-basica\/llengua-catalana\/\">Llengua catalana<\/a>&#8211; A1 i A2 i <em>B1 (*si hi ha prou demanda)<\/em><\/li>\n<li><a href=\"https:\/\/agora.xtec.cat\/cfasegria\/el-centre\/ensenyaments\/formacio-basica\/llengua-castellana\/\">Llengua castellana<\/a> &#8211; A1, A2 i B1\u00a0<span style=\"color: #ff0000;\"> ( Castell\u00e0 1 &#8211; cursos anuals i quadrimestrals)<\/span><\/li>\n<li><a href=\"https:\/\/agora.xtec.cat\/cfasegria\/el-centre\/ensenyaments\/llengues\/llengua-anglesa\/\">Llengua anglesa &#8211; A1, A2.1 i A2.2<\/a><\/li>\n<\/ul>\n<\/li>\n<li>\n<h5><strong><a href=\"https:\/\/agora.xtec.cat\/cfasegria\/el-centre\/ensenyaments\/competencia-digital-competic\/\">\u00a0COMPETIC (Compet\u00e8ncies en TIC\/inform\u00e0tica)<\/a><\/strong><\/h5>\n<ul>\n<li>Nivell Inicial,<\/li>\n<li>Nivell 1 &#8211; equivalent a l&#8217;ACTIC inicial,<\/li>\n<li>Nivell 2 &#8211; equivalent a l&#8217;ACTIC mitj\u00e0,<\/li>\n<li>Nivell 3 &#8211; equivalent a l&#8217;ACTIC avan\u00e7at,<\/li>\n<\/ul>\n<\/li>\n<li>\n<h5><strong><a href=\"http:\/\/agora.xtec.cat\/cfasegria\/el-centre\/ensenyaments\/graduat-en-educacio-secundaria-per-adults\/\">Graduat d&#8217;Educaci\u00f3 Secund\u00e0ria per a les persones adultes<\/a><\/strong><\/h5>\n<\/li>\n<li>\n<h5><strong><a href=\"https:\/\/agora.xtec.cat\/cfasegria\/el-centre\/ensenyaments\/ensenyaments-per-a-la-preparacio-de-proves-dacces\/\">Cursos de preparaci\u00f3 per a les proves d\u2019acc\u00e9s<\/a><\/strong><\/h5>\n<ul>\n<li><a href=\"https:\/\/agora.xtec.cat\/cfasegria\/el-centre\/ensenyaments\/ensenyaments-per-a-la-preparacio-de-proves-dacces\/a-cicles-formatius-de-grau-mitja\/\">Cicles Formatius de grau mitj\u00e0,<\/a><\/li>\n<li><a href=\"https:\/\/agora.xtec.cat\/cfasegria\/el-centre\/ensenyaments\/ensenyaments-per-a-la-preparacio-de-proves-dacces\/a-cicles-formatius-de-grau-superior\/\">Cicles Formatius de grau superior,<\/a><\/li>\n<li><a href=\"https:\/\/agora.xtec.cat\/cfasegria\/el-centre\/ensenyaments\/ensenyaments-per-a-la-preparacio-de-proves-dacces\/a-la-universitat-per-a-majors-de-25-anys\/\">Universitat per a majors de 25 i de 45 anys,<\/a><\/li>\n<\/ul>\n<\/li>\n<li>\n<h5><a href=\"https:\/\/agora.xtec.cat\/cfasegria\/el-centre\/ensenyaments\/formacio-basica\/\"><strong>Cicle de Formaci\u00f3 Instrumental<\/strong><\/a><\/h5>\n<\/li>\n<\/ul>\n","protected":false},"excerpt":{"rendered":"<p>Aprenentatges al llarg de la vida<br \/>\n<a href=\"https:\/\/agora.xtec.cat\/cfasegria\/wp-content\/uploads\/usu745\/2020\/05\/online-3412498_1920.jpg\"><\/a>L\u2019educaci\u00f3 d\u2019adults compr\u00e8n les activitats d\u2019aprenentatge que, en el marc d\u2019aprendre al llarg de tota la vida, permet que les persones\u00a0 adultes desenvolupin les capacitats, enriqueixin els coneixements i millorin les compet\u00e8ncies t\u00e8cniques i professionals. Aix\u00f2 fa que hi&hellip;  <a href=\"https:\/\/agora.xtec.cat\/cfasegria\/el-centre\/ensenyaments\/\" title=\"Read Ensenyaments\">Llegeix m\u00e9s\u00bb<\/a><\/p>\n","protected":false},"author":1,"featured_media":0,"parent":261,"menu_order":0,"comment_status":"closed","ping_status":"closed","template":"page-templates\/side-menu.php","meta":{"_bbp_topic_count":0,"_bbp_reply_count":0,"_bbp_total_topic_count":0,"_bbp_total_reply_count":0,"_bbp_voice_count":0,"_bbp_anonymous_reply_count":0,"_bbp_topic_count_hidden":0,"_bbp_reply_count_hidden":0,"_bbp_forum_subforum_count":0,"footnotes":""},"class_list":["post-274","page","type-page","status-publish","hentry"],"post_mailing_queue_ids":[],"_links":{"self":[{"href":"https:\/\/agora.xtec.cat\/cfasegria\/wp-json\/wp\/v2\/pages\/274","targetHints":{"allow":["GET"]}}],"collection":[{"href":"https:\/\/agora.xtec.cat\/cfasegria\/wp-json\/wp\/v2\/pages"}],"about":[{"href":"https:\/\/agora.xtec.cat\/cfasegria\/wp-json\/wp\/v2\/types\/page"}],"author":[{"embeddable":true,"href":"https:\/\/agora.xtec.cat\/cfasegria\/wp-json\/wp\/v2\/users\/1"}],"replies":[{"embeddable":true,"href":"https:\/\/agora.xtec.cat\/cfasegria\/wp-json\/wp\/v2\/comments?post=274"}],"version-history":[{"count":7,"href":"https:\/\/agora.xtec.cat\/cfasegria\/wp-json\/wp\/v2\/pages\/274\/revisions"}],"predecessor-version":[{"id":1615,"href":"https:\/\/agora.xtec.cat\/cfasegria\/wp-json\/wp\/v2\/pages\/274\/revisions\/1615"}],"up":[{"embeddable":true,"href":"https:\/\/agora.xtec.cat\/cfasegria\/wp-json\/wp\/v2\/pages\/261"}],"wp:attachment":[{"href":"https:\/\/agora.xtec.cat\/cfasegria\/wp-json\/wp\/v2\/media?parent=274"}],"curies":[{"name":"wp","href":"https:\/\/api.w.org\/{rel}","templated":true}]}}