{"id":27,"date":"2014-09-17T16:24:03","date_gmt":"2014-09-17T16:24:03","guid":{"rendered":"http:\/\/agora.xtec.cat\/cfasegria\/?page_id=27"},"modified":"2023-06-14T19:43:38","modified_gmt":"2023-06-14T17:43:38","slug":"historia","status":"publish","type":"page","link":"https:\/\/agora.xtec.cat\/cfasegria\/el-centre\/historia\/","title":{"rendered":"Hist\u00f2ria"},"content":{"rendered":"<blockquote>\n<p style=\"text-align: justify;\">El Centre de Formaci\u00f3 d\u2019Adults (CFA) \u201cSEGRI\u00c0\u201d es va crear pel DECRET 402\/1987, de 3 de desembre (DOGC n\u00fam. 942, 22.01.88).\u00a0 No obstant aix\u00f2, l&#8217;edifici situat al carrer de Santa Cec\u00edlia de Lleida va comen\u00e7ar a acollir la formaci\u00f3 d\u2019adults el curs 81-82, i compartia alguns espais amb el col\u00b7legi \u201cCamps Elisis\u201d, el dels nens.\u00a0 Entre l\u2019any 2005 i el 2020 el CFA \u201cSEGRI\u00c0\u201d va disposar de tots els espais de l\u2019edifici per a la nostra activitat docent.\u00a0 L&#8217;estiu del 2020, en plena pand\u00e8mia, l&#8217;escola d&#8217;adults es va traslladar al barri de la Bordeta, on seguim realitzant les mateixes activitats educatives, en un edifici m\u00e9s modern i amb millors equipaments.<\/p>\n<div style=\"text-align: justify;\">\u00a0Sempre hem estat un centre de titularitat p\u00fablica.\u00a0 Vam comen\u00e7ar la nostra tasca pertanyent al Departament d\u2019Ensenyament.\u00a0 L\u2019any 1988, pel DECRET 186\/1988, d\u20191 d\u2019agost (DOGC n\u00fam. 1030, 12.08.88), La Formaci\u00f3 d\u2019Adults va ser traspassada al Departament de Benestar Social, dins del qual vam desenvolupar la nostra activitat fins que l\u2019any 2004, pel DECRET 282\/2004, d\u201911 de maig (DOGC n\u00fam. 4132, 13.05.04), vam ser traspassats de nou al Departament d\u2019Educaci\u00f3, on romanem fins l\u2019actualitat.<\/div>\n<\/blockquote>\n<div><\/div>\n<div><\/div>\n<div><\/div>\n<blockquote>\n<h3 style=\"text-align: justify;\"><strong>L&#8217;edifici dels Camps Elisis<\/strong><\/h3>\n<div><img decoding=\"async\" class=\"alignleft\" src=\"https:\/\/encrypted-tbn0.gstatic.com\/images?q=tbn:ANd9GcQP-l6k0KTbZztLlBK77O91GxDVsG1AxCosfQ&amp;usqp=CAU\" alt=\"QUINA LA FEM?: [928] Velles vistes dels Camps Elisis\" \/><\/div>\n<div style=\"text-align: justify;\">\u00a0 L\u2019edifici que vam ocupar fins el 2020 data de l\u2019any 1920, tal com indica un medall\u00f3 damunt la porta d\u2019acc\u00e9s.\u00a0 \u00c9s un edifici amb hist\u00f2ria:\u00a0 ha \u201cviscut\u201d la dictadura de Primo de Rivera (1923-30), la Rep\u00fablica (1931-36), la Guerra Civil (1936-39), la Dictadura del General Franco (1939-75) i la Democr\u00e0cia (1975, \u2026), passant per la riuada de 1982.\u00a0 Molta gent gran el recorda carinyosament com el col\u00b7legi de la seva infantesa.\u00a0 \u00c9s una construcci\u00f3 catalogada dins el \u201cPla especial dels elements hist\u00f2rico-art\u00edstics de Lleida\u201d, d\u2019estil d\u2019historicisme classicista, amb una barreja d\u2019elements propis del Modernisme, com ara l\u2019enrajolat de l\u2019arrimador del porxo d\u2019entrada;\u00a0 en canvi, els acabats de la fa\u00e7ana\u00a0 -escut, medallons i cornises-\u00a0 s\u00f3n classicistes.\u00a0 El projecte \u00e9s de l\u2019arquitecte Florensa i es finalitz\u00e0 el 1920.\u00a0 L\u2019esgrafiat es va fer en un moment posterior que no s\u2019ha pogut precisar.\u00a0 Se situa a la fa\u00e7ana principal anunciant l\u2019activitat escolar per la qual es constru\u00ed l\u2019edifici, activitat que s\u2019hi continua practicant i que d\u00f3na un plus al valor hist\u00f2ric i arquitect\u00f2nic de la construcci\u00f3. L\u2019altre \u00fas habitual \u00e9s la de ser col\u00b7legi electoral en tots els comicis, des de l\u2019inici de la democr\u00e0cia.\u00a0 Com a dues dades anecd\u00f2tiques cal esmentar que les rajoles del primer pis s\u00f3n encara les originals i que s\u2019hi van rodar les escenes interiors del documental que el diari Segre i TV Lleida van fer sobre el bombardeig del Liceu Escolar durant la Guerra Civil Espanyola, i que van presentar pel cinema i van distribuir en format DVD l&#8217;any 2007.<\/div>\n<\/blockquote>\n<p style=\"text-align: justify;\">\n","protected":false},"excerpt":{"rendered":"<p>El Centre de Formaci\u00f3 d\u2019Adults (CFA) \u201cSEGRI\u00c0\u201d es va crear pel DECRET 402\/1987, de 3 de desembre (DOGC n\u00fam. 942, 22.01.88).\u00a0 No obstant aix\u00f2, l&#8217;edifici situat al carrer de Santa Cec\u00edlia de Lleida va comen\u00e7ar a acollir la formaci\u00f3 d\u2019adults el curs 81-82, i compartia&hellip;  <a href=\"https:\/\/agora.xtec.cat\/cfasegria\/el-centre\/historia\/\" title=\"Read Hist\u00f2ria\">Llegeix m\u00e9s\u00bb<\/a><\/p>\n","protected":false},"author":1,"featured_media":0,"parent":261,"menu_order":20,"comment_status":"closed","ping_status":"closed","template":"page-templates\/side-menu.php","meta":{"_bbp_topic_count":0,"_bbp_reply_count":0,"_bbp_total_topic_count":0,"_bbp_total_reply_count":0,"_bbp_voice_count":0,"_bbp_anonymous_reply_count":0,"_bbp_topic_count_hidden":0,"_bbp_reply_count_hidden":0,"_bbp_forum_subforum_count":0,"footnotes":""},"class_list":["post-27","page","type-page","status-publish","hentry"],"post_mailing_queue_ids":[],"_links":{"self":[{"href":"https:\/\/agora.xtec.cat\/cfasegria\/wp-json\/wp\/v2\/pages\/27","targetHints":{"allow":["GET"]}}],"collection":[{"href":"https:\/\/agora.xtec.cat\/cfasegria\/wp-json\/wp\/v2\/pages"}],"about":[{"href":"https:\/\/agora.xtec.cat\/cfasegria\/wp-json\/wp\/v2\/types\/page"}],"author":[{"embeddable":true,"href":"https:\/\/agora.xtec.cat\/cfasegria\/wp-json\/wp\/v2\/users\/1"}],"replies":[{"embeddable":true,"href":"https:\/\/agora.xtec.cat\/cfasegria\/wp-json\/wp\/v2\/comments?post=27"}],"version-history":[{"count":3,"href":"https:\/\/agora.xtec.cat\/cfasegria\/wp-json\/wp\/v2\/pages\/27\/revisions"}],"predecessor-version":[{"id":1388,"href":"https:\/\/agora.xtec.cat\/cfasegria\/wp-json\/wp\/v2\/pages\/27\/revisions\/1388"}],"up":[{"embeddable":true,"href":"https:\/\/agora.xtec.cat\/cfasegria\/wp-json\/wp\/v2\/pages\/261"}],"wp:attachment":[{"href":"https:\/\/agora.xtec.cat\/cfasegria\/wp-json\/wp\/v2\/media?parent=27"}],"curies":[{"name":"wp","href":"https:\/\/api.w.org\/{rel}","templated":true}]}}

Història

<blockquote>
<p style="text-align: justify;">El Centre de Formació d’Adults (CFA) “SEGRIÀ” es va crear pel DECRET 402/1987, de 3 de desembre (DOGC núm. 942, 22.01.88).  No obstant això, l&#8217;edifici situat al carrer de Santa Cecília de Lleida va començar a acollir la formació d’adults el curs 81-82, i compartia alguns espais amb el col·legi “Camps Elisis”, el dels nens.  Entre l’any 2005 i el 2020 el CFA “SEGRIÀ” va disposar de tots els espais de l’edifici per a la nostra activitat docent.  L&#8217;estiu del 2020, en plena pandèmia, l&#8217;escola d&#8217;adults es va traslladar al barri de la Bordeta, on seguim realitzant les mateixes activitats educatives, en un edifici més modern i amb millors equipaments.</p>
<div style="text-align: justify;"> Sempre hem estat un centre de titularitat pública.  Vam començar la nostra tasca pertanyent al Departament d’Ensenyament.  L’any 1988, pel DECRET 186/1988, d’1 d’agost (DOGC núm. 1030, 12.08.88), La Formació d’Adults va ser traspassada al Departament de Benestar Social, dins del qual vam desenvolupar la nostra activitat fins que l’any 2004, pel DECRET 282/2004, d’11 de maig (DOGC núm. 4132, 13.05.04), vam ser traspassats de nou al Departament d’Educació, on romanem fins l’actualitat.</div>
</blockquote>
<div></div>
<div></div>
<div></div>
<blockquote>
<h3 style="text-align: justify;"><strong>L&#8217;edifici dels Camps Elisis</strong></h3>
<div><img decoding="async" class="alignleft" src="https://encrypted-tbn0.gstatic.com/images?q=tbn:ANd9GcQP-l6k0KTbZztLlBK77O91GxDVsG1AxCosfQ&amp;usqp=CAU" alt="QUINA LA FEM?: [928] Velles vistes dels Camps Elisis" /></div>
<div style="text-align: justify;">  L’edifici que vam ocupar fins el 2020 data de l’any 1920, tal com indica un medalló damunt la porta d’accés.  És un edifici amb història:  ha “viscut” la dictadura de Primo de Rivera (1923-30), la República (1931-36), la Guerra Civil (1936-39), la Dictadura del General Franco (1939-75) i la Democràcia (1975, …), passant per la riuada de 1982.  Molta gent gran el recorda carinyosament com el col·legi de la seva infantesa.  És una construcció catalogada dins el “Pla especial dels elements històrico-artístics de Lleida”, d’estil d’historicisme classicista, amb una barreja d’elements propis del Modernisme, com ara l’enrajolat de l’arrimador del porxo d’entrada;  en canvi, els acabats de la façana  -escut, medallons i cornises-  són classicistes.  El projecte és de l’arquitecte Florensa i es finalitzà el 1920.  L’esgrafiat es va fer en un moment posterior que no s’ha pogut precisar.  Se situa a la façana principal anunciant l’activitat escolar per la qual es construí l’edifici, activitat que s’hi continua practicant i que dóna un plus al valor històric i arquitectònic de la construcció. L’altre ús habitual és la de ser col·legi electoral en tots els comicis, des de l’inici de la democràcia.  Com a dues dades anecdòtiques cal esmentar que les rajoles del primer pis són encara les originals i que s’hi van rodar les escenes interiors del documental que el diari Segre i TV Lleida van fer sobre el bombardeig del Liceu Escolar durant la Guerra Civil Espanyola, i que van presentar pel cinema i van distribuir en format DVD l&#8217;any 2007.</div>
</blockquote>
<p style="text-align: justify;">

<p>El Centre de Formació d’Adults (CFA) “SEGRIÀ” es va crear pel DECRET 402/1987, de 3 de desembre (DOGC núm. 942, 22.01.88).  No obstant això, l&#8217;edifici situat al carrer de Santa Cecília de Lleida va començar a acollir la formació d’adults el curs 81-82, i compartia&hellip;  <a href="https://agora.xtec.cat/cfasegria/el-centre/historia/" title="Read Història">Llegeix més»</a></p>
