{"id":21,"date":"2014-09-17T16:14:14","date_gmt":"2014-09-17T16:14:14","guid":{"rendered":"http:\/\/agora.xtec.cat\/cfasegria\/?page_id=21"},"modified":"2021-06-29T13:38:38","modified_gmt":"2021-06-29T11:38:38","slug":"on-som","status":"publish","type":"page","link":"https:\/\/agora.xtec.cat\/cfasegria\/el-centre\/on-som\/","title":{"rendered":"On som"},"content":{"rendered":"<blockquote><p><span style=\"color: #000000;\"><strong>CFA Segri\u00e0<\/strong><\/span><\/p>\n<p><strong><span style=\"color: #000000;\">\u00a0A partir de l&#8217;inici de curs 2020\/2021 ens podeu trobar a la Bordeta, al carrer Juneda 16,\u00a0 al costat de l&#8217;escola Joan Maragall.\u00a0<\/span> \u00a0\u00a0 \u00a0<a href=\"https:\/\/goo.gl\/maps\/J1n4S3d2ESwVJrQE9\">Veure a\u00a0Google Maps<\/a><\/strong><\/p><\/blockquote>\n<p><strong>Com arribar-hi?<\/strong><\/p>\n<p>Caminant o en cotxe, des de Cappont, seguiu per l&#8217;avinguda de les Garrigues fins al final.\u00a0 Despr\u00e9s del Club S\u00edcoris seguiu tot dret pel Carrer Juneda. Ens trobareu despr\u00e9s del col\u00b7legi del Carme, a la dreta.\u00a0 \u00a0Aparcament:\u00a0 pels carrers adjacents, o al costat de l&#8217;estaci\u00f3 de Servei CEPSA a l&#8217;avinguda Artesa<\/p>\n<p>BUS: L\u00ednia 7 &#8211; parada Centre\/Maria R\u00fabies<\/p>\n<p>L\u00ednia 6 &#8211; parada Mercat Bordeta<\/p>\n<blockquote>\n<div><\/div>\n<\/blockquote>\n<p style=\"color: #666666;\">\u00a0 \u00a0 Tel: 973 205147<\/p>\n<p style=\"color: #666666;\">\u00a0 \u00a0 c5006410<span class=\"\">@xtec.cat<\/span><\/p>\n<p style=\"color: #666666;\">\n<p style=\"color: #666666;\">\n","protected":false},"excerpt":{"rendered":"<p>CFA Segri\u00e0<br \/>\n\u00a0A partir de l&#8217;inici de curs 2020\/2021 ens podeu trobar a la Bordeta, al carrer Juneda 16,\u00a0 al costat de l&#8217;escola Joan Maragall.\u00a0 \u00a0\u00a0 \u00a0<a href=\"https:\/\/goo.gl\/maps\/J1n4S3d2ESwVJrQE9\">Veure a\u00a0Google Maps<\/a><br \/>\nCom arribar-hi?<br \/>\nCaminant o en cotxe, des de Cappont, seguiu per l&#8217;avinguda de les Garrigues fins al final.\u00a0&hellip;  <a href=\"https:\/\/agora.xtec.cat\/cfasegria\/el-centre\/on-som\/\" title=\"Read On som\">Llegeix m\u00e9s\u00bb<\/a><\/p>\n","protected":false},"author":1,"featured_media":0,"parent":261,"menu_order":10,"comment_status":"closed","ping_status":"closed","template":"page-templates\/side-menu.php","meta":{"_bbp_topic_count":0,"_bbp_reply_count":0,"_bbp_total_topic_count":0,"_bbp_total_reply_count":0,"_bbp_voice_count":0,"_bbp_anonymous_reply_count":0,"_bbp_topic_count_hidden":0,"_bbp_reply_count_hidden":0,"_bbp_forum_subforum_count":0,"footnotes":""},"class_list":["post-21","page","type-page","status-publish","hentry"],"post_mailing_queue_ids":[],"_links":{"self":[{"href":"https:\/\/agora.xtec.cat\/cfasegria\/wp-json\/wp\/v2\/pages\/21","targetHints":{"allow":["GET"]}}],"collection":[{"href":"https:\/\/agora.xtec.cat\/cfasegria\/wp-json\/wp\/v2\/pages"}],"about":[{"href":"https:\/\/agora.xtec.cat\/cfasegria\/wp-json\/wp\/v2\/types\/page"}],"author":[{"embeddable":true,"href":"https:\/\/agora.xtec.cat\/cfasegria\/wp-json\/wp\/v2\/users\/1"}],"replies":[{"embeddable":true,"href":"https:\/\/agora.xtec.cat\/cfasegria\/wp-json\/wp\/v2\/comments?post=21"}],"version-history":[{"count":4,"href":"https:\/\/agora.xtec.cat\/cfasegria\/wp-json\/wp\/v2\/pages\/21\/revisions"}],"predecessor-version":[{"id":1189,"href":"https:\/\/agora.xtec.cat\/cfasegria\/wp-json\/wp\/v2\/pages\/21\/revisions\/1189"}],"up":[{"embeddable":true,"href":"https:\/\/agora.xtec.cat\/cfasegria\/wp-json\/wp\/v2\/pages\/261"}],"wp:attachment":[{"href":"https:\/\/agora.xtec.cat\/cfasegria\/wp-json\/wp\/v2\/media?parent=21"}],"curies":[{"name":"wp","href":"https:\/\/api.w.org\/{rel}","templated":true}]}}

<blockquote><p><span style="color: #000000;"><strong>CFA Segrià</strong></span></p>
<p><strong><span style="color: #000000;"> A partir de l&#8217;inici de curs 2020/2021 ens podeu trobar a la Bordeta, al carrer Juneda 16,  al costat de l&#8217;escola Joan Maragall. </span>     <a href="https://goo.gl/maps/J1n4S3d2ESwVJrQE9">Veure a Google Maps</a></strong></p></blockquote>
<p><strong>Com arribar-hi?</strong></p>
<p>Caminant o en cotxe, des de Cappont, seguiu per l&#8217;avinguda de les Garrigues fins al final.  Després del Club Sícoris seguiu tot dret pel Carrer Juneda. Ens trobareu després del col·legi del Carme, a la dreta.   Aparcament:  pels carrers adjacents, o al costat de l&#8217;estació de Servei CEPSA a l&#8217;avinguda Artesa</p>
<p>BUS: Línia 7 &#8211; parada Centre/Maria Rúbies</p>
<p>Línia 6 &#8211; parada Mercat Bordeta</p>
<blockquote>
<div></div>
</blockquote>
<p style="color: #666666;">    Tel: 973 205147</p>
<p style="color: #666666;">    c5006410<span class="">@xtec.cat</span></p>
<p style="color: #666666;">
<p style="color: #666666;">

<p>CFA Segrià<br />
 A partir de l&#8217;inici de curs 2020/2021 ens podeu trobar a la Bordeta, al carrer Juneda 16,  al costat de l&#8217;escola Joan Maragall.      <a href="https://goo.gl/maps/J1n4S3d2ESwVJrQE9">Veure a Google Maps</a><br />
Com arribar-hi?<br />
Caminant o en cotxe, des de Cappont, seguiu per l&#8217;avinguda de les Garrigues fins al final. &hellip;  <a href="https://agora.xtec.cat/cfasegria/el-centre/on-som/" title="Read On som">Llegeix més»</a></p>
