{"id":656,"date":"2018-06-28T19:21:06","date_gmt":"2018-06-28T17:21:06","guid":{"rendered":"http:\/\/agora.xtec.cat\/cfasebastiajuanarbo\/?page_id=656"},"modified":"2025-09-05T12:15:07","modified_gmt":"2025-09-05T10:15:07","slug":"castellano","status":"publish","type":"page","link":"https:\/\/agora.xtec.cat\/cfasebastiajuanarbo\/ensenyaments\/castellano\/","title":{"rendered":"Castell\u00e0"},"content":{"rendered":"<h4><span style=\"color: #0056b8;\"><strong>Informaci\u00f3 general<\/strong><\/span><\/h4>\n<p style=\"text-align: justify;\">Aquests estudis tenen com a objectiu que les persones adultes assoleixin un grau de compet\u00e8ncia m\u00ednima per a comunicar-se en llengua castellana i s\u2019imparteixen en tres nivells: llengua castellana nivell 1, 2 i 3, que corresponen als nivells A1, A2 i B1 del MECR (Marc europeu com\u00fa de refer\u00e8ncia per a les lleng\u00fces).<\/p>\n<p>&nbsp;<\/p>\n<h4><span style=\"color: #0056b8;\"><strong>Acc\u00e9s<\/strong><\/span><\/h4>\n<p>Poden accedir a aquests estudis totes les persones que tenen m\u00e9s de 18 anys o b\u00e9 els compleixen durant l&#8217;any natural en qu\u00e8 inicien la formaci\u00f3.<\/p>\n<p>Quan hi ha un motiu justificat, tamb\u00e9 hi poden accedir les persones que tenen m\u00e9s de 16 anys i les que els compleixen durant l&#8217;any natural en qu\u00e8 inicien la formaci\u00f3.<\/p>\n<p>&nbsp;<\/p>\n<div id=\"div_03\" class=\"CS_paddingTop10 nomargeleft display\">\n<div class=\"FW_bColCos dotted\">\n<div>\n<h4><span style=\"color: #0056b8;\"><strong>Tr\u00e0mits<\/strong><\/span><\/h4>\n<\/div>\n<\/div>\n<\/div>\n<p>Per cursar aquest ensenyament cal formalitzar la\u00a0<a href=\"https:\/\/agora.xtec.cat\/cfasebastiajuanarbo\/matricula\/preinscripcio-curs-escolar-2020-2021\/\">matr\u00edcula<\/a>\u00a0d\u2019acord amb els criteris fixats pel Departament d\u2019Educaci\u00f3. Aquests cursos s\u00f3n gratu\u00efts.<\/p>\n<div id=\"div_03\" class=\"CS_paddingTop10 nomargeleft display\">\n<div class=\"FW_bColCos dotted\">\n<div><\/div>\n<div>\n<p>&nbsp;<\/p>\n<h4><span style=\"color: #0056b8;\"><strong>Continguts<\/strong><\/span><\/h4>\n<p>En els tres nivells es treballen les habilitats de comprensi\u00f3 i expressi\u00f3 orals i escrites que permeten fer front a la major part de situacions ling\u00fc\u00edstiques de la vida quotidiana.<\/p>\n<p>Vegeu el\u00a0<a href=\"http:\/\/queestudiar.gencat.cat\/web\/.content\/home\/estudis\/adults\/normativa\/resoluciocurriculumsllenguescfa.pdf\" target=\"_blank\" rel=\"noopener noreferrer\">curr\u00edculum<\/a>\u00a0d&#8217;aquests estudis.<\/p>\n<\/div>\n<\/div>\n<\/div>\n<p>&nbsp;<\/p>\n<h4><strong><span style=\"color: #0056b8;\">Cursos que oferim<\/span><br \/>\n<\/strong><\/h4>\n<p><strong>Castell\u00e0 1 (A1*)<\/strong><br \/>\n<strong data-start=\"302\" data-end=\"316\">Adre\u00e7at a:<\/strong> persones sense coneixements previs de la llengua castellana que vulguin comen\u00e7ar a comunicar-se en situacions quotidianes i familiars senzilles. El curs t\u00e9 com a objectiu satisfer les primeres necessitats b\u00e0siques de comunicaci\u00f3.<br data-start=\"546\" data-end=\"549\" \/><strong data-start=\"549\" data-end=\"560\">Durada:<\/strong> 105 hores anuals (3 hores setmanals)<\/p>\n<p><strong>Castell\u00e0 2 (A2*)<\/strong><br \/>\n<strong data-start=\"622\" data-end=\"636\">Adre\u00e7at a:<\/strong> persones amb coneixements inicials de castell\u00e0 que desitgin ampliar la seva capacitat de comunicaci\u00f3 en situacions habituals de la vida di\u00e0ria i del seu entorn laboral.<br data-start=\"805\" data-end=\"808\" \/><strong data-start=\"808\" data-end=\"819\">Durada:<\/strong> 140 hores anuals (4 hores setmanals)<\/p>\n<p data-start=\"858\" data-end=\"1193\"><strong>Castell\u00e0 3 (B1)*<\/strong><br data-start=\"878\" data-end=\"881\" \/><strong data-start=\"881\" data-end=\"895\">Adre\u00e7at a:<\/strong> persones que ja tenen un domini b\u00e0sic del castell\u00e0 i volen aprofundir en l\u2019\u00fas de la llengua per ser competents en diferents situacions de la vida quotidiana. El curs permet ampliar les compet\u00e8ncies d\u2019expressi\u00f3 i comprensi\u00f3, tant oral com escrita.<br data-start=\"1142\" data-end=\"1145\" \/><strong data-start=\"1145\" data-end=\"1156\">Durada:<\/strong> 140 hores anuals (4 hores setmanals)<\/p>\n<p data-start=\"1195\" data-end=\"1272\">*Nivells segons el Marc europeu com\u00fa de refer\u00e8ncia per a les lleng\u00fces (MECR)<\/p>\n<div><\/div>\n<h4><span style=\"color: #0056b8;\"><strong>Horari, aula i tutor (curs escolar 2025\/2026)\u00a0<\/strong><\/span><\/h4>\n<div class=\"CS_fFons_DestaquemPeu CS_fFons_DestaquemPeu2\"><img loading=\"lazy\" decoding=\"async\" class=\"aligncenter  wp-image-3220\" src=\"https:\/\/agora.xtec.cat\/cfasebastiajuanarbo\/wp-content\/uploads\/usu957\/2025\/09\/castella-1024x134.jpg\" alt=\"\" width=\"948\" height=\"124\" srcset=\"https:\/\/agora.xtec.cat\/cfasebastiajuanarbo\/wp-content\/uploads\/usu957\/2025\/09\/castella-1024x134.jpg 1024w, https:\/\/agora.xtec.cat\/cfasebastiajuanarbo\/wp-content\/uploads\/usu957\/2025\/09\/castella-300x39.jpg 300w, https:\/\/agora.xtec.cat\/cfasebastiajuanarbo\/wp-content\/uploads\/usu957\/2025\/09\/castella-768x100.jpg 768w, https:\/\/agora.xtec.cat\/cfasebastiajuanarbo\/wp-content\/uploads\/usu957\/2025\/09\/castella.jpg 1288w\" sizes=\"auto, (max-width: 948px) 100vw, 948px\" \/><\/div>\n<div>\n<h5 class=\"CS_fFons_DestaquemPeu CS_fFons_DestaquemPeu2\"><\/h5>\n<\/div>\n<div>\n<h4><span style=\"color: #0056b8;\"><strong>Material necessari<\/strong><\/span><\/h4>\n<\/div>\n<div>\n<p><strong>Castell\u00e0 1<\/strong><br \/>\n<strong>Material necessari: <\/strong>VITAMINA A1<\/p>\n<div>Libro del alumno<\/div>\n<div>ISBN: 978-84-16782-35-2<\/div>\n<div>Libro de ejercicios<\/div>\n<div>ISBN:\u00a0 978-84-16782-36-9<\/div>\n<div><\/div>\n<p class=\"FW_bColCos dotted\"><strong>Castell\u00e0 2<\/strong><br \/>\n<strong>Material necessari:<\/strong> VITAMINA A2<\/p>\n<div>Libro del alumno<\/div>\n<div>ISBN: 978-84-16782-37-6<\/div>\n<div>Libro de ejercicios<\/div>\n<div>ISBN:\u00a0 978-84-16782-38-3<\/div>\n<div><\/div>\n<\/div>\n<p><strong>Castell\u00e0 3<\/strong><br \/>\n<strong>Material necessari:<\/strong> VITAMINA B1<\/p>\n<div>Libro del alumno<\/div>\n<div>ISBN: 978-84-16782-93-2<\/div>\n<div>Libro de ejercicios<\/div>\n<div>ISBN:\u00a0 978-84-16782-94-9<\/div>\n<div><\/div>\n<div><\/div>\n<h4><span style=\"color: #0056b8;\"><strong>Continu\u00eftat<\/strong><\/span><\/h4>\n<div class=\"entry-content\">\n<div class=\"CS_fFons_DestaquemPeu CS_fFons_DestaquemPeu2\">\n<div class=\"CS_fFons_DestaquemB CS_fFons_DestaquemB2\">\n<div id=\"div_05\" class=\"CS_paddingTop10 nomargeleft display\">\n<div class=\"FW_bColCos dotted\">\n<p>Podeu trobar m\u00e9s informaci\u00f3 sobre l&#8217;aprenentatge de la llengua castellana a <a href=\"http:\/\/www.cervantes.es\/lengua_y_ensenanza\/aprender_espanol\/informacion.htm\" target=\"_blank\" rel=\"noopener noreferrer\">Aprenentatge del castell\u00e0<\/a>.<\/p>\n<\/div>\n<\/div>\n<p>&nbsp;<\/p>\n<\/div>\n<h4><span style=\"color: #0056b8;\"><strong>Normativa<\/strong><\/span><\/h4>\n<div class=\"CS_fFons_DestaquemPeu CS_fFons_DestaquemPeu2\">\n<ul>\n<li><a href=\"https:\/\/repositori.educacio.gencat.cat\/bitstream\/handle\/20.500.12694\/1554\/resolucio_10_maig_2013_curriculums_ensenyaments_llengua_catalana_castellana_llengua_occitana_aranes_llengues_estrangeres_centres_formacio_adults_departament_ensenyament_10_05_2013.pdf?sequence=1&amp;isAllowed=y\" target=\"_blank\" rel=\"noopener noreferrer\">Resoluci\u00f3 de 10 de maig de 2013,<\/a>\u00a0per la qual s&#8217;estableixen els curr\u00edculums dels ensenyaments corresponents a llengua catalana i castellana, llengua occitana, denominada aran\u00e8s a l&#8217;Aran, i a les lleng\u00fces estrangeres, d&#8217;aplicaci\u00f3 als centres de formaci\u00f3 d&#8217;adults que depenen del Departament d&#8217;Ensenyament.<\/li>\n<\/ul>\n<\/div>\n<\/div>\n<\/div>\n","protected":false},"excerpt":{"rendered":"<p>Informaci\u00f3 general<br \/>\nAquests estudis tenen com a objectiu que les persones adultes assoleixin un grau de compet\u00e8ncia m\u00ednima per a comunicar-se en llengua castellana i s\u2019imparteixen en tres nivells: llengua castellana nivell 1, 2 i 3, que corresponen als nivells A1, A2 i B1 del MECR&hellip;  <a href=\"https:\/\/agora.xtec.cat\/cfasebastiajuanarbo\/ensenyaments\/castellano\/\" title=\"Read Castell\u00e0\">Llegeix m\u00e9s\u00bb<\/a><\/p>\n","protected":false},"author":1,"featured_media":0,"parent":274,"menu_order":3,"comment_status":"closed","ping_status":"closed","template":"page-templates\/side-menu.php","meta":{"_bbp_topic_count":0,"_bbp_reply_count":0,"_bbp_total_topic_count":0,"_bbp_total_reply_count":0,"_bbp_voice_count":0,"_bbp_anonymous_reply_count":0,"_bbp_topic_count_hidden":0,"_bbp_reply_count_hidden":0,"_bbp_forum_subforum_count":0,"footnotes":""},"class_list":["post-656","page","type-page","status-publish","hentry"],"post_mailing_queue_ids":[],"_links":{"self":[{"href":"https:\/\/agora.xtec.cat\/cfasebastiajuanarbo\/wp-json\/wp\/v2\/pages\/656","targetHints":{"allow":["GET"]}}],"collection":[{"href":"https:\/\/agora.xtec.cat\/cfasebastiajuanarbo\/wp-json\/wp\/v2\/pages"}],"about":[{"href":"https:\/\/agora.xtec.cat\/cfasebastiajuanarbo\/wp-json\/wp\/v2\/types\/page"}],"author":[{"embeddable":true,"href":"https:\/\/agora.xtec.cat\/cfasebastiajuanarbo\/wp-json\/wp\/v2\/users\/1"}],"replies":[{"embeddable":true,"href":"https:\/\/agora.xtec.cat\/cfasebastiajuanarbo\/wp-json\/wp\/v2\/comments?post=656"}],"version-history":[{"count":7,"href":"https:\/\/agora.xtec.cat\/cfasebastiajuanarbo\/wp-json\/wp\/v2\/pages\/656\/revisions"}],"predecessor-version":[{"id":3221,"href":"https:\/\/agora.xtec.cat\/cfasebastiajuanarbo\/wp-json\/wp\/v2\/pages\/656\/revisions\/3221"}],"up":[{"embeddable":true,"href":"https:\/\/agora.xtec.cat\/cfasebastiajuanarbo\/wp-json\/wp\/v2\/pages\/274"}],"wp:attachment":[{"href":"https:\/\/agora.xtec.cat\/cfasebastiajuanarbo\/wp-json\/wp\/v2\/media?parent=656"}],"curies":[{"name":"wp","href":"https:\/\/api.w.org\/{rel}","templated":true}]}}

Castellà

<h4><span style="color: #0056b8;"><strong>Informació general</strong></span></h4>
<p style="text-align: justify;">Aquests estudis tenen com a objectiu que les persones adultes assoleixin un grau de competència mínima per a comunicar-se en llengua castellana i s’imparteixen en tres nivells: llengua castellana nivell 1, 2 i 3, que corresponen als nivells A1, A2 i B1 del MECR (Marc europeu comú de referència per a les llengües).</p>
<p>&nbsp;</p>
<h4><span style="color: #0056b8;"><strong>Accés</strong></span></h4>
<p>Poden accedir a aquests estudis totes les persones que tenen més de 18 anys o bé els compleixen durant l&#8217;any natural en què inicien la formació.</p>
<p>Quan hi ha un motiu justificat, també hi poden accedir les persones que tenen més de 16 anys i les que els compleixen durant l&#8217;any natural en què inicien la formació.</p>
<p>&nbsp;</p>
<div id="div_03" class="CS_paddingTop10 nomargeleft display">
<div class="FW_bColCos dotted">
<div>
<h4><span style="color: #0056b8;"><strong>Tràmits</strong></span></h4>
</div>
</div>
</div>
<p>Per cursar aquest ensenyament cal formalitzar la <a href="https://agora.xtec.cat/cfasebastiajuanarbo/matricula/preinscripcio-curs-escolar-2020-2021/">matrícula</a> d’acord amb els criteris fixats pel Departament d’Educació. Aquests cursos són gratuïts.</p>
<div id="div_03" class="CS_paddingTop10 nomargeleft display">
<div class="FW_bColCos dotted">
<div></div>
<div>
<p>&nbsp;</p>
<h4><span style="color: #0056b8;"><strong>Continguts</strong></span></h4>
<p>En els tres nivells es treballen les habilitats de comprensió i expressió orals i escrites que permeten fer front a la major part de situacions lingüístiques de la vida quotidiana.</p>
<p>Vegeu el <a href="http://queestudiar.gencat.cat/web/.content/home/estudis/adults/normativa/resoluciocurriculumsllenguescfa.pdf" target="_blank" rel="noopener noreferrer">currículum</a> d&#8217;aquests estudis.</p>
</div>
</div>
</div>
<p>&nbsp;</p>
<h4><strong><span style="color: #0056b8;">Cursos que oferim</span><br />
</strong></h4>
<p><strong>Castellà 1 (A1*)</strong><br />
<strong data-start="302" data-end="316">Adreçat a:</strong> persones sense coneixements previs de la llengua castellana que vulguin començar a comunicar-se en situacions quotidianes i familiars senzilles. El curs té com a objectiu satisfer les primeres necessitats bàsiques de comunicació.<br data-start="546" data-end="549" /><strong data-start="549" data-end="560">Durada:</strong> 105 hores anuals (3 hores setmanals)</p>
<p><strong>Castellà 2 (A2*)</strong><br />
<strong data-start="622" data-end="636">Adreçat a:</strong> persones amb coneixements inicials de castellà que desitgin ampliar la seva capacitat de comunicació en situacions habituals de la vida diària i del seu entorn laboral.<br data-start="805" data-end="808" /><strong data-start="808" data-end="819">Durada:</strong> 140 hores anuals (4 hores setmanals)</p>
<p data-start="858" data-end="1193"><strong>Castellà 3 (B1)*</strong><br data-start="878" data-end="881" /><strong data-start="881" data-end="895">Adreçat a:</strong> persones que ja tenen un domini bàsic del castellà i volen aprofundir en l’ús de la llengua per ser competents en diferents situacions de la vida quotidiana. El curs permet ampliar les competències d’expressió i comprensió, tant oral com escrita.<br data-start="1142" data-end="1145" /><strong data-start="1145" data-end="1156">Durada:</strong> 140 hores anuals (4 hores setmanals)</p>
<p data-start="1195" data-end="1272">*Nivells segons el Marc europeu comú de referència per a les llengües (MECR)</p>
<div></div>
<h4><span style="color: #0056b8;"><strong>Horari, aula i tutor (curs escolar 2025/2026) </strong></span></h4>
<div class="CS_fFons_DestaquemPeu CS_fFons_DestaquemPeu2"><img loading="lazy" decoding="async" class="aligncenter  wp-image-3220" src="https://agora.xtec.cat/cfasebastiajuanarbo/wp-content/uploads/usu957/2025/09/castella-1024x134.jpg" alt="" width="948" height="124" srcset="https://agora.xtec.cat/cfasebastiajuanarbo/wp-content/uploads/usu957/2025/09/castella-1024x134.jpg 1024w, https://agora.xtec.cat/cfasebastiajuanarbo/wp-content/uploads/usu957/2025/09/castella-300x39.jpg 300w, https://agora.xtec.cat/cfasebastiajuanarbo/wp-content/uploads/usu957/2025/09/castella-768x100.jpg 768w, https://agora.xtec.cat/cfasebastiajuanarbo/wp-content/uploads/usu957/2025/09/castella.jpg 1288w" sizes="auto, (max-width: 948px) 100vw, 948px" /></div>
<div>
<h5 class="CS_fFons_DestaquemPeu CS_fFons_DestaquemPeu2"></h5>
</div>
<div>
<h4><span style="color: #0056b8;"><strong>Material necessari</strong></span></h4>
</div>
<div>
<p><strong>Castellà 1</strong><br />
<strong>Material necessari: </strong>VITAMINA A1</p>
<div>Libro del alumno</div>
<div>ISBN: 978-84-16782-35-2</div>
<div>Libro de ejercicios</div>
<div>ISBN:  978-84-16782-36-9</div>
<div></div>
<p class="FW_bColCos dotted"><strong>Castellà 2</strong><br />
<strong>Material necessari:</strong> VITAMINA A2</p>
<div>Libro del alumno</div>
<div>ISBN: 978-84-16782-37-6</div>
<div>Libro de ejercicios</div>
<div>ISBN:  978-84-16782-38-3</div>
<div></div>
</div>
<p><strong>Castellà 3</strong><br />
<strong>Material necessari:</strong> VITAMINA B1</p>
<div>Libro del alumno</div>
<div>ISBN: 978-84-16782-93-2</div>
<div>Libro de ejercicios</div>
<div>ISBN:  978-84-16782-94-9</div>
<div></div>
<div></div>
<h4><span style="color: #0056b8;"><strong>Continuïtat</strong></span></h4>
<div class="entry-content">
<div class="CS_fFons_DestaquemPeu CS_fFons_DestaquemPeu2">
<div class="CS_fFons_DestaquemB CS_fFons_DestaquemB2">
<div id="div_05" class="CS_paddingTop10 nomargeleft display">
<div class="FW_bColCos dotted">
<p>Podeu trobar més informació sobre l&#8217;aprenentatge de la llengua castellana a <a href="http://www.cervantes.es/lengua_y_ensenanza/aprender_espanol/informacion.htm" target="_blank" rel="noopener noreferrer">Aprenentatge del castellà</a>.</p>
</div>
</div>
<p>&nbsp;</p>
</div>
<h4><span style="color: #0056b8;"><strong>Normativa</strong></span></h4>
<div class="CS_fFons_DestaquemPeu CS_fFons_DestaquemPeu2">
<ul>
<li><a href="https://repositori.educacio.gencat.cat/bitstream/handle/20.500.12694/1554/resolucio_10_maig_2013_curriculums_ensenyaments_llengua_catalana_castellana_llengua_occitana_aranes_llengues_estrangeres_centres_formacio_adults_departament_ensenyament_10_05_2013.pdf?sequence=1&amp;isAllowed=y" target="_blank" rel="noopener noreferrer">Resolució de 10 de maig de 2013,</a> per la qual s&#8217;estableixen els currículums dels ensenyaments corresponents a llengua catalana i castellana, llengua occitana, denominada aranès a l&#8217;Aran, i a les llengües estrangeres, d&#8217;aplicació als centres de formació d&#8217;adults que depenen del Departament d&#8217;Ensenyament.</li>
</ul>
</div>
</div>
</div>

<p>Informació general<br />
Aquests estudis tenen com a objectiu que les persones adultes assoleixin un grau de competència mínima per a comunicar-se en llengua castellana i s’imparteixen en tres nivells: llengua castellana nivell 1, 2 i 3, que corresponen als nivells A1, A2 i B1 del MECR&hellip;  <a href="https://agora.xtec.cat/cfasebastiajuanarbo/ensenyaments/castellano/" title="Read Castellà">Llegeix més»</a></p>
