{"id":296,"date":"2015-01-28T11:18:08","date_gmt":"2015-01-28T10:18:08","guid":{"rendered":"http:\/\/agora.xtec.cat\/cfasebastiajuanarbo\/?page_id=296"},"modified":"2025-09-17T13:45:31","modified_gmt":"2025-09-17T11:45:31","slug":"llengua-catalana","status":"publish","type":"page","link":"https:\/\/agora.xtec.cat\/cfasebastiajuanarbo\/ensenyaments\/llengua-catalana\/","title":{"rendered":"Catal\u00e0"},"content":{"rendered":"<h4><span style=\"color: #0056b8;\"><strong>Informaci\u00f3 general<\/strong><\/span><\/h4>\n<p style=\"text-align: justify;\">Aquests estudis tenen com a objectiu que les persones adultes assoleixin un grau de compet\u00e8ncia m\u00ednima per a comunicar-se en llengua catalana i s\u2019imparteixen en tres nivells: llengua catalana nivell 1, 2 i 3, que corresponen als nivells A1, A2 i B1 del MECR (Marc europeu com\u00fa de refer\u00e8ncia per a les lleng\u00fces).<\/p>\n<p>&nbsp;<\/p>\n<h4><span style=\"color: #0056b8;\"><strong>Acc\u00e9s<\/strong><\/span><\/h4>\n<p>Poden accedir a aquests estudis totes les persones que tenen m\u00e9s de 18 anys o b\u00e9 els compleixen durant l&#8217;any natural en qu\u00e8 inicien la formaci\u00f3.<\/p>\n<p>Quan hi ha un motiu justificat, tamb\u00e9 hi poden accedir les persones que tenen m\u00e9s de 16 anys i les que els compleixen durant l&#8217;any natural en qu\u00e8 inicien la formaci\u00f3.<\/p>\n<p>&nbsp;<\/p>\n<div id=\"div_03\" class=\"CS_paddingTop10 nomargeleft display\">\n<div class=\"FW_bColCos dotted\">\n<div>\n<h4><span style=\"color: #0056b8;\"><strong>Tr\u00e0mits<\/strong><\/span><\/h4>\n<\/div>\n<\/div>\n<\/div>\n<p>Per cursar aquest ensenyament cal formalitzar la\u00a0<a href=\"https:\/\/agora.xtec.cat\/cfasebastiajuanarbo\/matricula\/preinscripcio-curs-escolar-2020-2021\/\">matr\u00edcula<\/a>\u00a0d\u2019acord amb els criteris fixats pel Departament d\u2019Educaci\u00f3. Aquests cursos s\u00f3n gratu\u00efts.<\/p>\n<div id=\"div_03\" class=\"CS_paddingTop10 nomargeleft display\">\n<div class=\"FW_bColCos dotted\">\n<div><\/div>\n<div>\n<p>&nbsp;<\/p>\n<h4><span style=\"color: #0056b8;\"><strong>Continguts<\/strong><\/span><\/h4>\n<p>En els tres nivells es treballen les habilitats de comprensi\u00f3 i expressi\u00f3 orals i escrites que permeten fer front a la major part de situacions ling\u00fc\u00edstiques de la vida quotidiana.<\/p>\n<p>Vegeu el\u00a0<a href=\"http:\/\/queestudiar.gencat.cat\/web\/.content\/home\/estudis\/adults\/normativa\/resoluciocurriculumsllenguescfa.pdf\" target=\"_blank\" rel=\"noopener noreferrer\">curr\u00edculum<\/a>\u00a0d&#8217;aquests estudis.<\/p>\n<\/div>\n<\/div>\n<\/div>\n<p>&nbsp;<\/p>\n<h4><span style=\"color: #0056b8;\"><strong>Cursos que oferim<\/strong><\/span><\/h4>\n<p><strong>Catal\u00e0 1 (A1*)<\/strong><br \/>\n<strong>Adre\u00e7at a:<\/strong> persones sense coneixements previs de la llengua catalana que vulguin adquirir les compet\u00e8ncies comunicatives b\u00e0siques, especialment en comprensi\u00f3 i expressi\u00f3 orals. L\u2019objectiu \u00e9s facilitar la comunicaci\u00f3 en situacions quotidianes i en l\u2019\u00e0mbit laboral.<br \/>\n<strong>Durada:<\/strong> 105 hores anuals (3 hores setmanals).<\/p>\n<p><strong>Catal\u00e0 2 (A2*)<\/strong><br \/>\n<strong>Adre\u00e7at a:<\/strong> persones amb coneixements b\u00e0sics de catal\u00e0 que desitgin refor\u00e7ar i ampliar les seves habilitats de comprensi\u00f3 i expressi\u00f3, tant orals com escrites. El curs prepara per afrontar amb seguretat la majoria de situacions comunicatives habituals, tant en la vida quotidiana com en el m\u00f3n laboral.<br \/>\n<strong>Durada:<\/strong> 140 hores anuals (4 hores setmanals).<\/p>\n<p><strong>Catal\u00e0 3 (B1*)<\/strong><br \/>\n<strong>Adre\u00e7at a:<\/strong> persones que han superat els cursos de Catal\u00e0 1 i 2, o que ja disposen del nivell equivalent. Aquest curs se centra en l\u2019aprofundiment de les compet\u00e8ncies ling\u00fc\u00edstiques, amb especial \u00e8mfasi en l\u2019expressi\u00f3 escrita i en el domini de l\u2019ortografia. L\u2019objectiu \u00e9s consolidar la capacitat de comunicar-se amb correcci\u00f3 i flu\u00efdesa en diferents contextos, tant orals com escrits.<br \/>\n<strong>Durada:<\/strong> 140 hores anuals (4 hores setmanals).<\/p>\n<div class=\"CS_fFons_DestaquemPeu CS_fFons_DestaquemPeu2\">\n<p><em>*Nivell del MECR (marc europeu com\u00fa de refer\u00e8ncia per a les lleng\u00fces: aprendre, ensenyar, avaluar).<\/em><\/p>\n<\/div>\n<div><\/div>\n<div><\/div>\n<h4><strong><span style=\"color: #0056b8;\">Horari, aula i tutor (curs escolar 2025\/2026)\u00a0<\/span><br \/>\n<\/strong><\/h4>\n<div class=\"CS_fFons_DestaquemPeu CS_fFons_DestaquemPeu2\"><\/div>\n<div><img loading=\"lazy\" decoding=\"async\" class=\"aligncenter wp-image-3218\" src=\"https:\/\/agora.xtec.cat\/cfasebastiajuanarbo\/wp-content\/uploads\/usu957\/2025\/09\/catala-1024x129.jpg\" alt=\"\" width=\"929\" height=\"117\" srcset=\"https:\/\/agora.xtec.cat\/cfasebastiajuanarbo\/wp-content\/uploads\/usu957\/2025\/09\/catala-1024x129.jpg 1024w, https:\/\/agora.xtec.cat\/cfasebastiajuanarbo\/wp-content\/uploads\/usu957\/2025\/09\/catala-300x38.jpg 300w, https:\/\/agora.xtec.cat\/cfasebastiajuanarbo\/wp-content\/uploads\/usu957\/2025\/09\/catala-768x97.jpg 768w, https:\/\/agora.xtec.cat\/cfasebastiajuanarbo\/wp-content\/uploads\/usu957\/2025\/09\/catala.jpg 1290w\" sizes=\"auto, (max-width: 929px) 100vw, 929px\" \/><\/div>\n<h4><\/h4>\n<h4><span style=\"color: #0056b8;\"><strong>Material necessari<\/strong><\/span><\/h4>\n<div>\n<p><strong>Catal\u00e0 1<\/strong><br \/>\n<strong>Material necessari:<\/strong> Dossier (s&#8217;encomana a la professora el primer dia de classe)<\/p>\n<p class=\"FW_bColCos dotted\"><strong>Catal\u00e0 2<\/strong><br \/>\n<strong>Material necessari: <\/strong>Curs de llengua catalana &#8211; nivell b\u00e0sic A2. Editorial Castellnou. ISBN: 978-8418523076<strong><br \/>\n<\/strong><\/p>\n<p class=\"CS_fFons_DestaquemPeu CS_fFons_DestaquemPeu2\"><strong>Catal\u00e0 3<\/strong><br \/>\n<strong>Material necessari:<\/strong> Dossier Catal\u00e0 3 (s&#8217;encomana a la professora el primer dia de classe) \/ Llibre lectura: &#8220;La catastr\u00f2fica visita al zoo&#8221;, de Jo\u00ebl Dicker. ISBN: 978-84-19836-77-9<\/p>\n<\/div>\n<div>\n<div><\/div>\n<div><\/div>\n<div>\n<h4><span style=\"color: #0056b8;\"><strong>Continu\u00eftat<\/strong><\/span><\/h4>\n<\/div>\n<\/div>\n<div class=\"entry-content\">\n<div class=\"CS_fFons_DestaquemPeu CS_fFons_DestaquemPeu2\">\n<div class=\"CS_fFons_DestaquemPeu CS_fFons_DestaquemPeu2\">\n<div class=\"CS_fFons_DestaquemB CS_fFons_DestaquemB2\">\n<div id=\"div_05\" class=\"CS_paddingTop10 nomargeleft display\">\n<div class=\"FW_bColCos dotted\">\n<div class=\"CS_fFons_DestaquemB CS_fFons_DestaquemB2\">\n<div id=\"div_05\" class=\"CS_paddingTop10 nomargeleft display\">\n<div class=\"FW_bColCos dotted\">\n<p>Podeu trobar m\u00e9s informaci\u00f3 sobre l&#8217;aprenentatge de la llengua catalana a\u00a0<a href=\"http:\/\/llengua.gencat.cat\/ca\/serveis\/aprendre_catala\" target=\"_blank\" rel=\"noopener noreferrer\">Aprendre catal\u00e0<\/a>.<\/p>\n<\/div>\n<\/div>\n<\/div>\n<div class=\"CS_fFons_DestaquemPeu CS_fFons_DestaquemPeu2\"><\/div>\n<\/div>\n<\/div>\n<\/div>\n<div class=\"CS_fFons_DestaquemPeu CS_fFons_DestaquemPeu2\"><\/div>\n<\/div>\n<\/div>\n<\/div>\n<div><\/div>\n<h4><span style=\"color: #0056b8;\"><strong>Normativa<\/strong><\/span><\/h4>\n<div><\/div>\n<div class=\"FW_bColCos dotted ui-accordion-content ui-helper-reset ui-widget-content ui-corner-bottom ui-accordion-content-active\" role=\"tabpanel\">\n<ul>\n<li><a href=\"https:\/\/repositori.educacio.gencat.cat\/bitstream\/handle\/20.500.12694\/1554\/resolucio_10_maig_2013_curriculums_ensenyaments_llengua_catalana_castellana_llengua_occitana_aranes_llengues_estrangeres_centres_formacio_adults_departament_ensenyament_10_05_2013.pdf?sequence=1&amp;isAllowed=y\" target=\"_blank\" rel=\"noopener noreferrer\">Resoluci\u00f3 de 10 de maig de 2013,<\/a>\u00a0per la qual s&#8217;estableixen els curr\u00edculums dels ensenyaments corresponents a llengua catalana i castellana, llengua occitana, denominada aran\u00e8s a l&#8217;Aran, i a les lleng\u00fces estrangeres, d&#8217;aplicaci\u00f3 als centres de formaci\u00f3 d&#8217;adults que depenen del Departament d&#8217;Ensenyament.<\/li>\n<\/ul>\n<\/div>\n","protected":false},"excerpt":{"rendered":"<p>Informaci\u00f3 general<br \/>\nAquests estudis tenen com a objectiu que les persones adultes assoleixin un grau de compet\u00e8ncia m\u00ednima per a comunicar-se en llengua catalana i s\u2019imparteixen en tres nivells: llengua catalana nivell 1, 2 i 3, que corresponen als nivells A1, A2 i B1 del MECR&hellip;  <a href=\"https:\/\/agora.xtec.cat\/cfasebastiajuanarbo\/ensenyaments\/llengua-catalana\/\" title=\"Read Catal\u00e0\">Llegeix m\u00e9s\u00bb<\/a><\/p>\n","protected":false},"author":1,"featured_media":0,"parent":274,"menu_order":3,"comment_status":"closed","ping_status":"closed","template":"page-templates\/side-menu.php","meta":{"_bbp_topic_count":0,"_bbp_reply_count":0,"_bbp_total_topic_count":0,"_bbp_total_reply_count":0,"_bbp_voice_count":0,"_bbp_anonymous_reply_count":0,"_bbp_topic_count_hidden":0,"_bbp_reply_count_hidden":0,"_bbp_forum_subforum_count":0,"footnotes":""},"class_list":["post-296","page","type-page","status-publish","hentry"],"post_mailing_queue_ids":[],"_links":{"self":[{"href":"https:\/\/agora.xtec.cat\/cfasebastiajuanarbo\/wp-json\/wp\/v2\/pages\/296","targetHints":{"allow":["GET"]}}],"collection":[{"href":"https:\/\/agora.xtec.cat\/cfasebastiajuanarbo\/wp-json\/wp\/v2\/pages"}],"about":[{"href":"https:\/\/agora.xtec.cat\/cfasebastiajuanarbo\/wp-json\/wp\/v2\/types\/page"}],"author":[{"embeddable":true,"href":"https:\/\/agora.xtec.cat\/cfasebastiajuanarbo\/wp-json\/wp\/v2\/users\/1"}],"replies":[{"embeddable":true,"href":"https:\/\/agora.xtec.cat\/cfasebastiajuanarbo\/wp-json\/wp\/v2\/comments?post=296"}],"version-history":[{"count":8,"href":"https:\/\/agora.xtec.cat\/cfasebastiajuanarbo\/wp-json\/wp\/v2\/pages\/296\/revisions"}],"predecessor-version":[{"id":3229,"href":"https:\/\/agora.xtec.cat\/cfasebastiajuanarbo\/wp-json\/wp\/v2\/pages\/296\/revisions\/3229"}],"up":[{"embeddable":true,"href":"https:\/\/agora.xtec.cat\/cfasebastiajuanarbo\/wp-json\/wp\/v2\/pages\/274"}],"wp:attachment":[{"href":"https:\/\/agora.xtec.cat\/cfasebastiajuanarbo\/wp-json\/wp\/v2\/media?parent=296"}],"curies":[{"name":"wp","href":"https:\/\/api.w.org\/{rel}","templated":true}]}}

Català

<h4><span style="color: #0056b8;"><strong>Informació general</strong></span></h4>
<p style="text-align: justify;">Aquests estudis tenen com a objectiu que les persones adultes assoleixin un grau de competència mínima per a comunicar-se en llengua catalana i s’imparteixen en tres nivells: llengua catalana nivell 1, 2 i 3, que corresponen als nivells A1, A2 i B1 del MECR (Marc europeu comú de referència per a les llengües).</p>
<p>&nbsp;</p>
<h4><span style="color: #0056b8;"><strong>Accés</strong></span></h4>
<p>Poden accedir a aquests estudis totes les persones que tenen més de 18 anys o bé els compleixen durant l&#8217;any natural en què inicien la formació.</p>
<p>Quan hi ha un motiu justificat, també hi poden accedir les persones que tenen més de 16 anys i les que els compleixen durant l&#8217;any natural en què inicien la formació.</p>
<p>&nbsp;</p>
<div id="div_03" class="CS_paddingTop10 nomargeleft display">
<div class="FW_bColCos dotted">
<div>
<h4><span style="color: #0056b8;"><strong>Tràmits</strong></span></h4>
</div>
</div>
</div>
<p>Per cursar aquest ensenyament cal formalitzar la <a href="https://agora.xtec.cat/cfasebastiajuanarbo/matricula/preinscripcio-curs-escolar-2020-2021/">matrícula</a> d’acord amb els criteris fixats pel Departament d’Educació. Aquests cursos són gratuïts.</p>
<div id="div_03" class="CS_paddingTop10 nomargeleft display">
<div class="FW_bColCos dotted">
<div></div>
<div>
<p>&nbsp;</p>
<h4><span style="color: #0056b8;"><strong>Continguts</strong></span></h4>
<p>En els tres nivells es treballen les habilitats de comprensió i expressió orals i escrites que permeten fer front a la major part de situacions lingüístiques de la vida quotidiana.</p>
<p>Vegeu el <a href="http://queestudiar.gencat.cat/web/.content/home/estudis/adults/normativa/resoluciocurriculumsllenguescfa.pdf" target="_blank" rel="noopener noreferrer">currículum</a> d&#8217;aquests estudis.</p>
</div>
</div>
</div>
<p>&nbsp;</p>
<h4><span style="color: #0056b8;"><strong>Cursos que oferim</strong></span></h4>
<p><strong>Català 1 (A1*)</strong><br />
<strong>Adreçat a:</strong> persones sense coneixements previs de la llengua catalana que vulguin adquirir les competències comunicatives bàsiques, especialment en comprensió i expressió orals. L’objectiu és facilitar la comunicació en situacions quotidianes i en l’àmbit laboral.<br />
<strong>Durada:</strong> 105 hores anuals (3 hores setmanals).</p>
<p><strong>Català 2 (A2*)</strong><br />
<strong>Adreçat a:</strong> persones amb coneixements bàsics de català que desitgin reforçar i ampliar les seves habilitats de comprensió i expressió, tant orals com escrites. El curs prepara per afrontar amb seguretat la majoria de situacions comunicatives habituals, tant en la vida quotidiana com en el món laboral.<br />
<strong>Durada:</strong> 140 hores anuals (4 hores setmanals).</p>
<p><strong>Català 3 (B1*)</strong><br />
<strong>Adreçat a:</strong> persones que han superat els cursos de Català 1 i 2, o que ja disposen del nivell equivalent. Aquest curs se centra en l’aprofundiment de les competències lingüístiques, amb especial èmfasi en l’expressió escrita i en el domini de l’ortografia. L’objectiu és consolidar la capacitat de comunicar-se amb correcció i fluïdesa en diferents contextos, tant orals com escrits.<br />
<strong>Durada:</strong> 140 hores anuals (4 hores setmanals).</p>
<div class="CS_fFons_DestaquemPeu CS_fFons_DestaquemPeu2">
<p><em>*Nivell del MECR (marc europeu comú de referència per a les llengües: aprendre, ensenyar, avaluar).</em></p>
</div>
<div></div>
<div></div>
<h4><strong><span style="color: #0056b8;">Horari, aula i tutor (curs escolar 2025/2026) </span><br />
</strong></h4>
<div class="CS_fFons_DestaquemPeu CS_fFons_DestaquemPeu2"></div>
<div><img loading="lazy" decoding="async" class="aligncenter wp-image-3218" src="https://agora.xtec.cat/cfasebastiajuanarbo/wp-content/uploads/usu957/2025/09/catala-1024x129.jpg" alt="" width="929" height="117" srcset="https://agora.xtec.cat/cfasebastiajuanarbo/wp-content/uploads/usu957/2025/09/catala-1024x129.jpg 1024w, https://agora.xtec.cat/cfasebastiajuanarbo/wp-content/uploads/usu957/2025/09/catala-300x38.jpg 300w, https://agora.xtec.cat/cfasebastiajuanarbo/wp-content/uploads/usu957/2025/09/catala-768x97.jpg 768w, https://agora.xtec.cat/cfasebastiajuanarbo/wp-content/uploads/usu957/2025/09/catala.jpg 1290w" sizes="auto, (max-width: 929px) 100vw, 929px" /></div>
<h4></h4>
<h4><span style="color: #0056b8;"><strong>Material necessari</strong></span></h4>
<div>
<p><strong>Català 1</strong><br />
<strong>Material necessari:</strong> Dossier (s&#8217;encomana a la professora el primer dia de classe)</p>
<p class="FW_bColCos dotted"><strong>Català 2</strong><br />
<strong>Material necessari: </strong>Curs de llengua catalana &#8211; nivell bàsic A2. Editorial Castellnou. ISBN: 978-8418523076<strong><br />
</strong></p>
<p class="CS_fFons_DestaquemPeu CS_fFons_DestaquemPeu2"><strong>Català 3</strong><br />
<strong>Material necessari:</strong> Dossier Català 3 (s&#8217;encomana a la professora el primer dia de classe) / Llibre lectura: &#8220;La catastròfica visita al zoo&#8221;, de Joël Dicker. ISBN: 978-84-19836-77-9</p>
</div>
<div>
<div></div>
<div></div>
<div>
<h4><span style="color: #0056b8;"><strong>Continuïtat</strong></span></h4>
</div>
</div>
<div class="entry-content">
<div class="CS_fFons_DestaquemPeu CS_fFons_DestaquemPeu2">
<div class="CS_fFons_DestaquemPeu CS_fFons_DestaquemPeu2">
<div class="CS_fFons_DestaquemB CS_fFons_DestaquemB2">
<div id="div_05" class="CS_paddingTop10 nomargeleft display">
<div class="FW_bColCos dotted">
<div class="CS_fFons_DestaquemB CS_fFons_DestaquemB2">
<div id="div_05" class="CS_paddingTop10 nomargeleft display">
<div class="FW_bColCos dotted">
<p>Podeu trobar més informació sobre l&#8217;aprenentatge de la llengua catalana a <a href="http://llengua.gencat.cat/ca/serveis/aprendre_catala" target="_blank" rel="noopener noreferrer">Aprendre català</a>.</p>
</div>
</div>
</div>
<div class="CS_fFons_DestaquemPeu CS_fFons_DestaquemPeu2"></div>
</div>
</div>
</div>
<div class="CS_fFons_DestaquemPeu CS_fFons_DestaquemPeu2"></div>
</div>
</div>
</div>
<div></div>
<h4><span style="color: #0056b8;"><strong>Normativa</strong></span></h4>
<div></div>
<div class="FW_bColCos dotted ui-accordion-content ui-helper-reset ui-widget-content ui-corner-bottom ui-accordion-content-active" role="tabpanel">
<ul>
<li><a href="https://repositori.educacio.gencat.cat/bitstream/handle/20.500.12694/1554/resolucio_10_maig_2013_curriculums_ensenyaments_llengua_catalana_castellana_llengua_occitana_aranes_llengues_estrangeres_centres_formacio_adults_departament_ensenyament_10_05_2013.pdf?sequence=1&amp;isAllowed=y" target="_blank" rel="noopener noreferrer">Resolució de 10 de maig de 2013,</a> per la qual s&#8217;estableixen els currículums dels ensenyaments corresponents a llengua catalana i castellana, llengua occitana, denominada aranès a l&#8217;Aran, i a les llengües estrangeres, d&#8217;aplicació als centres de formació d&#8217;adults que depenen del Departament d&#8217;Ensenyament.</li>
</ul>
</div>

<p>Informació general<br />
Aquests estudis tenen com a objectiu que les persones adultes assoleixin un grau de competència mínima per a comunicar-se en llengua catalana i s’imparteixen en tres nivells: llengua catalana nivell 1, 2 i 3, que corresponen als nivells A1, A2 i B1 del MECR&hellip;  <a href="https://agora.xtec.cat/cfasebastiajuanarbo/ensenyaments/llengua-catalana/" title="Read Català">Llegeix més»</a></p>
