{"id":2358,"date":"2022-07-12T11:07:04","date_gmt":"2022-07-12T09:07:04","guid":{"rendered":"https:\/\/agora.xtec.cat\/cfasebastiajuanarbo\/?page_id=2358"},"modified":"2025-09-05T12:11:58","modified_gmt":"2025-09-05T10:11:58","slug":"matricula-2025-2026","status":"publish","type":"page","link":"https:\/\/agora.xtec.cat\/cfasebastiajuanarbo\/matricula\/matricula-2025-2026\/","title":{"rendered":"Matr\u00edcula curs escolar 2025-2026"},"content":{"rendered":"<h2 data-start=\"124\" data-end=\"178\"><span style=\"color: #ff6600;\">Matricula&#8217;t al CFA Sebasti\u00e0 Juan Arb\u00f3 \u2013 Curs 2025-2026<\/span><\/h2>\n<h3 data-start=\"180\" data-end=\"221\"><span style=\"color: #7dbd42;\">Calendari de preinscripci\u00f3 i matr\u00edcula<\/span><\/h3>\n<h4 data-start=\"223\" data-end=\"257\"><span style=\"color: #1d5aaa;\">1. Presentaci\u00f3 de sol\u00b7licituds de preinscripci\u00f3<\/span><\/h4>\n<p data-start=\"258\" data-end=\"582\"><strong data-start=\"258\" data-end=\"290\">Del 19 al 27 de juny de 2025<\/strong><br data-start=\"290\" data-end=\"293\" \/>\u00c9s imprescindible respectar aquestes dates. Les sol\u00b7licituds presentades fora del termini <strong data-start=\"383\" data-end=\"409\">perdran les prioritats<\/strong> assignades segons els criteris establerts.<br data-start=\"452\" data-end=\"455\" \/>Els criteris de prioritat serveixen per puntuar cada sol\u00b7licitud i establir l\u2019ordre d\u2019acc\u00e9s a les places disponibles al centre.<\/p>\n<h4 data-start=\"584\" data-end=\"629\"><span style=\"color: #1d5aaa;\">2. Publicaci\u00f3 de la puntuaci\u00f3 provisional<\/span><\/h4>\n<p data-start=\"630\" data-end=\"873\"><strong data-start=\"630\" data-end=\"675\">4 de juliol de 2025, a partir de les 14 h<\/strong><br data-start=\"675\" data-end=\"678\" \/>Els centres revisen totes les sol\u00b7licituds, comproven la documentaci\u00f3 i apliquen els criteris de baremaci\u00f3.<br data-start=\"785\" data-end=\"788\" \/>Es publicar\u00e0 la <strong data-start=\"806\" data-end=\"872\">llista alfab\u00e8tica de sol\u00b7licituds amb la puntuaci\u00f3 provisional<\/strong>.<\/p>\n<h4 data-start=\"875\" data-end=\"909\"><span style=\"color: #1d5aaa;\">3. Presentaci\u00f3 de reclamacions<\/span><\/h4>\n<p data-start=\"910\" data-end=\"1038\"><strong data-start=\"910\" data-end=\"942\">Del 4 al 9 de juliol de 2025<\/strong><br data-start=\"942\" data-end=\"945\" \/>Si detectes algun error en la puntuaci\u00f3, pots presentar una reclamaci\u00f3 durant aquest per\u00edode.<\/p>\n<h4 data-start=\"1040\" data-end=\"1077\"><span style=\"color: #1d5aaa;\">4. Sorteig del n\u00famero de desempat<\/span><\/h4>\n<p data-start=\"1078\" data-end=\"1392\"><strong data-start=\"1078\" data-end=\"1113\">7 de juliol de 2025, a les 11 h<\/strong><br data-start=\"1113\" data-end=\"1116\" \/>Si hi ha m\u00e9s sol\u00b7licituds que places i hi ha empats, es realitzar\u00e0 un sorteig per assignar un n\u00famero de desempat que determinar\u00e0 l\u2019ordre d\u2019admissi\u00f3.<br data-start=\"1264\" data-end=\"1267\" \/>L\u2019acte tindr\u00e0 lloc als Serveis Centrals del Departament d\u2019Educaci\u00f3 i Formaci\u00f3 Professional (Via Augusta, 202-226, Barcelona).<\/p>\n<h4 data-start=\"1394\" data-end=\"1438\"><span style=\"color: #1d5aaa;\">5. Publicaci\u00f3 de la puntuaci\u00f3 definitiva<\/span><\/h4>\n<p data-start=\"1439\" data-end=\"1613\"><strong data-start=\"1439\" data-end=\"1485\">11 de juliol de 2025, a partir de les 14 h<\/strong><br data-start=\"1485\" data-end=\"1488\" \/>Es publicar\u00e0 la <strong data-start=\"1506\" data-end=\"1568\">llista definitiva amb la puntuaci\u00f3 i el n\u00famero de desempat<\/strong>, despr\u00e9s de resoldre totes les reclamacions.<\/p>\n<h4 data-start=\"1615\" data-end=\"1656\"><span style=\"color: #1d5aaa;\">6. Llista d\u2019admesos i llista d\u2019espera<\/span><\/h4>\n<p data-start=\"1657\" data-end=\"1796\"><strong data-start=\"1657\" data-end=\"1703\">16 de juliol de 2025, a partir de les 14 h<\/strong><br data-start=\"1703\" data-end=\"1706\" \/>Es publicaran, per activitats, la <strong data-start=\"1742\" data-end=\"1770\">llista d\u2019alumnes admesos<\/strong> i la <strong data-start=\"1776\" data-end=\"1795\">llista d\u2019espera<\/strong>.<\/p>\n<h4 data-start=\"1798\" data-end=\"1817\"><span style=\"color: #1d5aaa;\">7. Matriculaci\u00f3<\/span><\/h4>\n<ul>\n<li data-start=\"1818\" data-end=\"1995\">\n<p data-start=\"1820\" data-end=\"1995\"><strong data-start=\"1820\" data-end=\"1843\">2 al 9 de setembre &#8211; <span style=\"color: #7dbd42;\">Matr\u00edcula ordin\u00e0ria<\/span><\/strong><\/p>\n<ul>\n<li data-start=\"1820\" data-end=\"1995\">Es matriculen els alumnes que havien fet la preinscripci\u00f3 i tenen pla\u00e7a assignada.<\/li>\n<li data-start=\"1820\" data-end=\"1995\">Si en algun ensenyament han quedat places vacants, tamb\u00e9 es podran matricular alumnes que no hagin fet preinscripci\u00f3.<\/li>\n<\/ul>\n<\/li>\n<\/ul>\n<ul>\n<li data-start=\"1996\" data-end=\"2071\">\n<p data-start=\"1998\" data-end=\"2071\"><strong data-start=\"1998\" data-end=\"2023\">10 al 17 de setembre &#8211; <span style=\"color: #7dbd42;\">Matr\u00edcula llista d&#8217;espera<\/span><\/strong><\/p>\n<ul>\n<li data-start=\"1998\" data-end=\"2071\">\u00a0Es contactar\u00e0 amb les persones de la llista d\u2019espera per oferir-los una vacant, en cas que n&#8217;hi hagi una. A partir del 18 de setembre, la llista d\u2019espera quedar\u00e0 tancada i ja no es tindr\u00e0 en compte.<\/li>\n<\/ul>\n<\/li>\n<\/ul>\n<ul>\n<li data-start=\"2072\" data-end=\"2141\"><strong data-start=\"2144\" data-end=\"2176\">A partir del 23 de setembre &#8211; <span style=\"color: #7dbd42;\">Matr\u00edcula viva<\/span><\/strong>\n<ul data-start=\"1818\" data-end=\"2329\">\n<li data-start=\"2072\" data-end=\"2141\">Comen\u00e7a la matriculaci\u00f3 oberta durant tot el curs (\u201cmatr\u00edcula viva\u201d). Qualsevol persona que vulgui matricular-se podr\u00e0 fer-ho, sempre que hi hagi places vacants. Les vacants es publicaran a la web i al tauler d\u2019anuncis del centre. Les places disponibles s&#8217;ocuparan per ordre d\u2019arribada.<\/li>\n<\/ul>\n<\/li>\n<\/ul>\n<p>&nbsp;<\/p>\n<h3 data-start=\"2336\" data-end=\"2394\"><span style=\"color: #7dbd42;\">Matr\u00edcula per ensenyaments trimestrals \/ quadrimestrals<\/span><\/h3>\n<div class=\"_tableContainer_1rjym_1\">\n<div class=\"_tableWrapper_1rjym_13 group flex w-fit flex-col-reverse\" tabindex=\"-1\">\n<table class=\"w-fit min-w-(--thread-content-width)\" data-start=\"2396\" data-end=\"2763\">\n<thead data-start=\"2396\" data-end=\"2444\">\n<tr data-start=\"2396\" data-end=\"2444\">\n<th data-start=\"2396\" data-end=\"2410\" data-col-size=\"sm\">Ensenyament<\/th>\n<th data-start=\"2410\" data-end=\"2430\" data-col-size=\"sm\">Per\u00edode matr\u00edcula<\/th>\n<th data-start=\"2430\" data-end=\"2444\" data-col-size=\"sm\">Inici curs<\/th>\n<\/tr>\n<\/thead>\n<tbody data-start=\"2492\" data-end=\"2763\">\n<tr data-start=\"2492\" data-end=\"2575\">\n<td data-start=\"2492\" data-end=\"2523\" data-col-size=\"sm\">Castell\u00e0 1 (2n quadrimestre)<\/td>\n<td data-start=\"2523\" data-end=\"2552\" data-col-size=\"sm\">20 al 28 de febrer de 2026<\/td>\n<td data-start=\"2552\" data-end=\"2575\" data-col-size=\"sm\">2 de febrer de 2026<\/td>\n<\/tr>\n<tr data-start=\"2576\" data-end=\"2679\">\n<td data-start=\"2576\" data-end=\"2612\" data-col-size=\"sm\">Competic 3 \/ GESII (2n trimestre)<\/td>\n<td data-start=\"2612\" data-end=\"2654\" data-col-size=\"sm\">25 de novembre al 2 de desembre de 2025<\/td>\n<td data-start=\"2654\" data-end=\"2679\" data-col-size=\"sm\">9 de desembre de 2025<\/td>\n<\/tr>\n<tr data-start=\"2680\" data-end=\"2763\">\n<td data-start=\"2680\" data-end=\"2716\" data-col-size=\"sm\">Competic 3 \/ GESII (3r trimestre)<\/td>\n<td data-start=\"2716\" data-end=\"2741\" data-col-size=\"sm\">2 al 6 de mar\u00e7 de 2026<\/td>\n<td data-start=\"2741\" data-end=\"2763\" data-col-size=\"sm\">11 de mar\u00e7 de 2026<\/td>\n<\/tr>\n<\/tbody>\n<\/table>\n<p>&nbsp;<\/p>\n<\/div>\n<\/div>\n<h3 data-start=\"2770\" data-end=\"2796\"><span style=\"color: #7dbd42;\">Documentaci\u00f3 necess\u00e0ria<\/span><\/h3>\n<ul data-start=\"2797\" data-end=\"2900\">\n<li data-start=\"2797\" data-end=\"2848\">\n<p data-start=\"2799\" data-end=\"2848\">Original i fotoc\u00f2pia del <strong data-start=\"2824\" data-end=\"2845\">DNI\/NIE\/passaport<\/strong>.<\/p>\n<\/li>\n<li data-start=\"2849\" data-end=\"2900\">\n<p data-start=\"2851\" data-end=\"2900\">Original i fotoc\u00f2pia de la <strong data-start=\"2878\" data-end=\"2899\">targeta sanit\u00e0ria<\/strong>.<\/p>\n<\/li>\n<\/ul>\n<p>&nbsp;<\/p>\n<h3 data-start=\"2907\" data-end=\"2927\"><span style=\"color: #7dbd42;\">Requisits d\u2019acc\u00e9s<\/span><\/h3>\n<ul data-start=\"2928\" data-end=\"3285\">\n<li data-start=\"2928\" data-end=\"3009\">\n<p data-start=\"2930\" data-end=\"3009\">Majors de 18 anys o que els compleixin durant l\u2019any natural d\u2019inici del curs.<\/p>\n<\/li>\n<li data-start=\"3010\" data-end=\"3285\">\n<p data-start=\"3012\" data-end=\"3108\">Tamb\u00e9 poden accedir persones de m\u00ednim 16 anys si compleixen alguna de les condicions seg\u00fcents:<\/p>\n<ul data-start=\"3111\" data-end=\"3285\">\n<li data-start=\"3111\" data-end=\"3183\">\n<p data-start=\"3113\" data-end=\"3183\">Contracte laboral que impedeix assistir al centre en r\u00e8gim ordinari.<\/p>\n<\/li>\n<li data-start=\"3186\" data-end=\"3217\">\n<p data-start=\"3188\" data-end=\"3217\">Esportista d\u2019alt rendiment.<\/p>\n<\/li>\n<li data-start=\"3220\" data-end=\"3285\">\n<p data-start=\"3222\" data-end=\"3285\">Formaci\u00f3 per a proves d\u2019acc\u00e9s a cicles formatius de grau mitj\u00e0.<\/p>\n<\/li>\n<\/ul>\n<\/li>\n<\/ul>\n<hr data-start=\"3287\" data-end=\"3290\" \/>\n<p data-start=\"3292\" data-end=\"3372\"><strong data-start=\"3292\" data-end=\"3311\">M\u00e9s informaci\u00f3:<\/strong> <a class=\"decorated-link\" href=\"https:\/\/preinscripcio.gencat.cat?utm_source=chatgpt.com\" target=\"_new\" rel=\"noopener\" data-start=\"3312\" data-end=\"3372\">preinscripcio.gencat.cat<\/a><\/p>\n<p>&nbsp;<\/p>\n","protected":false},"excerpt":{"rendered":"<p>Matricula&#8217;t al CFA Sebasti\u00e0 Juan Arb\u00f3 \u2013 Curs 2025-2026<br \/>\nCalendari de preinscripci\u00f3 i matr\u00edcula<br \/>\n1. Presentaci\u00f3 de sol\u00b7licituds de preinscripci\u00f3<br \/>\nDel 19 al 27 de juny de 2025\u00c9s imprescindible respectar aquestes dates. Les sol\u00b7licituds presentades fora del termini perdran les prioritats assignades segons els criteris establerts.Els criteris de&hellip;  <a href=\"https:\/\/agora.xtec.cat\/cfasebastiajuanarbo\/matricula\/matricula-2025-2026\/\" title=\"Read Matr\u00edcula curs escolar 2025-2026\">Llegeix m\u00e9s\u00bb<\/a><\/p>\n","protected":false},"author":1,"featured_media":0,"parent":1205,"menu_order":0,"comment_status":"closed","ping_status":"closed","template":"","meta":{"_bbp_topic_count":0,"_bbp_reply_count":0,"_bbp_total_topic_count":0,"_bbp_total_reply_count":0,"_bbp_voice_count":0,"_bbp_anonymous_reply_count":0,"_bbp_topic_count_hidden":0,"_bbp_reply_count_hidden":0,"_bbp_forum_subforum_count":0,"footnotes":""},"class_list":["post-2358","page","type-page","status-publish","hentry"],"post_mailing_queue_ids":[],"_links":{"self":[{"href":"https:\/\/agora.xtec.cat\/cfasebastiajuanarbo\/wp-json\/wp\/v2\/pages\/2358","targetHints":{"allow":["GET"]}}],"collection":[{"href":"https:\/\/agora.xtec.cat\/cfasebastiajuanarbo\/wp-json\/wp\/v2\/pages"}],"about":[{"href":"https:\/\/agora.xtec.cat\/cfasebastiajuanarbo\/wp-json\/wp\/v2\/types\/page"}],"author":[{"embeddable":true,"href":"https:\/\/agora.xtec.cat\/cfasebastiajuanarbo\/wp-json\/wp\/v2\/users\/1"}],"replies":[{"embeddable":true,"href":"https:\/\/agora.xtec.cat\/cfasebastiajuanarbo\/wp-json\/wp\/v2\/comments?post=2358"}],"version-history":[{"count":6,"href":"https:\/\/agora.xtec.cat\/cfasebastiajuanarbo\/wp-json\/wp\/v2\/pages\/2358\/revisions"}],"predecessor-version":[{"id":3217,"href":"https:\/\/agora.xtec.cat\/cfasebastiajuanarbo\/wp-json\/wp\/v2\/pages\/2358\/revisions\/3217"}],"up":[{"embeddable":true,"href":"https:\/\/agora.xtec.cat\/cfasebastiajuanarbo\/wp-json\/wp\/v2\/pages\/1205"}],"wp:attachment":[{"href":"https:\/\/agora.xtec.cat\/cfasebastiajuanarbo\/wp-json\/wp\/v2\/media?parent=2358"}],"curies":[{"name":"wp","href":"https:\/\/api.w.org\/{rel}","templated":true}]}}

Matrícula curs escolar 2025-2026

<h2 data-start="124" data-end="178"><span style="color: #ff6600;">Matricula&#8217;t al CFA Sebastià Juan Arbó – Curs 2025-2026</span></h2>
<h3 data-start="180" data-end="221"><span style="color: #7dbd42;">Calendari de preinscripció i matrícula</span></h3>
<h4 data-start="223" data-end="257"><span style="color: #1d5aaa;">1. Presentació de sol·licituds de preinscripció</span></h4>
<p data-start="258" data-end="582"><strong data-start="258" data-end="290">Del 19 al 27 de juny de 2025</strong><br data-start="290" data-end="293" />És imprescindible respectar aquestes dates. Les sol·licituds presentades fora del termini <strong data-start="383" data-end="409">perdran les prioritats</strong> assignades segons els criteris establerts.<br data-start="452" data-end="455" />Els criteris de prioritat serveixen per puntuar cada sol·licitud i establir l’ordre d’accés a les places disponibles al centre.</p>
<h4 data-start="584" data-end="629"><span style="color: #1d5aaa;">2. Publicació de la puntuació provisional</span></h4>
<p data-start="630" data-end="873"><strong data-start="630" data-end="675">4 de juliol de 2025, a partir de les 14 h</strong><br data-start="675" data-end="678" />Els centres revisen totes les sol·licituds, comproven la documentació i apliquen els criteris de baremació.<br data-start="785" data-end="788" />Es publicarà la <strong data-start="806" data-end="872">llista alfabètica de sol·licituds amb la puntuació provisional</strong>.</p>
<h4 data-start="875" data-end="909"><span style="color: #1d5aaa;">3. Presentació de reclamacions</span></h4>
<p data-start="910" data-end="1038"><strong data-start="910" data-end="942">Del 4 al 9 de juliol de 2025</strong><br data-start="942" data-end="945" />Si detectes algun error en la puntuació, pots presentar una reclamació durant aquest període.</p>
<h4 data-start="1040" data-end="1077"><span style="color: #1d5aaa;">4. Sorteig del número de desempat</span></h4>
<p data-start="1078" data-end="1392"><strong data-start="1078" data-end="1113">7 de juliol de 2025, a les 11 h</strong><br data-start="1113" data-end="1116" />Si hi ha més sol·licituds que places i hi ha empats, es realitzarà un sorteig per assignar un número de desempat que determinarà l’ordre d’admissió.<br data-start="1264" data-end="1267" />L’acte tindrà lloc als Serveis Centrals del Departament d’Educació i Formació Professional (Via Augusta, 202-226, Barcelona).</p>
<h4 data-start="1394" data-end="1438"><span style="color: #1d5aaa;">5. Publicació de la puntuació definitiva</span></h4>
<p data-start="1439" data-end="1613"><strong data-start="1439" data-end="1485">11 de juliol de 2025, a partir de les 14 h</strong><br data-start="1485" data-end="1488" />Es publicarà la <strong data-start="1506" data-end="1568">llista definitiva amb la puntuació i el número de desempat</strong>, després de resoldre totes les reclamacions.</p>
<h4 data-start="1615" data-end="1656"><span style="color: #1d5aaa;">6. Llista d’admesos i llista d’espera</span></h4>
<p data-start="1657" data-end="1796"><strong data-start="1657" data-end="1703">16 de juliol de 2025, a partir de les 14 h</strong><br data-start="1703" data-end="1706" />Es publicaran, per activitats, la <strong data-start="1742" data-end="1770">llista d’alumnes admesos</strong> i la <strong data-start="1776" data-end="1795">llista d’espera</strong>.</p>
<h4 data-start="1798" data-end="1817"><span style="color: #1d5aaa;">7. Matriculació</span></h4>
<ul>
<li data-start="1818" data-end="1995">
<p data-start="1820" data-end="1995"><strong data-start="1820" data-end="1843">2 al 9 de setembre &#8211; <span style="color: #7dbd42;">Matrícula ordinària</span></strong></p>
<ul>
<li data-start="1820" data-end="1995">Es matriculen els alumnes que havien fet la preinscripció i tenen plaça assignada.</li>
<li data-start="1820" data-end="1995">Si en algun ensenyament han quedat places vacants, també es podran matricular alumnes que no hagin fet preinscripció.</li>
</ul>
</li>
</ul>
<ul>
<li data-start="1996" data-end="2071">
<p data-start="1998" data-end="2071"><strong data-start="1998" data-end="2023">10 al 17 de setembre &#8211; <span style="color: #7dbd42;">Matrícula llista d&#8217;espera</span></strong></p>
<ul>
<li data-start="1998" data-end="2071"> Es contactarà amb les persones de la llista d’espera per oferir-los una vacant, en cas que n&#8217;hi hagi una. A partir del 18 de setembre, la llista d’espera quedarà tancada i ja no es tindrà en compte.</li>
</ul>
</li>
</ul>
<ul>
<li data-start="2072" data-end="2141"><strong data-start="2144" data-end="2176">A partir del 23 de setembre &#8211; <span style="color: #7dbd42;">Matrícula viva</span></strong>
<ul data-start="1818" data-end="2329">
<li data-start="2072" data-end="2141">Comença la matriculació oberta durant tot el curs (“matrícula viva”). Qualsevol persona que vulgui matricular-se podrà fer-ho, sempre que hi hagi places vacants. Les vacants es publicaran a la web i al tauler d’anuncis del centre. Les places disponibles s&#8217;ocuparan per ordre d’arribada.</li>
</ul>
</li>
</ul>
<p>&nbsp;</p>
<h3 data-start="2336" data-end="2394"><span style="color: #7dbd42;">Matrícula per ensenyaments trimestrals / quadrimestrals</span></h3>
<div class="_tableContainer_1rjym_1">
<div class="_tableWrapper_1rjym_13 group flex w-fit flex-col-reverse" tabindex="-1">
<table class="w-fit min-w-(--thread-content-width)" data-start="2396" data-end="2763">
<thead data-start="2396" data-end="2444">
<tr data-start="2396" data-end="2444">
<th data-start="2396" data-end="2410" data-col-size="sm">Ensenyament</th>
<th data-start="2410" data-end="2430" data-col-size="sm">Període matrícula</th>
<th data-start="2430" data-end="2444" data-col-size="sm">Inici curs</th>
</tr>
</thead>
<tbody data-start="2492" data-end="2763">
<tr data-start="2492" data-end="2575">
<td data-start="2492" data-end="2523" data-col-size="sm">Castellà 1 (2n quadrimestre)</td>
<td data-start="2523" data-end="2552" data-col-size="sm">20 al 28 de febrer de 2026</td>
<td data-start="2552" data-end="2575" data-col-size="sm">2 de febrer de 2026</td>
</tr>
<tr data-start="2576" data-end="2679">
<td data-start="2576" data-end="2612" data-col-size="sm">Competic 3 / GESII (2n trimestre)</td>
<td data-start="2612" data-end="2654" data-col-size="sm">25 de novembre al 2 de desembre de 2025</td>
<td data-start="2654" data-end="2679" data-col-size="sm">9 de desembre de 2025</td>
</tr>
<tr data-start="2680" data-end="2763">
<td data-start="2680" data-end="2716" data-col-size="sm">Competic 3 / GESII (3r trimestre)</td>
<td data-start="2716" data-end="2741" data-col-size="sm">2 al 6 de març de 2026</td>
<td data-start="2741" data-end="2763" data-col-size="sm">11 de març de 2026</td>
</tr>
</tbody>
</table>
<p>&nbsp;</p>
</div>
</div>
<h3 data-start="2770" data-end="2796"><span style="color: #7dbd42;">Documentació necessària</span></h3>
<ul data-start="2797" data-end="2900">
<li data-start="2797" data-end="2848">
<p data-start="2799" data-end="2848">Original i fotocòpia del <strong data-start="2824" data-end="2845">DNI/NIE/passaport</strong>.</p>
</li>
<li data-start="2849" data-end="2900">
<p data-start="2851" data-end="2900">Original i fotocòpia de la <strong data-start="2878" data-end="2899">targeta sanitària</strong>.</p>
</li>
</ul>
<p>&nbsp;</p>
<h3 data-start="2907" data-end="2927"><span style="color: #7dbd42;">Requisits d’accés</span></h3>
<ul data-start="2928" data-end="3285">
<li data-start="2928" data-end="3009">
<p data-start="2930" data-end="3009">Majors de 18 anys o que els compleixin durant l’any natural d’inici del curs.</p>
</li>
<li data-start="3010" data-end="3285">
<p data-start="3012" data-end="3108">També poden accedir persones de mínim 16 anys si compleixen alguna de les condicions següents:</p>
<ul data-start="3111" data-end="3285">
<li data-start="3111" data-end="3183">
<p data-start="3113" data-end="3183">Contracte laboral que impedeix assistir al centre en règim ordinari.</p>
</li>
<li data-start="3186" data-end="3217">
<p data-start="3188" data-end="3217">Esportista d’alt rendiment.</p>
</li>
<li data-start="3220" data-end="3285">
<p data-start="3222" data-end="3285">Formació per a proves d’accés a cicles formatius de grau mitjà.</p>
</li>
</ul>
</li>
</ul>
<hr data-start="3287" data-end="3290" />
<p data-start="3292" data-end="3372"><strong data-start="3292" data-end="3311">Més informació:</strong> <a class="decorated-link" href="https://preinscripcio.gencat.cat?utm_source=chatgpt.com" target="_new" rel="noopener" data-start="3312" data-end="3372">preinscripcio.gencat.cat</a></p>
<p>&nbsp;</p>

<p>Matricula&#8217;t al CFA Sebastià Juan Arbó – Curs 2025-2026<br />
Calendari de preinscripció i matrícula<br />
1. Presentació de sol·licituds de preinscripció<br />
Del 19 al 27 de juny de 2025És imprescindible respectar aquestes dates. Les sol·licituds presentades fora del termini perdran les prioritats assignades segons els criteris establerts.Els criteris de&hellip;  <a href="https://agora.xtec.cat/cfasebastiajuanarbo/matricula/matricula-2025-2026/" title="Read Matrícula curs escolar 2025-2026">Llegeix més»</a></p>
