{"id":2116,"date":"2022-05-09T09:53:36","date_gmt":"2022-05-09T07:53:36","guid":{"rendered":"https:\/\/agora.xtec.cat\/cfasebastiajuanarbo\/?page_id=2116"},"modified":"2022-06-20T09:45:17","modified_gmt":"2022-06-20T07:45:17","slug":"acollida-digital","status":"publish","type":"page","link":"https:\/\/agora.xtec.cat\/cfasebastiajuanarbo\/acollida-digital\/","title":{"rendered":"Acollida digital"},"content":{"rendered":"<div class=\"Zmm6We\">\n<p class=\"oIy2qc\" data-message-text=\"El document que presentem forma part del proc\u00e9s de definici\u00f3 de criteris i orientacions per a configurar el model de centre digital de l\u2019escola Soriano-Montagut. T\u00e9 l\u2019objectiu com\u00fa d\u2019unificar criteris d\u2019actuaci\u00f3 per a l\u2019acolliment del nou professorat que s\u2019incorpora al centre en mat\u00e8ria de tecnologies de la informaci\u00f3 i les comunicacions (TIC) i de l\u2019alumnat. En el moment de la incorporaci\u00f3 al centre la direcci\u00f3 explicar\u00e0 al nou professor\/a el protocol d\u2019acolliment TAC, les actuacions que es d\">El document que presentem forma part del proc\u00e9s de definici\u00f3 de criteris i orientacions per a configurar el model de centre digital del CFA Sebasti\u00e0 Juan Arb\u00f3. T\u00e9 l\u2019objectiu com\u00fa d\u2019unificar criteris d\u2019actuaci\u00f3 per a l\u2019acolliment del nou professorat que s\u2019incorpora al centre en mat\u00e8ria de tecnologies de la informaci\u00f3 i les comunicacions (TIC) i de l\u2019alumnat. En el moment de la incorporaci\u00f3 al centre la direcci\u00f3 explicar\u00e0 al nou professor\/a el protocol d\u2019acolliment TAC, les actuacions que es descriuen a continuaci\u00f3 i els responsables a executar-les. Tamb\u00e9 li facilitar\u00e0 una c\u00f2pia del \u201cPla d\u2019acollida digital\u201d.<\/p>\n<\/div>\n<ul>\n<li data-message-text=\"El document que presentem forma part del proc\u00e9s de definici\u00f3 de criteris i orientacions per a configurar el model de centre digital de l\u2019escola Soriano-Montagut. T\u00e9 l\u2019objectiu com\u00fa d\u2019unificar criteris d\u2019actuaci\u00f3 per a l\u2019acolliment del nou professorat que s\u2019incorpora al centre en mat\u00e8ria de tecnologies de la informaci\u00f3 i les comunicacions (TIC) i de l\u2019alumnat. En el moment de la incorporaci\u00f3 al centre la direcci\u00f3 explicar\u00e0 al nou professor\/a el protocol d\u2019acolliment TAC, les actuacions que es d\"><a href=\"https:\/\/drive.google.com\/file\/d\/1QJ9u3XlTcTUYwt2KSx8aCTMye5YAML96\/view?usp=sharing\">Acollida digital docent<\/a><\/li>\n<li data-message-text=\"El document que presentem forma part del proc\u00e9s de definici\u00f3 de criteris i orientacions per a configurar el model de centre digital de l\u2019escola Soriano-Montagut. T\u00e9 l\u2019objectiu com\u00fa d\u2019unificar criteris d\u2019actuaci\u00f3 per a l\u2019acolliment del nou professorat que s\u2019incorpora al centre en mat\u00e8ria de tecnologies de la informaci\u00f3 i les comunicacions (TIC) i de l\u2019alumnat. En el moment de la incorporaci\u00f3 al centre la direcci\u00f3 explicar\u00e0 al nou professor\/a el protocol d\u2019acolliment TAC, les actuacions que es d\"><a href=\"https:\/\/drive.google.com\/file\/d\/1juGuAHdXkYyIfGD6rZlLkIDyj6YmNu-y\/view?usp=sharing\">Acollida digital de l&#8217;alumnat<\/a><\/li>\n<\/ul>\n","protected":false},"excerpt":{"rendered":"<p>El document que presentem forma part del proc\u00e9s de definici\u00f3 de criteris i orientacions per a configurar el model de centre digital del CFA Sebasti\u00e0 Juan Arb\u00f3. T\u00e9 l\u2019objectiu com\u00fa d\u2019unificar criteris d\u2019actuaci\u00f3 per a l\u2019acolliment del nou professorat que s\u2019incorpora al centre en mat\u00e8ria&hellip;  <a href=\"https:\/\/agora.xtec.cat\/cfasebastiajuanarbo\/acollida-digital\/\" title=\"Read Acollida digital\">Llegeix m\u00e9s\u00bb<\/a><\/p>\n","protected":false},"author":1,"featured_media":0,"parent":0,"menu_order":0,"comment_status":"closed","ping_status":"closed","template":"","meta":{"_bbp_topic_count":0,"_bbp_reply_count":0,"_bbp_total_topic_count":0,"_bbp_total_reply_count":0,"_bbp_voice_count":0,"_bbp_anonymous_reply_count":0,"_bbp_topic_count_hidden":0,"_bbp_reply_count_hidden":0,"_bbp_forum_subforum_count":0,"footnotes":""},"class_list":["post-2116","page","type-page","status-publish","hentry"],"post_mailing_queue_ids":[],"_links":{"self":[{"href":"https:\/\/agora.xtec.cat\/cfasebastiajuanarbo\/wp-json\/wp\/v2\/pages\/2116","targetHints":{"allow":["GET"]}}],"collection":[{"href":"https:\/\/agora.xtec.cat\/cfasebastiajuanarbo\/wp-json\/wp\/v2\/pages"}],"about":[{"href":"https:\/\/agora.xtec.cat\/cfasebastiajuanarbo\/wp-json\/wp\/v2\/types\/page"}],"author":[{"embeddable":true,"href":"https:\/\/agora.xtec.cat\/cfasebastiajuanarbo\/wp-json\/wp\/v2\/users\/1"}],"replies":[{"embeddable":true,"href":"https:\/\/agora.xtec.cat\/cfasebastiajuanarbo\/wp-json\/wp\/v2\/comments?post=2116"}],"version-history":[{"count":4,"href":"https:\/\/agora.xtec.cat\/cfasebastiajuanarbo\/wp-json\/wp\/v2\/pages\/2116\/revisions"}],"predecessor-version":[{"id":2237,"href":"https:\/\/agora.xtec.cat\/cfasebastiajuanarbo\/wp-json\/wp\/v2\/pages\/2116\/revisions\/2237"}],"wp:attachment":[{"href":"https:\/\/agora.xtec.cat\/cfasebastiajuanarbo\/wp-json\/wp\/v2\/media?parent=2116"}],"curies":[{"name":"wp","href":"https:\/\/api.w.org\/{rel}","templated":true}]}}

<div class="Zmm6We">
<p class="oIy2qc" data-message-text="El document que presentem forma part del procés de definició de criteris i orientacions per a configurar el model de centre digital de l’escola Soriano-Montagut. Té l’objectiu comú d’unificar criteris d’actuació per a l’acolliment del nou professorat que s’incorpora al centre en matèria de tecnologies de la informació i les comunicacions (TIC) i de l’alumnat. En el moment de la incorporació al centre la direcció explicarà al nou professor/a el protocol d’acolliment TAC, les actuacions que es d">El document que presentem forma part del procés de definició de criteris i orientacions per a configurar el model de centre digital del CFA Sebastià Juan Arbó. Té l’objectiu comú d’unificar criteris d’actuació per a l’acolliment del nou professorat que s’incorpora al centre en matèria de tecnologies de la informació i les comunicacions (TIC) i de l’alumnat. En el moment de la incorporació al centre la direcció explicarà al nou professor/a el protocol d’acolliment TAC, les actuacions que es descriuen a continuació i els responsables a executar-les. També li facilitarà una còpia del “Pla d’acollida digital”.</p>
</div>
<ul>
<li data-message-text="El document que presentem forma part del procés de definició de criteris i orientacions per a configurar el model de centre digital de l’escola Soriano-Montagut. Té l’objectiu comú d’unificar criteris d’actuació per a l’acolliment del nou professorat que s’incorpora al centre en matèria de tecnologies de la informació i les comunicacions (TIC) i de l’alumnat. En el moment de la incorporació al centre la direcció explicarà al nou professor/a el protocol d’acolliment TAC, les actuacions que es d"><a href="https://drive.google.com/file/d/1QJ9u3XlTcTUYwt2KSx8aCTMye5YAML96/view?usp=sharing">Acollida digital docent</a></li>
<li data-message-text="El document que presentem forma part del procés de definició de criteris i orientacions per a configurar el model de centre digital de l’escola Soriano-Montagut. Té l’objectiu comú d’unificar criteris d’actuació per a l’acolliment del nou professorat que s’incorpora al centre en matèria de tecnologies de la informació i les comunicacions (TIC) i de l’alumnat. En el moment de la incorporació al centre la direcció explicarà al nou professor/a el protocol d’acolliment TAC, les actuacions que es d"><a href="https://drive.google.com/file/d/1juGuAHdXkYyIfGD6rZlLkIDyj6YmNu-y/view?usp=sharing">Acollida digital de l&#8217;alumnat</a></li>
</ul>

<p>El document que presentem forma part del procés de definició de criteris i orientacions per a configurar el model de centre digital del CFA Sebastià Juan Arbó. Té l’objectiu comú d’unificar criteris d’actuació per a l’acolliment del nou professorat que s’incorpora al centre en matèria&hellip;  <a href="https://agora.xtec.cat/cfasebastiajuanarbo/acollida-digital/" title="Read Acollida digital">Llegeix més»</a></p>
