{"id":1982,"date":"2022-02-28T10:00:16","date_gmt":"2022-02-28T09:00:16","guid":{"rendered":"https:\/\/agora.xtec.cat\/cfasebastiajuanarbo\/?page_id=1982"},"modified":"2022-05-16T15:04:17","modified_gmt":"2022-05-16T13:04:17","slug":"diagnosi","status":"publish","type":"page","link":"https:\/\/agora.xtec.cat\/cfasebastiajuanarbo\/diagnosi\/","title":{"rendered":"Diagnosi"},"content":{"rendered":"<p style=\"text-align: justify;\">E<span style=\"font-family: inherit; font-size: 1em; text-align: justify;\">l nostre centre ha\u00a0<\/span><span style=\"font-family: inherit; font-size: 1em; text-align: justify;\">emprat l&#8217;eina diagn\u00f2stica <\/span><a style=\"font-family: inherit; font-size: 1em; text-align: justify;\" href=\"https:\/\/education.ec.europa.eu\/selfie\">SELFIE<\/a><span style=\"font-family: inherit; font-size: 1em; text-align: justify;\"> per tal de con\u00e8ixer les fortaleses d&#8217;aquest en quant a compet\u00e8ncia digital i tamb\u00e9 els punts a millor. D&#8217;<\/span><span style=\"font-family: inherit; font-size: 1em; text-align: justify;\">aquesta manera en el proper curs s&#8217;implementar\u00e0 l&#8217;<\/span><a style=\"font-family: inherit; font-size: 1em; text-align: justify;\" href=\"https:\/\/agora.xtec.cat\/cfasebastiajuanarbo\/estrategia-digital-de-centre\/\">Estrat\u00e8gia Digital de Centre<\/a><span style=\"font-family: inherit; font-size: 1em; text-align: justify;\"> que permetr\u00e0 una millor adaptaci\u00f3 dels nostres cursos al m\u00f3n digital.<\/span><\/p>\n<p><img loading=\"lazy\" decoding=\"async\" class=\"wp-image-2099 aligncenter\" style=\"text-align: justify;\" src=\"https:\/\/agora.xtec.cat\/cfasebastiajuanarbo\/wp-content\/uploads\/usu957\/2022\/05\/selfie-1024x573.png\" alt=\"\" width=\"332\" height=\"186\" srcset=\"https:\/\/agora.xtec.cat\/cfasebastiajuanarbo\/wp-content\/uploads\/usu957\/2022\/05\/selfie-1024x573.png 1024w, https:\/\/agora.xtec.cat\/cfasebastiajuanarbo\/wp-content\/uploads\/usu957\/2022\/05\/selfie-300x168.png 300w, https:\/\/agora.xtec.cat\/cfasebastiajuanarbo\/wp-content\/uploads\/usu957\/2022\/05\/selfie-768x429.png 768w, https:\/\/agora.xtec.cat\/cfasebastiajuanarbo\/wp-content\/uploads\/usu957\/2022\/05\/selfie.png 1030w\" sizes=\"auto, (max-width: 332px) 100vw, 332px\" \/><\/p>\n<p>Els resultats obtinguts segons els participants (equip directiu, professorat i alumnat) han estat els seg\u00fcents:<\/p>\n<p><img loading=\"lazy\" decoding=\"async\" class=\"aligncenter size-full wp-image-2100\" src=\"https:\/\/agora.xtec.cat\/cfasebastiajuanarbo\/wp-content\/uploads\/usu957\/2022\/05\/diagnostic.png\" alt=\"\" width=\"405\" height=\"647\" srcset=\"https:\/\/agora.xtec.cat\/cfasebastiajuanarbo\/wp-content\/uploads\/usu957\/2022\/05\/diagnostic.png 405w, https:\/\/agora.xtec.cat\/cfasebastiajuanarbo\/wp-content\/uploads\/usu957\/2022\/05\/diagnostic-188x300.png 188w\" sizes=\"auto, (max-width: 405px) 100vw, 405px\" \/><\/p>\n","protected":false},"excerpt":{"rendered":"<p>El nostre centre ha\u00a0emprat l&#8217;eina diagn\u00f2stica <a style=\"font-family: inherit; font-size: 1em; text-align: justify;\" href=\"https:\/\/education.ec.europa.eu\/selfie\">SELFIE<\/a> per tal de con\u00e8ixer les fortaleses d&#8217;aquest en quant a compet\u00e8ncia digital i tamb\u00e9 els punts a millor. D&#8217;aquesta manera en el proper curs s&#8217;implementar\u00e0 l&#8217;<a style=\"font-family: inherit; font-size: 1em; text-align:&hellip;  <a href=\"https:\/\/agora.xtec.cat\/cfasebastiajuanarbo\/diagnosi\/\" title=\"Read Diagnosi\">Llegeix m\u00e9s\u00bb<\/a><\/p>\n","protected":false},"author":1,"featured_media":0,"parent":0,"menu_order":0,"comment_status":"closed","ping_status":"closed","template":"","meta":{"_bbp_topic_count":0,"_bbp_reply_count":0,"_bbp_total_topic_count":0,"_bbp_total_reply_count":0,"_bbp_voice_count":0,"_bbp_anonymous_reply_count":0,"_bbp_topic_count_hidden":0,"_bbp_reply_count_hidden":0,"_bbp_forum_subforum_count":0,"footnotes":""},"class_list":["post-1982","page","type-page","status-publish","hentry"],"post_mailing_queue_ids":[],"_links":{"self":[{"href":"https:\/\/agora.xtec.cat\/cfasebastiajuanarbo\/wp-json\/wp\/v2\/pages\/1982","targetHints":{"allow":["GET"]}}],"collection":[{"href":"https:\/\/agora.xtec.cat\/cfasebastiajuanarbo\/wp-json\/wp\/v2\/pages"}],"about":[{"href":"https:\/\/agora.xtec.cat\/cfasebastiajuanarbo\/wp-json\/wp\/v2\/types\/page"}],"author":[{"embeddable":true,"href":"https:\/\/agora.xtec.cat\/cfasebastiajuanarbo\/wp-json\/wp\/v2\/users\/1"}],"replies":[{"embeddable":true,"href":"https:\/\/agora.xtec.cat\/cfasebastiajuanarbo\/wp-json\/wp\/v2\/comments?post=1982"}],"version-history":[{"count":4,"href":"https:\/\/agora.xtec.cat\/cfasebastiajuanarbo\/wp-json\/wp\/v2\/pages\/1982\/revisions"}],"predecessor-version":[{"id":2105,"href":"https:\/\/agora.xtec.cat\/cfasebastiajuanarbo\/wp-json\/wp\/v2\/pages\/1982\/revisions\/2105"}],"wp:attachment":[{"href":"https:\/\/agora.xtec.cat\/cfasebastiajuanarbo\/wp-json\/wp\/v2\/media?parent=1982"}],"curies":[{"name":"wp","href":"https:\/\/api.w.org\/{rel}","templated":true}]}}

<p style="text-align: justify;">E<span style="font-family: inherit; font-size: 1em; text-align: justify;">l nostre centre ha </span><span style="font-family: inherit; font-size: 1em; text-align: justify;">emprat l&#8217;eina diagnòstica </span><a style="font-family: inherit; font-size: 1em; text-align: justify;" href="https://education.ec.europa.eu/selfie">SELFIE</a><span style="font-family: inherit; font-size: 1em; text-align: justify;"> per tal de conèixer les fortaleses d&#8217;aquest en quant a competència digital i també els punts a millor. D&#8217;</span><span style="font-family: inherit; font-size: 1em; text-align: justify;">aquesta manera en el proper curs s&#8217;implementarà l&#8217;</span><a style="font-family: inherit; font-size: 1em; text-align: justify;" href="https://agora.xtec.cat/cfasebastiajuanarbo/estrategia-digital-de-centre/">Estratègia Digital de Centre</a><span style="font-family: inherit; font-size: 1em; text-align: justify;"> que permetrà una millor adaptació dels nostres cursos al món digital.</span></p>
<p><img loading="lazy" decoding="async" class="wp-image-2099 aligncenter" style="text-align: justify;" src="https://agora.xtec.cat/cfasebastiajuanarbo/wp-content/uploads/usu957/2022/05/selfie-1024x573.png" alt="" width="332" height="186" srcset="https://agora.xtec.cat/cfasebastiajuanarbo/wp-content/uploads/usu957/2022/05/selfie-1024x573.png 1024w, https://agora.xtec.cat/cfasebastiajuanarbo/wp-content/uploads/usu957/2022/05/selfie-300x168.png 300w, https://agora.xtec.cat/cfasebastiajuanarbo/wp-content/uploads/usu957/2022/05/selfie-768x429.png 768w, https://agora.xtec.cat/cfasebastiajuanarbo/wp-content/uploads/usu957/2022/05/selfie.png 1030w" sizes="auto, (max-width: 332px) 100vw, 332px" /></p>
<p>Els resultats obtinguts segons els participants (equip directiu, professorat i alumnat) han estat els següents:</p>
<p><img loading="lazy" decoding="async" class="aligncenter size-full wp-image-2100" src="https://agora.xtec.cat/cfasebastiajuanarbo/wp-content/uploads/usu957/2022/05/diagnostic.png" alt="" width="405" height="647" srcset="https://agora.xtec.cat/cfasebastiajuanarbo/wp-content/uploads/usu957/2022/05/diagnostic.png 405w, https://agora.xtec.cat/cfasebastiajuanarbo/wp-content/uploads/usu957/2022/05/diagnostic-188x300.png 188w" sizes="auto, (max-width: 405px) 100vw, 405px" /></p>

<p>El nostre centre ha emprat l&#8217;eina diagnòstica <a style="font-family: inherit; font-size: 1em; text-align: justify;" href="https://education.ec.europa.eu/selfie">SELFIE</a> per tal de conèixer les fortaleses d&#8217;aquest en quant a competència digital i també els punts a millor. D&#8217;aquesta manera en el proper curs s&#8217;implementarà l&#8217;<a style="font-family: inherit; font-size: 1em; text-align:&hellip;  <a href="https://agora.xtec.cat/cfasebastiajuanarbo/diagnosi/" title="Read Diagnosi">Llegeix més»</a></p>
