{"id":1360,"date":"2020-06-08T16:07:32","date_gmt":"2020-06-08T14:07:32","guid":{"rendered":"http:\/\/agora.xtec.cat\/cfasebastiajuanarbo\/?page_id=1360"},"modified":"2023-01-20T10:47:03","modified_gmt":"2023-01-20T09:47:03","slug":"sollicituds","status":"publish","type":"page","link":"https:\/\/agora.xtec.cat\/cfasebastiajuanarbo\/secretaria\/tramits-impressos-i-sollicituds\/sollicituds\/","title":{"rendered":"Descarrega&#8217;t impresos aqu\u00ed"},"content":{"rendered":"<ul>\n<li>Descarrega&#8217;t <strong>aqu\u00ed<\/strong> els <strong>impresos<\/strong> que necessitis:<\/li>\n<\/ul>\n<p><strong>DOCUMENTS MATR\u00cdCULA PRESENCIAL:<\/strong><\/p>\n<p><strong>\u00a0 \u00a0 \u00a0 \u00a0 \u00a0 \u00a0 \u00a0Majors d&#8217;edat<\/strong><\/p>\n<ul>\n<li style=\"list-style-type: none;\">\n<ul>\n<li style=\"list-style-type: none;\">\n<ul>\n<li style=\"list-style-type: none;\">\n<ul style=\"list-style-type: circle;\">\n<li><a href=\"https:\/\/drive.google.com\/file\/d\/1_Gw8P04wSKNNLeFGbm5MYX3Oohlk533b\/view?usp=sharing\">Sol\u00b7licitud de matr\u00edcula\u00a0<\/a><\/li>\n<li><a href=\"https:\/\/drive.google.com\/file\/d\/18kNrpkIZ_2yRzD6xcAho1xr0YxR_hQ8f\/view?usp=sharing\">Autoritzaci\u00f3 drets d&#8217;imatge<\/a><\/li>\n<li><a href=\"https:\/\/drive.google.com\/file\/d\/1jLJmlb-3-4oC2Tdd0gjp4Z3RRQFLE-Zq\/view?usp=sharing\">Carta comprom\u00eds educatiu<\/a><\/li>\n<\/ul>\n<\/li>\n<\/ul>\n<\/li>\n<\/ul>\n<\/li>\n<\/ul>\n<p><strong>\u00a0 \u00a0 \u00a0 \u00a0 \u00a0 \u00a0 \u00a0Menors d&#8217;edat<\/strong><\/p>\n<ul>\n<li style=\"list-style-type: none;\">\n<ul>\n<li style=\"list-style-type: none;\">\n<ul>\n<li style=\"list-style-type: none;\">\n<ul style=\"list-style-type: circle;\">\n<li><a href=\"https:\/\/drive.google.com\/file\/d\/1_Gw8P04wSKNNLeFGbm5MYX3Oohlk533b\/view?usp=sharing\">Sol\u00b7licitud de matr\u00edcula\u00a0<\/a><\/li>\n<li><a href=\"https:\/\/drive.google.com\/file\/d\/18kNrpkIZ_2yRzD6xcAho1xr0YxR_hQ8f\/view?usp=sharing\">Autoritzaci\u00f3 drets d&#8217;imatge<\/a><\/li>\n<li><a href=\"https:\/\/drive.google.com\/file\/d\/1jLJmlb-3-4oC2Tdd0gjp4Z3RRQFLE-Zq\/view?usp=sharing\">Carta comprom\u00eds educatiu<\/a><\/li>\n<li><a href=\"https:\/\/drive.google.com\/file\/d\/101ySz2Boa8uho9s_fzloRHkPTKa1_V5C\/view?usp=sharing\">Autoritzaci\u00f3 per estudiar escola adults<\/a><\/li>\n<li><a href=\"https:\/\/drive.google.com\/file\/d\/1RLtggijnpU3OE3ApNAm9bkd4btOIErJk\/view?usp=sharing\">Declaraci\u00f3 pare \/ mare \/ tutor de l&#8217;alumne menor d&#8217;edat<\/a><\/li>\n<li><a href=\"https:\/\/drive.google.com\/file\/d\/1_AE2IcGZIDmitwlikmvRwELdGvEqy8ki\/view?usp=sharing\">Autoritzaci\u00f3 sortides i emerg\u00e8ncies m\u00e8diques<\/a><\/li>\n<\/ul>\n<\/li>\n<\/ul>\n<\/li>\n<\/ul>\n<\/li>\n<\/ul>\n<p><strong style=\"font-family: inherit; font-size: 1em;\">DOCUMENTS MATR\u00cdCULA TELEM\u00c0TICA:<\/strong><\/p>\n<p>Si la matr\u00edcula es realitza telem\u00e0ticament un cop iniciat el curs, cal passar per Secretaria a emplenar els seg\u00fcents documents:<\/p>\n<ul>\n<li style=\"list-style-type: none;\">\n<ul>\n<li style=\"list-style-type: none;\">\n<ul>\n<li style=\"list-style-type: none;\">\n<ul style=\"list-style-type: circle;\">\n<li><a href=\"https:\/\/drive.google.com\/file\/d\/18kNrpkIZ_2yRzD6xcAho1xr0YxR_hQ8f\/view?usp=sharing\">Autoritzaci\u00f3 drets d&#8217;imatge<\/a><\/li>\n<li><a href=\"https:\/\/drive.google.com\/file\/d\/1jLJmlb-3-4oC2Tdd0gjp4Z3RRQFLE-Zq\/view?usp=sharing\">Carta comprom\u00eds educatiu<\/a><\/li>\n<\/ul>\n<\/li>\n<\/ul>\n<\/li>\n<\/ul>\n<\/li>\n<\/ul>\n<p><strong>FALTES ASSIST\u00c8NCIA:<\/strong><\/p>\n<ul>\n<li style=\"list-style-type: none;\">\n<ul style=\"list-style-type: circle;\">\n<li><a href=\"https:\/\/drive.google.com\/file\/d\/11WJzV6wSJZs1llnXkFiYvIdT9UPCIPjj\/view?usp=sharing\">Justificant faltes assist\u00e8ncia.<\/a><\/li>\n<\/ul>\n<\/li>\n<\/ul>\n<p><strong>AUTORITZACI\u00d3 ALUMNAT MAJOR 18 ANYS PER INFORMAR ELS PARES:<\/strong><\/p>\n<ul>\n<li style=\"list-style-type: none;\">\n<ul style=\"list-style-type: circle;\">\n<li><a href=\"https:\/\/drive.google.com\/file\/d\/109E-tOC2Pe3dHT58pGjr_fDm-k8Wp7ll\/view?usp=share_link\">Autoritzaci\u00f3 a signar per l&#8217;alumnat major de 18 anys per poder informar els seus pares.<\/a><\/li>\n<\/ul>\n<\/li>\n<\/ul>\n<p><strong>DOCUMENTS PER SOL\u00b7LICITAR CERTIFICATS O T\u00cdTOLS:<\/strong><\/p>\n<ul>\n<li style=\"list-style-type: none;\">\n<ul>\n<li><a href=\"https:\/\/drive.google.com\/file\/d\/1z95ryzE9JXnKBtLaWqw1zoDQmUWVudyt\/view?usp=sharing\">Sol\u00b7licitud general.<\/a><\/li>\n<li><a href=\"https:\/\/drive.google.com\/file\/d\/1BlnYW4pwUzK2HJsWvf0aYwNC6i19sRaK\/view?usp=sharing\">Full autoritzaci\u00f3 terceres persones.<\/a><\/li>\n<li><a href=\"https:\/\/drive.google.com\/file\/d\/18mChUjOlEqohcWnTG88PdMI7rA4uZDMG\/view?usp=sharing\">Sol\u00b7licitud certificat <span id=\"page133R_mcid0\" class=\"markedContent\"><span dir=\"ltr\" role=\"presentation\">de reconeixement de l\u2019equival\u00e8ncia del nivell B2\/C1 de llengua <\/span><span dir=\"ltr\" role=\"presentation\">catalana per l\u2019escolaritat reglada no universit\u00e0ria <\/span><\/span><\/a><\/li>\n<\/ul>\n<\/li>\n<\/ul>\n<p><strong>DOCUMENTS GENERALS:<\/strong><\/p>\n<ul>\n<li style=\"list-style-type: none;\">\n<ul style=\"list-style-type: circle;\">\n<li><a href=\"https:\/\/drive.google.com\/file\/d\/1z95ryzE9JXnKBtLaWqw1zoDQmUWVudyt\/view?usp=sharing\">Sol\u00b7licitud general.<\/a><\/li>\n<li><a href=\"https:\/\/drive.google.com\/file\/d\/1a4GiYYJhPLqBiA1ws96pQKG9-9PSgrkN\/view?usp=sharing\">Full d&#8217;incid\u00e8ncies.<\/a><\/li>\n<\/ul>\n<\/li>\n<\/ul>\n","protected":false},"excerpt":{"rendered":"<ul>\n<li>Descarrega&#8217;t aqu\u00ed els impresos que necessitis:<\/li>\n<\/ul>\n<p>DOCUMENTS MATR\u00cdCULA PRESENCIAL:<br \/>\n\u00a0 \u00a0 \u00a0 \u00a0 \u00a0 \u00a0 \u00a0Majors d&#8217;edat<\/p>\n<ul>\n<li style=\"list-style-type: none;\">\n<ul>\n<li style=\"list-style-type: none;\">\n<ul>\n<li style=\"list-style-type: none;\">\n<ul style=\"list-style-type: circle;\">\n<li><a href=\"https:\/\/drive.google.com\/file\/d\/1_Gw8P04wSKNNLeFGbm5MYX3Oohlk533b\/view?usp=sharing\">Sol\u00b7licitud de matr\u00edcula\u00a0<\/a><\/li>\n<li><a href=\"https:\/\/drive.google.com\/file\/d\/18kNrpkIZ_2yRzD6xcAho1xr0YxR_hQ8f\/view?usp=sharing\">Autoritzaci\u00f3 drets d&#8217;imatge<\/a><\/li>\n<li><a href=\"https:\/\/drive.google.com\/file\/d\/1jLJmlb-3-4oC2Tdd0gjp4Z3RRQFLE-Zq\/view?usp=sharing\">Carta comprom\u00eds educatiu<\/a><\/li>\n<\/ul>\n<\/li>\n<\/ul>\n<\/li>\n<\/ul>\n<\/li>\n<\/ul>\n<p>\u00a0 \u00a0 \u00a0 \u00a0 \u00a0 \u00a0 \u00a0Menors d&#8217;edat<\/p>\n<ul>\n<li style=\"list-style-type: none;\">\n<ul>\n<li style=\"list-style-type: none;\">\n<ul>\n<li style=\"list-style-type: none;\">\n<ul&hellip;  <a href=\"https:\/\/agora.xtec.cat\/cfasebastiajuanarbo\/secretaria\/tramits-impressos-i-sollicituds\/sollicituds\/\" title=\"Read Descarrega&#8217;t impresos aqu\u00ed\">Llegeix m\u00e9s\u00bb<\/a><\/p>\n","protected":false},"author":1,"featured_media":0,"parent":1227,"menu_order":2,"comment_status":"closed","ping_status":"closed","template":"","meta":{"_bbp_topic_count":0,"_bbp_reply_count":0,"_bbp_total_topic_count":0,"_bbp_total_reply_count":0,"_bbp_voice_count":0,"_bbp_anonymous_reply_count":0,"_bbp_topic_count_hidden":0,"_bbp_reply_count_hidden":0,"_bbp_forum_subforum_count":0,"footnotes":""},"class_list":["post-1360","page","type-page","status-publish","hentry"],"post_mailing_queue_ids":[],"_links":{"self":[{"href":"https:\/\/agora.xtec.cat\/cfasebastiajuanarbo\/wp-json\/wp\/v2\/pages\/1360","targetHints":{"allow":["GET"]}}],"collection":[{"href":"https:\/\/agora.xtec.cat\/cfasebastiajuanarbo\/wp-json\/wp\/v2\/pages"}],"about":[{"href":"https:\/\/agora.xtec.cat\/cfasebastiajuanarbo\/wp-json\/wp\/v2\/types\/page"}],"author":[{"embeddable":true,"href":"https:\/\/agora.xtec.cat\/cfasebastiajuanarbo\/wp-json\/wp\/v2\/users\/1"}],"replies":[{"embeddable":true,"href":"https:\/\/agora.xtec.cat\/cfasebastiajuanarbo\/wp-json\/wp\/v2\/comments?post=1360"}],"version-history":[{"count":4,"href":"https:\/\/agora.xtec.cat\/cfasebastiajuanarbo\/wp-json\/wp\/v2\/pages\/1360\/revisions"}],"predecessor-version":[{"id":2528,"href":"https:\/\/agora.xtec.cat\/cfasebastiajuanarbo\/wp-json\/wp\/v2\/pages\/1360\/revisions\/2528"}],"up":[{"embeddable":true,"href":"https:\/\/agora.xtec.cat\/cfasebastiajuanarbo\/wp-json\/wp\/v2\/pages\/1227"}],"wp:attachment":[{"href":"https:\/\/agora.xtec.cat\/cfasebastiajuanarbo\/wp-json\/wp\/v2\/media?parent=1360"}],"curies":[{"name":"wp","href":"https:\/\/api.w.org\/{rel}","templated":true}]}}

Descarrega&#8217;t impresos aquí

<ul>
<li>Descarrega&#8217;t <strong>aquí</strong> els <strong>impresos</strong> que necessitis:</li>
</ul>
<p><strong>DOCUMENTS MATRÍCULA PRESENCIAL:</strong></p>
<p><strong>             Majors d&#8217;edat</strong></p>
<ul>
<li style="list-style-type: none;">
<ul>
<li style="list-style-type: none;">
<ul>
<li style="list-style-type: none;">
<ul style="list-style-type: circle;">
<li><a href="https://drive.google.com/file/d/1_Gw8P04wSKNNLeFGbm5MYX3Oohlk533b/view?usp=sharing">Sol·licitud de matrícula </a></li>
<li><a href="https://drive.google.com/file/d/18kNrpkIZ_2yRzD6xcAho1xr0YxR_hQ8f/view?usp=sharing">Autorització drets d&#8217;imatge</a></li>
<li><a href="https://drive.google.com/file/d/1jLJmlb-3-4oC2Tdd0gjp4Z3RRQFLE-Zq/view?usp=sharing">Carta compromís educatiu</a></li>
</ul>
</li>
</ul>
</li>
</ul>
</li>
</ul>
<p><strong>             Menors d&#8217;edat</strong></p>
<ul>
<li style="list-style-type: none;">
<ul>
<li style="list-style-type: none;">
<ul>
<li style="list-style-type: none;">
<ul style="list-style-type: circle;">
<li><a href="https://drive.google.com/file/d/1_Gw8P04wSKNNLeFGbm5MYX3Oohlk533b/view?usp=sharing">Sol·licitud de matrícula </a></li>
<li><a href="https://drive.google.com/file/d/18kNrpkIZ_2yRzD6xcAho1xr0YxR_hQ8f/view?usp=sharing">Autorització drets d&#8217;imatge</a></li>
<li><a href="https://drive.google.com/file/d/1jLJmlb-3-4oC2Tdd0gjp4Z3RRQFLE-Zq/view?usp=sharing">Carta compromís educatiu</a></li>
<li><a href="https://drive.google.com/file/d/101ySz2Boa8uho9s_fzloRHkPTKa1_V5C/view?usp=sharing">Autorització per estudiar escola adults</a></li>
<li><a href="https://drive.google.com/file/d/1RLtggijnpU3OE3ApNAm9bkd4btOIErJk/view?usp=sharing">Declaració pare / mare / tutor de l&#8217;alumne menor d&#8217;edat</a></li>
<li><a href="https://drive.google.com/file/d/1_AE2IcGZIDmitwlikmvRwELdGvEqy8ki/view?usp=sharing">Autorització sortides i emergències mèdiques</a></li>
</ul>
</li>
</ul>
</li>
</ul>
</li>
</ul>
<p><strong style="font-family: inherit; font-size: 1em;">DOCUMENTS MATRÍCULA TELEMÀTICA:</strong></p>
<p>Si la matrícula es realitza telemàticament un cop iniciat el curs, cal passar per Secretaria a emplenar els següents documents:</p>
<ul>
<li style="list-style-type: none;">
<ul>
<li style="list-style-type: none;">
<ul>
<li style="list-style-type: none;">
<ul style="list-style-type: circle;">
<li><a href="https://drive.google.com/file/d/18kNrpkIZ_2yRzD6xcAho1xr0YxR_hQ8f/view?usp=sharing">Autorització drets d&#8217;imatge</a></li>
<li><a href="https://drive.google.com/file/d/1jLJmlb-3-4oC2Tdd0gjp4Z3RRQFLE-Zq/view?usp=sharing">Carta compromís educatiu</a></li>
</ul>
</li>
</ul>
</li>
</ul>
</li>
</ul>
<p><strong>FALTES ASSISTÈNCIA:</strong></p>
<ul>
<li style="list-style-type: none;">
<ul style="list-style-type: circle;">
<li><a href="https://drive.google.com/file/d/11WJzV6wSJZs1llnXkFiYvIdT9UPCIPjj/view?usp=sharing">Justificant faltes assistència.</a></li>
</ul>
</li>
</ul>
<p><strong>AUTORITZACIÓ ALUMNAT MAJOR 18 ANYS PER INFORMAR ELS PARES:</strong></p>
<ul>
<li style="list-style-type: none;">
<ul style="list-style-type: circle;">
<li><a href="https://drive.google.com/file/d/109E-tOC2Pe3dHT58pGjr_fDm-k8Wp7ll/view?usp=share_link">Autorització a signar per l&#8217;alumnat major de 18 anys per poder informar els seus pares.</a></li>
</ul>
</li>
</ul>
<p><strong>DOCUMENTS PER SOL·LICITAR CERTIFICATS O TÍTOLS:</strong></p>
<ul>
<li style="list-style-type: none;">
<ul>
<li><a href="https://drive.google.com/file/d/1z95ryzE9JXnKBtLaWqw1zoDQmUWVudyt/view?usp=sharing">Sol·licitud general.</a></li>
<li><a href="https://drive.google.com/file/d/1BlnYW4pwUzK2HJsWvf0aYwNC6i19sRaK/view?usp=sharing">Full autorització terceres persones.</a></li>
<li><a href="https://drive.google.com/file/d/18mChUjOlEqohcWnTG88PdMI7rA4uZDMG/view?usp=sharing">Sol·licitud certificat <span id="page133R_mcid0" class="markedContent"><span dir="ltr" role="presentation">de reconeixement de l’equivalència del nivell B2/C1 de llengua </span><span dir="ltr" role="presentation">catalana per l’escolaritat reglada no universitària </span></span></a></li>
</ul>
</li>
</ul>
<p><strong>DOCUMENTS GENERALS:</strong></p>
<ul>
<li style="list-style-type: none;">
<ul style="list-style-type: circle;">
<li><a href="https://drive.google.com/file/d/1z95ryzE9JXnKBtLaWqw1zoDQmUWVudyt/view?usp=sharing">Sol·licitud general.</a></li>
<li><a href="https://drive.google.com/file/d/1a4GiYYJhPLqBiA1ws96pQKG9-9PSgrkN/view?usp=sharing">Full d&#8217;incidències.</a></li>
</ul>
</li>
</ul>

<ul>
<li>Descarrega&#8217;t aquí els impresos que necessitis:</li>
</ul>
<p>DOCUMENTS MATRÍCULA PRESENCIAL:<br />
             Majors d&#8217;edat</p>
<ul>
<li style="list-style-type: none;">
<ul>
<li style="list-style-type: none;">
<ul>
<li style="list-style-type: none;">
<ul style="list-style-type: circle;">
<li><a href="https://drive.google.com/file/d/1_Gw8P04wSKNNLeFGbm5MYX3Oohlk533b/view?usp=sharing">Sol·licitud de matrícula </a></li>
<li><a href="https://drive.google.com/file/d/18kNrpkIZ_2yRzD6xcAho1xr0YxR_hQ8f/view?usp=sharing">Autorització drets d&#8217;imatge</a></li>
<li><a href="https://drive.google.com/file/d/1jLJmlb-3-4oC2Tdd0gjp4Z3RRQFLE-Zq/view?usp=sharing">Carta compromís educatiu</a></li>
</ul>
</li>
</ul>
</li>
</ul>
</li>
</ul>
<p>             Menors d&#8217;edat</p>
<ul>
<li style="list-style-type: none;">
<ul>
<li style="list-style-type: none;">
<ul>
<li style="list-style-type: none;">
<ul&hellip;  <a href="https://agora.xtec.cat/cfasebastiajuanarbo/secretaria/tramits-impressos-i-sollicituds/sollicituds/" title="Read Descarrega&#8217;t impresos aquí">Llegeix més»</a></p>
