{"id":1350,"date":"2020-06-08T15:32:20","date_gmt":"2020-06-08T13:32:20","guid":{"rendered":"http:\/\/agora.xtec.cat\/cfasebastiajuanarbo\/?page_id=1350"},"modified":"2025-07-21T12:32:11","modified_gmt":"2025-07-21T10:32:11","slug":"normes_de_centre","status":"publish","type":"page","link":"https:\/\/agora.xtec.cat\/cfasebastiajuanarbo\/secretaria\/normes_de_centre\/","title":{"rendered":"Normes de centre"},"content":{"rendered":"<header class=\"entry-header\"><\/header>\n<p><strong>ASSIST\u00c8NCIA I PUNTUALITAT<br \/>\n<\/strong><\/p>\n<ul>\n<li>L\u2019assist\u00e8ncia \u00e9s obligat\u00f2ria. Es passar\u00e0 llista cada dia amb l\u2019aplicaci\u00f3 Dinantia.<\/li>\n<li>\u00c9s obligatori tenir el 80% d\u2019assist\u00e8ncia de les hores lectives per \u00c9SSER AVALUATS i obtenir el CERTIFICAT. Les faltes justificades no comptaran com a abs\u00e8ncies sempre i quan s&#8217;hagi assistit a un m\u00ednim del 50% de les classes durant tot el curs. En els casos en qu\u00e8 no s&#8217;hagi assistit a aquest 50%, ser\u00e0 la Junta d&#8217;Avaluaci\u00f3 qui decideixi si aquest alumne t\u00e9 dret a \u00e9sser avaluat o no.<\/li>\n<li>La justificaci\u00f3 de l\u2019abs\u00e8ncia als tutors cal que es faci amb la documentaci\u00f3 adequada. Es consideraran causes justificades:<br \/>\n&#8211; Malaltia o accident: cal que s\u2019acrediti amb justificant m\u00e8dic.<br \/>\n&#8211; Per malaltia greu o defunci\u00f3 de familiars fins a segon grau d\u2019afinitat o consanguinitat: cal que s\u2019acrediti amb el certificat m\u00e8dic, certificat de defunci\u00f3 i documentaci\u00f3 justificativa del parentiu.<br \/>\n&#8211; Compliment d\u2019un deure inexcusable de car\u00e0cter p\u00fablic o personal: cal que s\u2019acrediti mitjan\u00e7ant certificaci\u00f3 del compliment o per altres mitjans que ho demostrin.<br \/>\n&#8211; Realitzaci\u00f3 d\u2019ex\u00e0mens per a l\u2019obtenci\u00f3 del t\u00edtol acad\u00e8mic, professional o laboral, oposicions, carnet de conduir:\u00a0 cal que s\u2019acrediti mitjan\u00e7ant un certificat de la seva realitzaci\u00f3.<\/li>\n<li>Els tutors es reserven el dret de no acceptar les justificacions no oficials.<\/li>\n<li>La justificaci\u00f3 de falta d\u2019assist\u00e8ncia es lliurar\u00e0 al tutor\/a com a molt tard dins la setmana seg\u00fcent a la incorporaci\u00f3.<\/li>\n<li>Les abs\u00e8ncies no justifiquen el no estar al corrent dels deures, continguts i ex\u00e0mens.<\/li>\n<li>Es demana puntualitat a l\u2019entrada i sortida de classe. Tres faltes de puntualitat (m\u00e9s de 15 minuts) seran considerades una falta d\u2019assist\u00e8ncia, tant si s\u2019arriba tard com si es marxa d\u2019hora.<\/li>\n<\/ul>\n<p><strong>P\u00c8RDUA DE PLA\u00c7A<\/strong><\/p>\n<ul>\n<li>L\u2019alumne\/a que durant 3 setmanes seguides no assisteixi a classe i no ho justifiqui perdr\u00e0 el dret de matr\u00edcula i es donar\u00e0 de baixa.<\/li>\n<li>Qui reiteri el comportament de no assistir amb regularitat a les classes, tamb\u00e9 pot perdre el dret segons la decisi\u00f3 del claustre.<\/li>\n<li>No es podr\u00e0 matricular a un ensenyament qui s\u2019hagi matriculat en aquest dues vegades seguides i no l\u2019hagi superat. Excepcionalment, es podr\u00e0 concedir un curs de gr\u00e0cia sempre que el claustre ho consideri convenient.<\/li>\n<\/ul>\n<p><strong>PARTICIPACI\u00d3 I CIVISME A L&#8217;ESCOLA<\/strong><\/p>\n<ul>\n<li>El dispositiu m\u00f2bil haur\u00e0 d&#8217;estar apagat o en silenci i guardat. Nom\u00e9s es podr\u00e0 utilitzar en cas d\u2019urg\u00e8ncia comprovable (caldr\u00e0 fer-ho saber al professorat) i finalitat acad\u00e8mica.<br \/>\nQueda expressament prohibit:<\/p>\n<ul>\n<li>Fer fotografies, enregistraments de v\u00eddeo o d&#8217;\u00e0udio dins de les aules i espais del centre sense autoritzaci\u00f3 expl\u00edcita del professorat o de les perosnes afectades.<\/li>\n<li>Utilitzar dispositius per a activitats no relacionades amb la formaci\u00f3 durant l&#8217;horari lectiu.<\/li>\n<li>Mantenir el dispositiu damunt la taula o en \u00fas passiu (com llegir notificacions o consultar xarxes) sense autoritzaci\u00f3.<\/li>\n<li>Fer servir el dispositiu durant proves d&#8217;avaluaci\u00f3 si no hi ha perm\u00eds expl\u00edcit. En cas que l&#8217;alumne\/a utilitzi el m\u00f2bil durant un examen, la qualificaci\u00f3 corresponent ser\u00e0 de zero per a aquesta prova. Si es produeix una reiteraci\u00f3 de la conducta, es tractar\u00e0 com una incid\u00e8ncia greu i s&#8217;aplicaran les sancions establertes en el reglament de conviv\u00e8ncia.<\/li>\n<\/ul>\n<\/li>\n<li>No es pot menjar ni beure a l&#8217;aula durant les classes. Es pot beure aigua, per\u00f2 cal tenir-la guardada.<\/li>\n<li>Per assistir a l\u2019escola, cal una higiene personal correcta com a respecte als companys i al professorat. Aix\u00ed mateix, cada alumne\/a es far\u00e0 responsable de mantenir net el seu lloc de treball i les instal\u00b7lacions en general.<\/li>\n<li>Cal no fer soroll als passadissos per no molestar la resta d\u2019usuaris del centre<\/li>\n<li>No es pot fumar dins del recinte escolar. S\u2019ha de sortir al carrer.<\/li>\n<li>Cal complir les normes de conviv\u00e8ncia del centre. Les persones que amb el seu comportament o actitud dificultin el desenvolupament de les activitats, es podrien veure privades de continuar al centre si aix\u00ed ho acorda el Consell Escolar, ja que es un ensenyament no obligatori.<\/li>\n<\/ul>\n<p><strong>RESPONSABILITATS DE L&#8217;ALUMNAT<\/strong><\/p>\n<ul>\n<li>Cal estar assabentat del calendari del curs i de les activitats programades, que es publicaran a la p\u00e0gina web i a les xarxes socials del centre.<\/li>\n<li>L\u2019alumnat \u00e9s el responsable de recuperar els continguts de la classe si falta un o diversos dies. Si s\u2019escau, un company\/a podr\u00e0 recollir-li el material que s\u2019hagi pogut repartir.<\/li>\n<\/ul>\n<p class=\"entry-content\"><strong>AVALUACI\u00d3<br \/>\n<\/strong><\/p>\n<ul>\n<li class=\"entry-content\">El professorat t\u00e9 el dret de no recollir feines fora de termini.<\/li>\n<li class=\"entry-content\">L\u2019avaluaci\u00f3 \u00e9s continuada. L\u2019alumnat que no realitzi les tasques i proves que es demanin no obtindr\u00e0 el certificat llevat que per causes justificades la Junta d\u2019Avaluaci\u00f3 o el professor\/a responsable de l&#8217;ensenyament acordi el contrari.<\/li>\n<li class=\"entry-content\">En cas de no poder fer una prova cal justificar pr\u00e8viament la no assist\u00e8ncia per poder fer-la un altre dia mitjan\u00e7ant <a href=\"https:\/\/drive.google.com\/file\/d\/1gY_pMP6D9PdxE0LlK9OKumSYarsoi16P\/view\">justificant<\/a>, que caldr\u00e0 acompanyar amb documentaci\u00f3 (justificants m\u00e8dics, citacions judicials, ex\u00e0mens oficials, oposicions, notaris, laboral, etc.)<\/li>\n<\/ul>\n<p><strong>MESURES CORRECTORES<\/strong><\/p>\n<p><strong>1a incid\u00e8ncia:<\/strong><\/p>\n<ul>\n<li>Advertiment verbal per part del professorat<\/li>\n<li>Registre de la incid\u00e8ncia i comunicaci\u00f3 al tutor\/a, si s&#8217;escau.<\/li>\n<\/ul>\n<p><strong>2a incid\u00e8ncia o reiteraci\u00f3:<\/strong><\/p>\n<ul>\n<li>Comunicaci\u00f3 formal a l&#8217;alumne\/a i entrevista amb el tutor\/a.<\/li>\n<li>Possible afectaci\u00f3 en l&#8217;avaluaci\u00f3 pel que fa a la participaci\u00f3\/treball a classe.<\/li>\n<\/ul>\n<p><strong>Incid\u00e8ncies greus o reiterades:<\/strong><\/p>\n<ul>\n<li>Tractament com a falta greu segons el reglament de conviv\u00e8ncia.<\/li>\n<li>Sancions possibles: suspensi\u00f3 temporal del dret a participar en activitats presencials per un per\u00edode de 3 dies lectius, no avaluaci\u00f3 del m\u00f2dul o activitat, o altres mesures establertes per l&#8217;equip directiu.<\/li>\n<li>La decisi\u00f3 sobre l&#8217;aplicaci\u00f3 de sancions ser\u00e0 presa per la directora i la cap d&#8217;estudis, reunides amb el tutor\/a del grup i professorat implicat.<\/li>\n<\/ul>\n","protected":false},"excerpt":{"rendered":"<p>ASSIST\u00c8NCIA I PUNTUALITAT<\/p>\n<ul>\n<li>L\u2019assist\u00e8ncia \u00e9s obligat\u00f2ria. Es passar\u00e0 llista cada dia amb l\u2019aplicaci\u00f3 Dinantia.<\/li>\n<li>\u00c9s obligatori tenir el 80% d\u2019assist\u00e8ncia de les hores lectives per \u00c9SSER AVALUATS i obtenir el CERTIFICAT. Les faltes justificades no comptaran com a abs\u00e8ncies sempre i quan s&#8217;hagi assistit a un m\u00ednim&hellip;  <a href=\"https:\/\/agora.xtec.cat\/cfasebastiajuanarbo\/secretaria\/normes_de_centre\/\" title=\"Read Normes de centre\">Llegeix m\u00e9s\u00bb<\/a><br \/>\n","protected":false},"author":1,"featured_media":0,"parent":81,"menu_order":60,"comment_status":"closed","ping_status":"closed","template":"","meta":{"_bbp_topic_count":0,"_bbp_reply_count":0,"_bbp_total_topic_count":0,"_bbp_total_reply_count":0,"_bbp_voice_count":0,"_bbp_anonymous_reply_count":0,"_bbp_topic_count_hidden":0,"_bbp_reply_count_hidden":0,"_bbp_forum_subforum_count":0,"footnotes":""},"class_list":["post-1350","page","type-page","status-publish","hentry"],"post_mailing_queue_ids":[],"_links":{"self":[{"href":"https:\/\/agora.xtec.cat\/cfasebastiajuanarbo\/wp-json\/wp\/v2\/pages\/1350","targetHints":{"allow":["GET"]}}],"collection":[{"href":"https:\/\/agora.xtec.cat\/cfasebastiajuanarbo\/wp-json\/wp\/v2\/pages"}],"about":[{"href":"https:\/\/agora.xtec.cat\/cfasebastiajuanarbo\/wp-json\/wp\/v2\/types\/page"}],"author":[{"embeddable":true,"href":"https:\/\/agora.xtec.cat\/cfasebastiajuanarbo\/wp-json\/wp\/v2\/users\/1"}],"replies":[{"embeddable":true,"href":"https:\/\/agora.xtec.cat\/cfasebastiajuanarbo\/wp-json\/wp\/v2\/comments?post=1350"}],"version-history":[{"count":4,"href":"https:\/\/agora.xtec.cat\/cfasebastiajuanarbo\/wp-json\/wp\/v2\/pages\/1350\/revisions"}],"predecessor-version":[{"id":3204,"href":"https:\/\/agora.xtec.cat\/cfasebastiajuanarbo\/wp-json\/wp\/v2\/pages\/1350\/revisions\/3204"}],"up":[{"embeddable":true,"href":"https:\/\/agora.xtec.cat\/cfasebastiajuanarbo\/wp-json\/wp\/v2\/pages\/81"}],"wp:attachment":[{"href":"https:\/\/agora.xtec.cat\/cfasebastiajuanarbo\/wp-json\/wp\/v2\/media?parent=1350"}],"curies":[{"name":"wp","href":"https:\/\/api.w.org\/{rel}","templated":true}]}}

<header class="entry-header"></header>
<p><strong>ASSISTÈNCIA I PUNTUALITAT<br />
</strong></p>
<ul>
<li>L’assistència és obligatòria. Es passarà llista cada dia amb l’aplicació Dinantia.</li>
<li>És obligatori tenir el 80% d’assistència de les hores lectives per ÉSSER AVALUATS i obtenir el CERTIFICAT. Les faltes justificades no comptaran com a absències sempre i quan s&#8217;hagi assistit a un mínim del 50% de les classes durant tot el curs. En els casos en què no s&#8217;hagi assistit a aquest 50%, serà la Junta d&#8217;Avaluació qui decideixi si aquest alumne té dret a ésser avaluat o no.</li>
<li>La justificació de l’absència als tutors cal que es faci amb la documentació adequada. Es consideraran causes justificades:<br />
&#8211; Malaltia o accident: cal que s’acrediti amb justificant mèdic.<br />
&#8211; Per malaltia greu o defunció de familiars fins a segon grau d’afinitat o consanguinitat: cal que s’acrediti amb el certificat mèdic, certificat de defunció i documentació justificativa del parentiu.<br />
&#8211; Compliment d’un deure inexcusable de caràcter públic o personal: cal que s’acrediti mitjançant certificació del compliment o per altres mitjans que ho demostrin.<br />
&#8211; Realització d’exàmens per a l’obtenció del títol acadèmic, professional o laboral, oposicions, carnet de conduir:  cal que s’acrediti mitjançant un certificat de la seva realització.</li>
<li>Els tutors es reserven el dret de no acceptar les justificacions no oficials.</li>
<li>La justificació de falta d’assistència es lliurarà al tutor/a com a molt tard dins la setmana següent a la incorporació.</li>
<li>Les absències no justifiquen el no estar al corrent dels deures, continguts i exàmens.</li>
<li>Es demana puntualitat a l’entrada i sortida de classe. Tres faltes de puntualitat (més de 15 minuts) seran considerades una falta d’assistència, tant si s’arriba tard com si es marxa d’hora.</li>
</ul>
<p><strong>PÈRDUA DE PLAÇA</strong></p>
<ul>
<li>L’alumne/a que durant 3 setmanes seguides no assisteixi a classe i no ho justifiqui perdrà el dret de matrícula i es donarà de baixa.</li>
<li>Qui reiteri el comportament de no assistir amb regularitat a les classes, també pot perdre el dret segons la decisió del claustre.</li>
<li>No es podrà matricular a un ensenyament qui s’hagi matriculat en aquest dues vegades seguides i no l’hagi superat. Excepcionalment, es podrà concedir un curs de gràcia sempre que el claustre ho consideri convenient.</li>
</ul>
<p><strong>PARTICIPACIÓ I CIVISME A L&#8217;ESCOLA</strong></p>
<ul>
<li>El dispositiu mòbil haurà d&#8217;estar apagat o en silenci i guardat. Només es podrà utilitzar en cas d’urgència comprovable (caldrà fer-ho saber al professorat) i finalitat acadèmica.<br />
Queda expressament prohibit:</p>
<ul>
<li>Fer fotografies, enregistraments de vídeo o d&#8217;àudio dins de les aules i espais del centre sense autorització explícita del professorat o de les perosnes afectades.</li>
<li>Utilitzar dispositius per a activitats no relacionades amb la formació durant l&#8217;horari lectiu.</li>
<li>Mantenir el dispositiu damunt la taula o en ús passiu (com llegir notificacions o consultar xarxes) sense autorització.</li>
<li>Fer servir el dispositiu durant proves d&#8217;avaluació si no hi ha permís explícit. En cas que l&#8217;alumne/a utilitzi el mòbil durant un examen, la qualificació corresponent serà de zero per a aquesta prova. Si es produeix una reiteració de la conducta, es tractarà com una incidència greu i s&#8217;aplicaran les sancions establertes en el reglament de convivència.</li>
</ul>
</li>
<li>No es pot menjar ni beure a l&#8217;aula durant les classes. Es pot beure aigua, però cal tenir-la guardada.</li>
<li>Per assistir a l’escola, cal una higiene personal correcta com a respecte als companys i al professorat. Així mateix, cada alumne/a es farà responsable de mantenir net el seu lloc de treball i les instal·lacions en general.</li>
<li>Cal no fer soroll als passadissos per no molestar la resta d’usuaris del centre</li>
<li>No es pot fumar dins del recinte escolar. S’ha de sortir al carrer.</li>
<li>Cal complir les normes de convivència del centre. Les persones que amb el seu comportament o actitud dificultin el desenvolupament de les activitats, es podrien veure privades de continuar al centre si així ho acorda el Consell Escolar, ja que es un ensenyament no obligatori.</li>
</ul>
<p><strong>RESPONSABILITATS DE L&#8217;ALUMNAT</strong></p>
<ul>
<li>Cal estar assabentat del calendari del curs i de les activitats programades, que es publicaran a la pàgina web i a les xarxes socials del centre.</li>
<li>L’alumnat és el responsable de recuperar els continguts de la classe si falta un o diversos dies. Si s’escau, un company/a podrà recollir-li el material que s’hagi pogut repartir.</li>
</ul>
<p class="entry-content"><strong>AVALUACIÓ<br />
</strong></p>
<ul>
<li class="entry-content">El professorat té el dret de no recollir feines fora de termini.</li>
<li class="entry-content">L’avaluació és continuada. L’alumnat que no realitzi les tasques i proves que es demanin no obtindrà el certificat llevat que per causes justificades la Junta d’Avaluació o el professor/a responsable de l&#8217;ensenyament acordi el contrari.</li>
<li class="entry-content">En cas de no poder fer una prova cal justificar prèviament la no assistència per poder fer-la un altre dia mitjançant <a href="https://drive.google.com/file/d/1gY_pMP6D9PdxE0LlK9OKumSYarsoi16P/view">justificant</a>, que caldrà acompanyar amb documentació (justificants mèdics, citacions judicials, exàmens oficials, oposicions, notaris, laboral, etc.)</li>
</ul>
<p><strong>MESURES CORRECTORES</strong></p>
<p><strong>1a incidència:</strong></p>
<ul>
<li>Advertiment verbal per part del professorat</li>
<li>Registre de la incidència i comunicació al tutor/a, si s&#8217;escau.</li>
</ul>
<p><strong>2a incidència o reiteració:</strong></p>
<ul>
<li>Comunicació formal a l&#8217;alumne/a i entrevista amb el tutor/a.</li>
<li>Possible afectació en l&#8217;avaluació pel que fa a la participació/treball a classe.</li>
</ul>
<p><strong>Incidències greus o reiterades:</strong></p>
<ul>
<li>Tractament com a falta greu segons el reglament de convivència.</li>
<li>Sancions possibles: suspensió temporal del dret a participar en activitats presencials per un període de 3 dies lectius, no avaluació del mòdul o activitat, o altres mesures establertes per l&#8217;equip directiu.</li>
<li>La decisió sobre l&#8217;aplicació de sancions serà presa per la directora i la cap d&#8217;estudis, reunides amb el tutor/a del grup i professorat implicat.</li>
</ul>

<p>ASSISTÈNCIA I PUNTUALITAT</p>
<ul>
<li>L’assistència és obligatòria. Es passarà llista cada dia amb l’aplicació Dinantia.</li>
<li>És obligatori tenir el 80% d’assistència de les hores lectives per ÉSSER AVALUATS i obtenir el CERTIFICAT. Les faltes justificades no comptaran com a absències sempre i quan s&#8217;hagi assistit a un mínim&hellip;  <a href="https://agora.xtec.cat/cfasebastiajuanarbo/secretaria/normes_de_centre/" title="Read Normes de centre">Llegeix més»</a><br />
