{"id":1289,"date":"2020-09-01T00:00:03","date_gmt":"2020-08-31T22:00:03","guid":{"rendered":"http:\/\/agora.xtec.cat\/cfasebastiajuanarbo\/?page_id=1289"},"modified":"2020-06-05T11:49:24","modified_gmt":"2020-06-05T09:49:24","slug":"matricula-curs-escolar-2020-2021","status":"publish","type":"page","link":"https:\/\/agora.xtec.cat\/cfasebastiajuanarbo\/matricula\/matricula-curs-escolar-2020-2021\/","title":{"rendered":"Matr\u00edcula curs escolar 2020-2021"},"content":{"rendered":"<header class=\"entry-header\">\n<h5 class=\"entry-title\"><span style=\"font-size: 1.4375em; color: #0056b8;\">Matr\u00edcula curs escolar 2020\/2021<\/span><\/h5>\n<\/header>\n<div class=\"entry-content\">\n<p>&nbsp;<\/p>\n<ul>\n<li>\n<h5>Nou alumnat \u2013&gt; Matr\u00edcula a partir del <span style=\"color: #ff0000;\">2 de setembre<\/span> (presencial o telem\u00e0tica).<\/h5>\n<\/li>\n<\/ul>\n<h6>PRESENCIAL<\/h6>\n<p>Atendrem presencialment a tots aquells qui tinguin cita pr\u00e8via, tots els dies laborables, en horari de 10h a 13h. Si us plau, segueix els seg\u00fcents passos:<br \/>\n1. Sol\u00b7licita\u00a0<a href=\"https:\/\/aplicacions.gestioeducativa.gencat.cat\/pls\/apex\/f?p=CITA_PREVIA:4::::4:P4_TIPUS_CALENDARI,P4_DOMINI:01_Adults,43008754\" target=\"_blank\" rel=\"noopener noreferrer\">cita pr\u00e8via<\/a>.<br \/>\n2. El dia de la cita pr\u00e8via, la persona que vingui a fer la preinscripci\u00f3 ha de portar:<\/p>\n<ul>\n<li>Declaraci\u00f3 responsable COVID-19:\u00a0<a href=\"https:\/\/drive.google.com\/file\/d\/1GAUiU1CSVaX5S3WbMxVsNXFyGDhJT3Nk\/view?usp=sharing\" target=\"_blank\" rel=\"noopener noreferrer\">menors d\u2019edat<\/a>\u00a0o\u00a0<a href=\"https:\/\/drive.google.com\/file\/d\/1cVb3xw49PViNDfzGTQUyKTrrJy0OV-AG\/view?usp=sharing\" target=\"_blank\" rel=\"noopener noreferrer\">majors d\u2019edat<\/a>.<\/li>\n<li>Documentaci\u00f3 de l\u2019alumne\/a per fer la preinscripci\u00f3: fotoc\u00f2pia DNI i fotoc\u00f2pia targeta sanit\u00e0ria.<\/li>\n<\/ul>\n<p>&nbsp;<\/p>\n<h6>TELEM\u00c0TICA<\/h6>\n<p>Es podr\u00e0 presentar la sol\u00b7licitud telem\u00e0tica a partir del 2 de setembre. Segueix els seg\u00fcents passos:<br \/>\n1. Descarrega\u2019t la\u00a0<a href=\"http:\/\/ensenyament.gencat.cat\/ca\/tramits\/tramits-temes\/preinscripcio_adults?moda=1\" target=\"_blank\" rel=\"noopener noreferrer\">sol\u00b7licitud<\/a>, emplena-la i guarda-la.<br \/>\n2. Envia la sol\u00b7licitud a\u00a0<strong>e3008754@xtec.cat<\/strong>, adjuntant c\u00f2pia del DNI i de la targeta sanit\u00e0ria. A l\u2019assumpte del correu electr\u00f2nic, escriu el teu nom complet i DNI.<br \/>\n3. En breu, rebr\u00e0s un correu de confirmaci\u00f3 del centre.<\/p>\n<p>&nbsp;<\/p>\n<p>Per qualsevol consulta sobre la preinscripci\u00f3, emplena el seg\u00fcent\u00a0<a href=\"https:\/\/docs.google.com\/forms\/d\/e\/1FAIpQLSfD9fa58vl-BPcPh5EeQql2pAsdzzrw9BJgi_WC2hLLH5LyQg\/viewform?usp=sf_link\">formulari<\/a>\u00a0i ens posarem en contacte amb tu al m\u00e9s aviat possible.<\/p>\n<ul>\n<li>\n<h5>Alumnat propi \u2013&gt; Poseu-vos en contacte amb el vostre tutor\/a.<\/h5>\n<\/li>\n<\/ul>\n<\/div>\n","protected":false},"excerpt":{"rendered":"<p>Matr\u00edcula curs escolar 2020\/2021<\/p>\n<p>&nbsp;<\/p>\n<ul>\n<li>\nNou alumnat \u2013&gt; Matr\u00edcula a partir del 2 de setembre (presencial o telem\u00e0tica).\n<\/li>\n<\/ul>\n<p>PRESENCIAL<br \/>\nAtendrem presencialment a tots aquells qui tinguin cita pr\u00e8via, tots els dies laborables, en horari de 10h a 13h. Si us plau, segueix els seg\u00fcents passos:<br \/>\n1. Sol\u00b7licita\u00a0<a href=\"https:\/\/aplicacions.gestioeducativa.gencat.cat\/pls\/apex\/f?p=CITA_PREVIA:4::::4:P4_TIPUS_CALENDARI,P4_DOMINI:01_Adults,43008754\" target=\"_blank\" rel=\"noopener&hellip;  <a href=\"https:\/\/agora.xtec.cat\/cfasebastiajuanarbo\/matricula\/matricula-curs-escolar-2020-2021\/\" title=\"Read Matr\u00edcula curs escolar 2020-2021\">Llegeix m\u00e9s\u00bb<\/a><\/p>\n","protected":false},"author":1,"featured_media":0,"parent":1205,"menu_order":31,"comment_status":"closed","ping_status":"closed","template":"page-templates\/side-menu.php","meta":{"_bbp_topic_count":0,"_bbp_reply_count":0,"_bbp_total_topic_count":0,"_bbp_total_reply_count":0,"_bbp_voice_count":0,"_bbp_anonymous_reply_count":0,"_bbp_topic_count_hidden":0,"_bbp_reply_count_hidden":0,"_bbp_forum_subforum_count":0,"footnotes":""},"class_list":["post-1289","page","type-page","status-publish","hentry"],"post_mailing_queue_ids":[],"_links":{"self":[{"href":"https:\/\/agora.xtec.cat\/cfasebastiajuanarbo\/wp-json\/wp\/v2\/pages\/1289","targetHints":{"allow":["GET"]}}],"collection":[{"href":"https:\/\/agora.xtec.cat\/cfasebastiajuanarbo\/wp-json\/wp\/v2\/pages"}],"about":[{"href":"https:\/\/agora.xtec.cat\/cfasebastiajuanarbo\/wp-json\/wp\/v2\/types\/page"}],"author":[{"embeddable":true,"href":"https:\/\/agora.xtec.cat\/cfasebastiajuanarbo\/wp-json\/wp\/v2\/users\/1"}],"replies":[{"embeddable":true,"href":"https:\/\/agora.xtec.cat\/cfasebastiajuanarbo\/wp-json\/wp\/v2\/comments?post=1289"}],"version-history":[{"count":1,"href":"https:\/\/agora.xtec.cat\/cfasebastiajuanarbo\/wp-json\/wp\/v2\/pages\/1289\/revisions"}],"predecessor-version":[{"id":1290,"href":"https:\/\/agora.xtec.cat\/cfasebastiajuanarbo\/wp-json\/wp\/v2\/pages\/1289\/revisions\/1290"}],"up":[{"embeddable":true,"href":"https:\/\/agora.xtec.cat\/cfasebastiajuanarbo\/wp-json\/wp\/v2\/pages\/1205"}],"wp:attachment":[{"href":"https:\/\/agora.xtec.cat\/cfasebastiajuanarbo\/wp-json\/wp\/v2\/media?parent=1289"}],"curies":[{"name":"wp","href":"https:\/\/api.w.org\/{rel}","templated":true}]}}

Matrícula curs escolar 2020-2021

<header class="entry-header">
<h5 class="entry-title"><span style="font-size: 1.4375em; color: #0056b8;">Matrícula curs escolar 2020/2021</span></h5>
</header>
<div class="entry-content">
<p>&nbsp;</p>
<ul>
<li>
<h5>Nou alumnat –&gt; Matrícula a partir del <span style="color: #ff0000;">2 de setembre</span> (presencial o telemàtica).</h5>
</li>
</ul>
<h6>PRESENCIAL</h6>
<p>Atendrem presencialment a tots aquells qui tinguin cita prèvia, tots els dies laborables, en horari de 10h a 13h. Si us plau, segueix els següents passos:<br />
1. Sol·licita <a href="https://aplicacions.gestioeducativa.gencat.cat/pls/apex/f?p=CITA_PREVIA:4::::4:P4_TIPUS_CALENDARI,P4_DOMINI:01_Adults,43008754" target="_blank" rel="noopener noreferrer">cita prèvia</a>.<br />
2. El dia de la cita prèvia, la persona que vingui a fer la preinscripció ha de portar:</p>
<ul>
<li>Declaració responsable COVID-19: <a href="https://drive.google.com/file/d/1GAUiU1CSVaX5S3WbMxVsNXFyGDhJT3Nk/view?usp=sharing" target="_blank" rel="noopener noreferrer">menors d’edat</a> o <a href="https://drive.google.com/file/d/1cVb3xw49PViNDfzGTQUyKTrrJy0OV-AG/view?usp=sharing" target="_blank" rel="noopener noreferrer">majors d’edat</a>.</li>
<li>Documentació de l’alumne/a per fer la preinscripció: fotocòpia DNI i fotocòpia targeta sanitària.</li>
</ul>
<p>&nbsp;</p>
<h6>TELEMÀTICA</h6>
<p>Es podrà presentar la sol·licitud telemàtica a partir del 2 de setembre. Segueix els següents passos:<br />
1. Descarrega’t la <a href="http://ensenyament.gencat.cat/ca/tramits/tramits-temes/preinscripcio_adults?moda=1" target="_blank" rel="noopener noreferrer">sol·licitud</a>, emplena-la i guarda-la.<br />
2. Envia la sol·licitud a <strong>e3008754@xtec.cat</strong>, adjuntant còpia del DNI i de la targeta sanitària. A l’assumpte del correu electrònic, escriu el teu nom complet i DNI.<br />
3. En breu, rebràs un correu de confirmació del centre.</p>
<p>&nbsp;</p>
<p>Per qualsevol consulta sobre la preinscripció, emplena el següent <a href="https://docs.google.com/forms/d/e/1FAIpQLSfD9fa58vl-BPcPh5EeQql2pAsdzzrw9BJgi_WC2hLLH5LyQg/viewform?usp=sf_link">formulari</a> i ens posarem en contacte amb tu al més aviat possible.</p>
<ul>
<li>
<h5>Alumnat propi –&gt; Poseu-vos en contacte amb el vostre tutor/a.</h5>
</li>
</ul>
</div>

<p>Matrícula curs escolar 2020/2021</p>
<p>&nbsp;</p>
<ul>
<li>
Nou alumnat –&gt; Matrícula a partir del 2 de setembre (presencial o telemàtica).
</li>
</ul>
<p>PRESENCIAL<br />
Atendrem presencialment a tots aquells qui tinguin cita prèvia, tots els dies laborables, en horari de 10h a 13h. Si us plau, segueix els següents passos:<br />
1. Sol·licita <a href="https://aplicacions.gestioeducativa.gencat.cat/pls/apex/f?p=CITA_PREVIA:4::::4:P4_TIPUS_CALENDARI,P4_DOMINI:01_Adults,43008754" target="_blank" rel="noopener&hellip;  <a href="https://agora.xtec.cat/cfasebastiajuanarbo/matricula/matricula-curs-escolar-2020-2021/" title="Read Matrícula curs escolar 2020-2021">Llegeix més»</a></p>
