{"id":1243,"date":"2020-06-04T15:34:27","date_gmt":"2020-06-04T13:34:27","guid":{"rendered":"http:\/\/agora.xtec.cat\/cfasebastiajuanarbo\/?page_id=1243"},"modified":"2020-06-04T15:34:27","modified_gmt":"2020-06-04T13:34:27","slug":"requisits-i-acces","status":"publish","type":"page","link":"https:\/\/agora.xtec.cat\/cfasebastiajuanarbo\/matricula\/requisits-i-acces\/","title":{"rendered":"Requisits i acc\u00e9s"},"content":{"rendered":"<h5><span style=\"color: #0056b8;\">Requisits\u00a0<\/span><\/h5>\n<p><strong>Amb car\u00e0cter general: tenir 18 anys o complir-los durant l&#8217;any natural en qu\u00e8 s&#8217;inicia la formaci\u00f3.<\/strong><\/p>\n<p><strong>O b\u00e9 tenir m\u00e9s de 16 anys (o complir-los durant l&#8217;any natural en qu\u00e8 s&#8217;inicia la formaci\u00f3) en algun dels casos seg\u00fcents:<\/strong><\/p>\n<ul>\n<li>Tenir un contracte laboral o estar en proc\u00e9s d&#8217;obtenir un perm\u00eds de treball.<\/li>\n<li>Ser esportista d&#8217;alt rendiment.<\/li>\n<li>Haver cursat o estar cursant un PFI i voler cursar GESO<\/li>\n<li>Voler cursar la fomraci\u00f3 per a les proves d&#8217;acc\u00e9s als cicles formatius de grau mitj\u00e0 (CFGM).<\/li>\n<li>Participar en el programa &#8220;Joves per l&#8217;ocupaci\u00f3&#8221;.<\/li>\n<li>Amb l&#8217;autoritzaci\u00f3 excepcional del director dels serveis territorials.<\/li>\n<\/ul>\n<h5><span style=\"color: #0056b8;\">Acollida i orientaci\u00f3<\/span><\/h5>\n<p>Abans de matricular-se en un ensenyament, tots els alumnes han de passar per un proc\u00e9s d&#8217;acollida i orientaci\u00f3.<\/p>\n<p style=\"text-align: center;\"><strong><span style=\"color: #ff9900;\">ENTREVISTA PERSONAL<\/span> +<span style=\"color: #ff9900;\"> PROVA ESCRITA (si s&#8217;escau)<\/span><\/strong><\/p>\n","protected":false},"excerpt":{"rendered":"<p>Requisits\u00a0<br \/>\nAmb car\u00e0cter general: tenir 18 anys o complir-los durant l&#8217;any natural en qu\u00e8 s&#8217;inicia la formaci\u00f3.<br \/>\nO b\u00e9 tenir m\u00e9s de 16 anys (o complir-los durant l&#8217;any natural en qu\u00e8 s&#8217;inicia la formaci\u00f3) en algun dels casos seg\u00fcents:<\/p>\n<ul>\n<li>Tenir un contracte laboral o estar en proc\u00e9s d&#8217;obtenir&hellip;  <a href=\"https:\/\/agora.xtec.cat\/cfasebastiajuanarbo\/matricula\/requisits-i-acces\/\" title=\"Read Requisits i acc\u00e9s\">Llegeix m\u00e9s\u00bb<\/a><br \/>\n","protected":false},"author":1,"featured_media":0,"parent":1205,"menu_order":0,"comment_status":"closed","ping_status":"closed","template":"","meta":{"_bbp_topic_count":0,"_bbp_reply_count":0,"_bbp_total_topic_count":0,"_bbp_total_reply_count":0,"_bbp_voice_count":0,"_bbp_anonymous_reply_count":0,"_bbp_topic_count_hidden":0,"_bbp_reply_count_hidden":0,"_bbp_forum_subforum_count":0,"footnotes":""},"class_list":["post-1243","page","type-page","status-publish","hentry"],"post_mailing_queue_ids":[],"_links":{"self":[{"href":"https:\/\/agora.xtec.cat\/cfasebastiajuanarbo\/wp-json\/wp\/v2\/pages\/1243","targetHints":{"allow":["GET"]}}],"collection":[{"href":"https:\/\/agora.xtec.cat\/cfasebastiajuanarbo\/wp-json\/wp\/v2\/pages"}],"about":[{"href":"https:\/\/agora.xtec.cat\/cfasebastiajuanarbo\/wp-json\/wp\/v2\/types\/page"}],"author":[{"embeddable":true,"href":"https:\/\/agora.xtec.cat\/cfasebastiajuanarbo\/wp-json\/wp\/v2\/users\/1"}],"replies":[{"embeddable":true,"href":"https:\/\/agora.xtec.cat\/cfasebastiajuanarbo\/wp-json\/wp\/v2\/comments?post=1243"}],"version-history":[{"count":1,"href":"https:\/\/agora.xtec.cat\/cfasebastiajuanarbo\/wp-json\/wp\/v2\/pages\/1243\/revisions"}],"predecessor-version":[{"id":1244,"href":"https:\/\/agora.xtec.cat\/cfasebastiajuanarbo\/wp-json\/wp\/v2\/pages\/1243\/revisions\/1244"}],"up":[{"embeddable":true,"href":"https:\/\/agora.xtec.cat\/cfasebastiajuanarbo\/wp-json\/wp\/v2\/pages\/1205"}],"wp:attachment":[{"href":"https:\/\/agora.xtec.cat\/cfasebastiajuanarbo\/wp-json\/wp\/v2\/media?parent=1243"}],"curies":[{"name":"wp","href":"https:\/\/api.w.org\/{rel}","templated":true}]}}

Requisits i accés

<h5><span style="color: #0056b8;">Requisits </span></h5>
<p><strong>Amb caràcter general: tenir 18 anys o complir-los durant l&#8217;any natural en què s&#8217;inicia la formació.</strong></p>
<p><strong>O bé tenir més de 16 anys (o complir-los durant l&#8217;any natural en què s&#8217;inicia la formació) en algun dels casos següents:</strong></p>
<ul>
<li>Tenir un contracte laboral o estar en procés d&#8217;obtenir un permís de treball.</li>
<li>Ser esportista d&#8217;alt rendiment.</li>
<li>Haver cursat o estar cursant un PFI i voler cursar GESO</li>
<li>Voler cursar la fomració per a les proves d&#8217;accés als cicles formatius de grau mitjà (CFGM).</li>
<li>Participar en el programa &#8220;Joves per l&#8217;ocupació&#8221;.</li>
<li>Amb l&#8217;autorització excepcional del director dels serveis territorials.</li>
</ul>
<h5><span style="color: #0056b8;">Acollida i orientació</span></h5>
<p>Abans de matricular-se en un ensenyament, tots els alumnes han de passar per un procés d&#8217;acollida i orientació.</p>
<p style="text-align: center;"><strong><span style="color: #ff9900;">ENTREVISTA PERSONAL</span> +<span style="color: #ff9900;"> PROVA ESCRITA (si s&#8217;escau)</span></strong></p>

<p>Requisits <br />
Amb caràcter general: tenir 18 anys o complir-los durant l&#8217;any natural en què s&#8217;inicia la formació.<br />
O bé tenir més de 16 anys (o complir-los durant l&#8217;any natural en què s&#8217;inicia la formació) en algun dels casos següents:</p>
<ul>
<li>Tenir un contracte laboral o estar en procés d&#8217;obtenir&hellip;  <a href="https://agora.xtec.cat/cfasebastiajuanarbo/matricula/requisits-i-acces/" title="Read Requisits i accés">Llegeix més»</a><br />
