{"id":1166,"date":"2020-06-04T11:08:54","date_gmt":"2020-06-04T09:08:54","guid":{"rendered":"http:\/\/agora.xtec.cat\/cfasebastiajuanarbo\/?page_id=1166"},"modified":"2023-09-04T09:26:58","modified_gmt":"2023-09-04T07:26:58","slug":"el-consell-escolar","status":"publish","type":"page","link":"https:\/\/agora.xtec.cat\/cfasebastiajuanarbo\/el-centre\/organitzacio-interna\/el-consell-escolar\/","title":{"rendered":"El Consell Escolar"},"content":{"rendered":"<p><span style=\"color: #0056b8;\"><strong>C<\/strong><\/span><strong><span style=\"color: #0056b8;\">onstituci\u00f3 actual del Consell Escolar\u00a0<\/span><br \/>\n<\/strong><\/p>\n<p><strong>Presidenta<\/strong><\/p>\n<ul>\n<li>N\u00faria Rodr\u00edguez For\u00e9s<\/li>\n<\/ul>\n<p><strong>Cap d&#8217;estudis<\/strong><\/p>\n<ul>\n<li>Olga Franch Turon<\/li>\n<\/ul>\n<p><strong>Secret\u00e0ria<\/strong><\/p>\n<ul>\n<li>Anna Garcia Noguer\u00f3n<\/li>\n<\/ul>\n<p><strong style=\"font-family: inherit; font-size: 1em;\">Representants del Sector Professorat<\/strong><\/p>\n<ul>\n<li>Empar Serrano Catalina<\/li>\n<\/ul>\n<p><strong>Representants del Sector Alumnat<\/strong><\/p>\n<ul>\n<li>Montserrat Ferreres Forcadell<\/li>\n<li>Jos\u00e9 Antonio Iniesta Chinchilla<\/li>\n<\/ul>\n<p><strong>Representants de l\u2019Ajuntament<\/strong><\/p>\n<ul>\n<li>N\u00faria Marco Selma<\/li>\n<\/ul>\n<p><strong>Representants del PAS<\/strong><\/p>\n<ul>\n<li>Merc\u00e8 Pujol Rangel<\/li>\n<\/ul>\n","protected":false},"excerpt":{"rendered":"<p>Constituci\u00f3 actual del Consell Escolar\u00a0<\/p>\n<p>Presidenta<\/p>\n<ul>\n<li>N\u00faria Rodr\u00edguez For\u00e9s<\/li>\n<\/ul>\n<p>Cap d&#8217;estudis<\/p>\n<ul>\n<li>Olga Franch Turon<\/li>\n<\/ul>\n<p>Secret\u00e0ria<\/p>\n<ul>\n<li>Anna Garcia Noguer\u00f3n<\/li>\n<\/ul>\n<p>Representants del Sector Professorat<\/p>\n<ul>\n<li>Empar Serrano Catalina<\/li>\n<\/ul>\n<p>Representants del Sector Alumnat<\/p>\n<ul>\n<li>Montserrat Ferreres Forcadell<\/li>\n<li>Jos\u00e9 Antonio Iniesta Chinchilla<\/li>\n<\/ul>\n<p>Representants de l\u2019Ajuntament<\/p>\n<ul>\n<li>N\u00faria Marco Selma<\/li>\n<\/ul>\n<p>Representants del PAS<\/p>\n<ul>\n<li>Merc\u00e8 Pujol Rangel<\/li>\n<\/ul>\n","protected":false},"author":1,"featured_media":0,"parent":265,"menu_order":0,"comment_status":"closed","ping_status":"closed","template":"","meta":{"_bbp_topic_count":0,"_bbp_reply_count":0,"_bbp_total_topic_count":0,"_bbp_total_reply_count":0,"_bbp_voice_count":0,"_bbp_anonymous_reply_count":0,"_bbp_topic_count_hidden":0,"_bbp_reply_count_hidden":0,"_bbp_forum_subforum_count":0,"footnotes":""},"class_list":["post-1166","page","type-page","status-publish","hentry"],"post_mailing_queue_ids":[],"_links":{"self":[{"href":"https:\/\/agora.xtec.cat\/cfasebastiajuanarbo\/wp-json\/wp\/v2\/pages\/1166","targetHints":{"allow":["GET"]}}],"collection":[{"href":"https:\/\/agora.xtec.cat\/cfasebastiajuanarbo\/wp-json\/wp\/v2\/pages"}],"about":[{"href":"https:\/\/agora.xtec.cat\/cfasebastiajuanarbo\/wp-json\/wp\/v2\/types\/page"}],"author":[{"embeddable":true,"href":"https:\/\/agora.xtec.cat\/cfasebastiajuanarbo\/wp-json\/wp\/v2\/users\/1"}],"replies":[{"embeddable":true,"href":"https:\/\/agora.xtec.cat\/cfasebastiajuanarbo\/wp-json\/wp\/v2\/comments?post=1166"}],"version-history":[{"count":4,"href":"https:\/\/agora.xtec.cat\/cfasebastiajuanarbo\/wp-json\/wp\/v2\/pages\/1166\/revisions"}],"predecessor-version":[{"id":2761,"href":"https:\/\/agora.xtec.cat\/cfasebastiajuanarbo\/wp-json\/wp\/v2\/pages\/1166\/revisions\/2761"}],"up":[{"embeddable":true,"href":"https:\/\/agora.xtec.cat\/cfasebastiajuanarbo\/wp-json\/wp\/v2\/pages\/265"}],"wp:attachment":[{"href":"https:\/\/agora.xtec.cat\/cfasebastiajuanarbo\/wp-json\/wp\/v2\/media?parent=1166"}],"curies":[{"name":"wp","href":"https:\/\/api.w.org\/{rel}","templated":true}]}}

<p><span style="color: #0056b8;"><strong>C</strong></span><strong><span style="color: #0056b8;">onstitució actual del Consell Escolar </span><br />
</strong></p>
<p><strong>Presidenta</strong></p>
<ul>
<li>Núria Rodríguez Forés</li>
</ul>
<p><strong>Cap d&#8217;estudis</strong></p>
<ul>
<li>Olga Franch Turon</li>
</ul>
<p><strong>Secretària</strong></p>
<ul>
<li>Anna Garcia Noguerón</li>
</ul>
<p><strong style="font-family: inherit; font-size: 1em;">Representants del Sector Professorat</strong></p>
<ul>
<li>Empar Serrano Catalina</li>
</ul>
<p><strong>Representants del Sector Alumnat</strong></p>
<ul>
<li>Montserrat Ferreres Forcadell</li>
<li>José Antonio Iniesta Chinchilla</li>
</ul>
<p><strong>Representants de l’Ajuntament</strong></p>
<ul>
<li>Núria Marco Selma</li>
</ul>
<p><strong>Representants del PAS</strong></p>
<ul>
<li>Mercè Pujol Rangel</li>
</ul>

<p>Constitució actual del Consell Escolar </p>
<p>Presidenta</p>
<ul>
<li>Núria Rodríguez Forés</li>
</ul>
<p>Cap d&#8217;estudis</p>
<ul>
<li>Olga Franch Turon</li>
</ul>
<p>Secretària</p>
<ul>
<li>Anna Garcia Noguerón</li>
</ul>
<p>Representants del Sector Professorat</p>
<ul>
<li>Empar Serrano Catalina</li>
</ul>
<p>Representants del Sector Alumnat</p>
<ul>
<li>Montserrat Ferreres Forcadell</li>
<li>José Antonio Iniesta Chinchilla</li>
</ul>
<p>Representants de l’Ajuntament</p>
<ul>
<li>Núria Marco Selma</li>
</ul>
<p>Representants del PAS</p>
<ul>
<li>Mercè Pujol Rangel</li>
</ul>
