{"id":1164,"date":"2020-06-04T11:01:51","date_gmt":"2020-06-04T09:01:51","guid":{"rendered":"http:\/\/agora.xtec.cat\/cfasebastiajuanarbo\/?page_id=1164"},"modified":"2025-09-08T09:28:24","modified_gmt":"2025-09-08T07:28:24","slug":"el-nostre-equip","status":"publish","type":"page","link":"https:\/\/agora.xtec.cat\/cfasebastiajuanarbo\/el-centre\/organitzacio-interna\/el-nostre-equip\/","title":{"rendered":"El nostre equip"},"content":{"rendered":"<p><span style=\"color: #0056ff;\"><strong>Equip directiu<\/strong><\/span><\/p>\n<p><strong>N\u00faria Rodr\u00edguez For\u00e9s<\/strong><\/p>\n<ul>\n<li><strong>C\u00e0rrec<\/strong>: Directora<\/li>\n<li><strong>Contacte:\u00a0<\/strong><a href=\"mailto:nrodrig7@xtec.cat\">nrodrig7@xtec.cat<\/a><\/li>\n<li><strong>Horari d\u2019atenci\u00f3<\/strong>:\n<ul>\n<li>Divendres, de 9.30 a 10.30 h.<\/li>\n<\/ul>\n<\/li>\n<\/ul>\n<p><strong>Olga Franch Turon<\/strong><\/p>\n<ul>\n<li><strong>C\u00e0rrec<\/strong>: Cap d&#8217;estudis<\/li>\n<li><strong>Contacte:\u00a0<\/strong><a href=\"mailto:ofranch@xtec.cat\">ofranch@xtec.cat<\/a><\/li>\n<li><strong>Horari d\u2019atenci\u00f3<\/strong>:\n<ul>\n<li>Dilluns, de 9.00 a 10.00 h.<\/li>\n<\/ul>\n<\/li>\n<\/ul>\n<p><strong>Anna Garcia Noguer\u00f3n<\/strong><\/p>\n<ul>\n<li><strong>C\u00e0rrec<\/strong>: Secret\u00e0ria<\/li>\n<li><strong>Contacte: <\/strong><a href=\"mailto:agarc357@xtec.cat\">agarc357@xtec.cat<\/a><\/li>\n<li><strong>Horari d\u2019atenci\u00f3<\/strong>:\n<ul>\n<li>Dimarts, de 12.00 a 13.00 h.<\/li>\n<\/ul>\n<\/li>\n<\/ul>\n<p>&nbsp;<\/p>\n<p><span style=\"color: #0056ff;\"><strong>Professorat<\/strong><\/span><\/p>\n<p><strong>N\u00faria Rodr\u00edguez For\u00e9s<\/strong><\/p>\n<ul>\n<li>Mestra d\u2019angl\u00e8s \/ coordinadora COCOBE<\/li>\n<li><strong>\u00a0<\/strong><a href=\"mailto:nrodrig7@xtec.cat\">nrodrig7@xtec.cat<\/a><\/li>\n<\/ul>\n<p><strong>Olga Franch Turon<\/strong><\/p>\n<ul>\n<li>Professora d\u2019angl\u00e8s i catal\u00e0 (\u00e0mbit de la comunicaci\u00f3) \/ coordinadora Ensenyaments Inicials i B\u00e0sics<\/li>\n<li><a href=\"mailto:ofranch@xtec.cat\">ofranch@xtec.cat<\/a><\/li>\n<\/ul>\n<p><strong>Anna Garcia Noguer\u00f3n\u00a0<\/strong><\/p>\n<ul>\n<li>Mestra de matem\u00e0tiques i inform\u00e0tica \/ coordinadora Preparaci\u00f3 Proves Grau Mitj\u00e0.<\/li>\n<li><a href=\"mailto:agarc357@xtec.cat\">agarc357<span class=\"\">@xtec.cat<\/span><\/a><\/li>\n<\/ul>\n<p><strong style=\"font-family: inherit; font-size: 1em;\">David Ginovart Valls<\/strong><\/p>\n<ul>\n<li>Professor de matem\u00e0tiques, ci\u00e8ncies, tecnologia i inform\u00e0tica (\u00e0mbit de les ci\u00e8ncies i la tecnologia) \/ coordinador CSI<\/li>\n<li><a href=\"mailto:dginovar@xtec.cat\"><span class=\"\">dginovar@xtec.cat<\/span><\/a><\/li>\n<\/ul>\n<p><strong style=\"font-family: inherit; font-size: 1em;\">Montserrat Pont Pijuan<\/strong><\/p>\n<ul>\n<li>Professora de socials i M\u00f3n Laboral (\u00e0mbit de les ci\u00e8ncies socials)<\/li>\n<li><a href=\"mailto:mpont236@xtec.cat\">mpont236@xtec.cat<\/a><\/li>\n<\/ul>\n<p><strong style=\"font-family: inherit; font-size: 1em;\">Montserrat Pont Pijuan<\/strong><\/p>\n<ul>\n<li>Professora de socials i M\u00f3n Laboral (\u00e0mbit de les ci\u00e8ncies socials)<\/li>\n<li><a href=\"mailto:mpont236@xtec.cat\">mpont236@xtec.cat<\/a><\/li>\n<\/ul>\n<p><strong style=\"font-family: inherit; font-size: 1em;\">Marina Ribera Berga<\/strong><\/p>\n<ul>\n<li>Mestra d&#8217;angl\u00e8s<\/li>\n<li><a href=\"mailto:mriber57@xtec.cat\">mriber57@xtec.cat<\/a><\/li>\n<\/ul>\n<p><strong>Empar Serrano Catalina\u00a0<\/strong><\/p>\n<ul>\n<li>Professora de catal\u00e0 i castell\u00e0 (\u00e0mbit de la comunicaci\u00f3)<\/li>\n<li><a href=\"mailto:eserran2@xtec.cat\"><span class=\"\">eserran2@xtec.cat<\/span><\/a><\/li>\n<\/ul>\n<p><span style=\"color: #0056ff;\"><strong>PAS<\/strong><\/span><\/p>\n<p><strong>Merc\u00e8 Pujol Rangel<\/strong><\/p>\n<ul>\n<li>Auxiliar administrativa<\/li>\n<li><strong>\u00a0<\/strong><a href=\"mailto:e3008754@xtec.cat\">e3008754@xtec.cat<\/a><\/li>\n<\/ul>\n","protected":false},"excerpt":{"rendered":"<p>Equip directiu<br \/>\nN\u00faria Rodr\u00edguez For\u00e9s<\/p>\n<ul>\n<li>C\u00e0rrec: Directora<\/li>\n<li>Contacte:\u00a0<a href=\"mailto:nrodrig7@xtec.cat\">nrodrig7@xtec.cat<\/a><\/li>\n<li>Horari d\u2019atenci\u00f3:\n<ul>\n<li>Divendres, de 9.30 a 10.30 h.<\/li>\n<\/ul>\n<\/li>\n<\/ul>\n<p>Olga Franch Turon<\/p>\n<ul>\n<li>C\u00e0rrec: Cap d&#8217;estudis<\/li>\n<li>Contacte:\u00a0<a href=\"mailto:ofranch@xtec.cat\">ofranch@xtec.cat<\/a><\/li>\n<li>Horari d\u2019atenci\u00f3:\n<ul>\n<li>Dilluns, de 9.00 a 10.00 h.<\/li>\n<\/ul>\n<\/li>\n<\/ul>\n<p>Anna Garcia Noguer\u00f3n<\/p>\n<ul>\n<li>C\u00e0rrec: Secret\u00e0ria<\/li>\n<li>Contacte: <a href=\"mailto:agarc357@xtec.cat\">agarc357@xtec.cat<\/a><\/li>\n<li>Horari d\u2019atenci\u00f3:\n<ul>\n<li>Dimarts, de 12.00 a 13.00 h.<\/li>\n<\/ul>\n<\/li>\n<\/ul>\n<p>&nbsp;<br \/>\nProfessorat<br \/>\nN\u00faria Rodr\u00edguez For\u00e9s<\/p>\n<ul>\n<li>Mestra d\u2019angl\u00e8s \/ coordinadora COCOBE<\/li>\n<li>\u00a0<a href=\"mailto:nrodrig7@xtec.cat\">nrodrig7@xtec.cat<\/a><\/li>\n<\/ul>\n<p>Olga Franch Turon<\/p>\n<ul>\n<li>Professora d\u2019angl\u00e8s i&hellip;  <a href=\"https:\/\/agora.xtec.cat\/cfasebastiajuanarbo\/el-centre\/organitzacio-interna\/el-nostre-equip\/\" title=\"Read El nostre equip\">Llegeix m\u00e9s\u00bb<\/a><br \/>\n","protected":false},"author":1,"featured_media":0,"parent":265,"menu_order":0,"comment_status":"closed","ping_status":"closed","template":"","meta":{"_bbp_topic_count":0,"_bbp_reply_count":0,"_bbp_total_topic_count":0,"_bbp_total_reply_count":0,"_bbp_voice_count":0,"_bbp_anonymous_reply_count":0,"_bbp_topic_count_hidden":0,"_bbp_reply_count_hidden":0,"_bbp_forum_subforum_count":0,"footnotes":""},"class_list":["post-1164","page","type-page","status-publish","hentry"],"post_mailing_queue_ids":[],"_links":{"self":[{"href":"https:\/\/agora.xtec.cat\/cfasebastiajuanarbo\/wp-json\/wp\/v2\/pages\/1164","targetHints":{"allow":["GET"]}}],"collection":[{"href":"https:\/\/agora.xtec.cat\/cfasebastiajuanarbo\/wp-json\/wp\/v2\/pages"}],"about":[{"href":"https:\/\/agora.xtec.cat\/cfasebastiajuanarbo\/wp-json\/wp\/v2\/types\/page"}],"author":[{"embeddable":true,"href":"https:\/\/agora.xtec.cat\/cfasebastiajuanarbo\/wp-json\/wp\/v2\/users\/1"}],"replies":[{"embeddable":true,"href":"https:\/\/agora.xtec.cat\/cfasebastiajuanarbo\/wp-json\/wp\/v2\/comments?post=1164"}],"version-history":[{"count":6,"href":"https:\/\/agora.xtec.cat\/cfasebastiajuanarbo\/wp-json\/wp\/v2\/pages\/1164\/revisions"}],"predecessor-version":[{"id":3228,"href":"https:\/\/agora.xtec.cat\/cfasebastiajuanarbo\/wp-json\/wp\/v2\/pages\/1164\/revisions\/3228"}],"up":[{"embeddable":true,"href":"https:\/\/agora.xtec.cat\/cfasebastiajuanarbo\/wp-json\/wp\/v2\/pages\/265"}],"wp:attachment":[{"href":"https:\/\/agora.xtec.cat\/cfasebastiajuanarbo\/wp-json\/wp\/v2\/media?parent=1164"}],"curies":[{"name":"wp","href":"https:\/\/api.w.org\/{rel}","templated":true}]}}

<p><span style="color: #0056ff;"><strong>Equip directiu</strong></span></p>
<p><strong>Núria Rodríguez Forés</strong></p>
<ul>
<li><strong>Càrrec</strong>: Directora</li>
<li><strong>Contacte: </strong><a href="mailto:nrodrig7@xtec.cat">nrodrig7@xtec.cat</a></li>
<li><strong>Horari d’atenció</strong>:
<ul>
<li>Divendres, de 9.30 a 10.30 h.</li>
</ul>
</li>
</ul>
<p><strong>Olga Franch Turon</strong></p>
<ul>
<li><strong>Càrrec</strong>: Cap d&#8217;estudis</li>
<li><strong>Contacte: </strong><a href="mailto:ofranch@xtec.cat">ofranch@xtec.cat</a></li>
<li><strong>Horari d’atenció</strong>:
<ul>
<li>Dilluns, de 9.00 a 10.00 h.</li>
</ul>
</li>
</ul>
<p><strong>Anna Garcia Noguerón</strong></p>
<ul>
<li><strong>Càrrec</strong>: Secretària</li>
<li><strong>Contacte: </strong><a href="mailto:agarc357@xtec.cat">agarc357@xtec.cat</a></li>
<li><strong>Horari d’atenció</strong>:
<ul>
<li>Dimarts, de 12.00 a 13.00 h.</li>
</ul>
</li>
</ul>
<p>&nbsp;</p>
<p><span style="color: #0056ff;"><strong>Professorat</strong></span></p>
<p><strong>Núria Rodríguez Forés</strong></p>
<ul>
<li>Mestra d’anglès / coordinadora COCOBE</li>
<li><strong> </strong><a href="mailto:nrodrig7@xtec.cat">nrodrig7@xtec.cat</a></li>
</ul>
<p><strong>Olga Franch Turon</strong></p>
<ul>
<li>Professora d’anglès i català (àmbit de la comunicació) / coordinadora Ensenyaments Inicials i Bàsics</li>
<li><a href="mailto:ofranch@xtec.cat">ofranch@xtec.cat</a></li>
</ul>
<p><strong>Anna Garcia Noguerón </strong></p>
<ul>
<li>Mestra de matemàtiques i informàtica / coordinadora Preparació Proves Grau Mitjà.</li>
<li><a href="mailto:agarc357@xtec.cat">agarc357<span class="">@xtec.cat</span></a></li>
</ul>
<p><strong style="font-family: inherit; font-size: 1em;">David Ginovart Valls</strong></p>
<ul>
<li>Professor de matemàtiques, ciències, tecnologia i informàtica (àmbit de les ciències i la tecnologia) / coordinador CSI</li>
<li><a href="mailto:dginovar@xtec.cat"><span class="">dginovar@xtec.cat</span></a></li>
</ul>
<p><strong style="font-family: inherit; font-size: 1em;">Montserrat Pont Pijuan</strong></p>
<ul>
<li>Professora de socials i Món Laboral (àmbit de les ciències socials)</li>
<li><a href="mailto:mpont236@xtec.cat">mpont236@xtec.cat</a></li>
</ul>
<p><strong style="font-family: inherit; font-size: 1em;">Montserrat Pont Pijuan</strong></p>
<ul>
<li>Professora de socials i Món Laboral (àmbit de les ciències socials)</li>
<li><a href="mailto:mpont236@xtec.cat">mpont236@xtec.cat</a></li>
</ul>
<p><strong style="font-family: inherit; font-size: 1em;">Marina Ribera Berga</strong></p>
<ul>
<li>Mestra d&#8217;anglès</li>
<li><a href="mailto:mriber57@xtec.cat">mriber57@xtec.cat</a></li>
</ul>
<p><strong>Empar Serrano Catalina </strong></p>
<ul>
<li>Professora de català i castellà (àmbit de la comunicació)</li>
<li><a href="mailto:eserran2@xtec.cat"><span class="">eserran2@xtec.cat</span></a></li>
</ul>
<p><span style="color: #0056ff;"><strong>PAS</strong></span></p>
<p><strong>Mercè Pujol Rangel</strong></p>
<ul>
<li>Auxiliar administrativa</li>
<li><strong> </strong><a href="mailto:e3008754@xtec.cat">e3008754@xtec.cat</a></li>
</ul>

<p>Equip directiu<br />
Núria Rodríguez Forés</p>
<ul>
<li>Càrrec: Directora</li>
<li>Contacte: <a href="mailto:nrodrig7@xtec.cat">nrodrig7@xtec.cat</a></li>
<li>Horari d’atenció:
<ul>
<li>Divendres, de 9.30 a 10.30 h.</li>
</ul>
</li>
</ul>
<p>Olga Franch Turon</p>
<ul>
<li>Càrrec: Cap d&#8217;estudis</li>
<li>Contacte: <a href="mailto:ofranch@xtec.cat">ofranch@xtec.cat</a></li>
<li>Horari d’atenció:
<ul>
<li>Dilluns, de 9.00 a 10.00 h.</li>
</ul>
</li>
</ul>
<p>Anna Garcia Noguerón</p>
<ul>
<li>Càrrec: Secretària</li>
<li>Contacte: <a href="mailto:agarc357@xtec.cat">agarc357@xtec.cat</a></li>
<li>Horari d’atenció:
<ul>
<li>Dimarts, de 12.00 a 13.00 h.</li>
</ul>
</li>
</ul>
<p>&nbsp;<br />
Professorat<br />
Núria Rodríguez Forés</p>
<ul>
<li>Mestra d’anglès / coordinadora COCOBE</li>
<li> <a href="mailto:nrodrig7@xtec.cat">nrodrig7@xtec.cat</a></li>
</ul>
<p>Olga Franch Turon</p>
<ul>
<li>Professora d’anglès i&hellip;  <a href="https://agora.xtec.cat/cfasebastiajuanarbo/el-centre/organitzacio-interna/el-nostre-equip/" title="Read El nostre equip">Llegeix més»</a><br />
