{"id":2044,"date":"2025-07-09T10:45:19","date_gmt":"2025-07-09T08:45:19","guid":{"rendered":"https:\/\/agora.xtec.cat\/cfasantrocbadalona\/?page_id=2044"},"modified":"2026-04-09T17:50:35","modified_gmt":"2026-04-09T15:50:35","slug":"preparacio-per-a-la-prova-dacces-a-la-universitat-per-a-majors-de-25-i-45-anys-ppau-25-45","status":"publish","type":"page","link":"https:\/\/agora.xtec.cat\/cfasantrocbadalona\/ensenyaments\/oferta-formativa\/preparacio-per-a-la-prova-dacces-a-la-universitat-per-a-majors-de-25-i-45-anys-ppau-25-45\/","title":{"rendered":"Preparaci\u00f3 per a la prova d\u2019acc\u00e9s a la universitat per a majors de 25 i 45 anys (PPAU +25\/+45)"},"content":{"rendered":"<p>Aquests estudis preparen les persones <strong>m\u00e9s grans de 25 i de 45 anys<\/strong> per a les proves d&#8217;acc\u00e9s a la universitat.<\/p>\n<p>&nbsp;<\/p>\n<p>Al CFA Sant Roc, et preparem per cursar els continguts seg\u00fcents de la prova:<\/p>\n<p>&nbsp;<\/p>\n<p><strong>Mat\u00e8ries de la fase general:<\/strong><\/p>\n<ul>\n<li>Comentari de text<\/li>\n<li>Llengua catalana<\/li>\n<li>Llengua castellana<\/li>\n<li>Llengua estrangera (angl\u00e8s)<\/li>\n<\/ul>\n<p><strong>Mat\u00e8ries de la fase espec\u00edfica (\u00e0mbit d&#8217;Arts i humanitats):<\/strong><\/p>\n<ul>\n<li>Geografia<\/li>\n<li>Hist\u00f2ria<\/li>\n<\/ul>\n<p>&nbsp;<\/p>\n<p>*<b>Majors de 45 anys:\u00a0<\/b><br \/>\n<strong>Nom\u00e9s han de fer les tres\u00a0 proves de la part comuna (Comentari de text, Llengua catalana i Llengua castellana<\/strong>). Els aspirants que la superin han de passar tamb\u00e9 una entrevista personal a la universitat a la qual aspiren entrar.<\/p>\n","protected":false},"excerpt":{"rendered":"<p>Aquests estudis preparen les persones m\u00e9s grans de 25 i de 45 anys per a les proves d&#8217;acc\u00e9s a la universitat.<br \/>\n&nbsp;<br \/>\nAl CFA Sant Roc, et preparem per cursar els continguts seg\u00fcents de la prova:<br \/>\n&nbsp;<br \/>\nMat\u00e8ries de la fase general:<\/p>\n<ul>\n<li>Comentari de text<\/li>\n<li>Llengua catalana<\/li>\n<li>Llengua castellana<\/li>\n<li>Llengua estrangera (angl\u00e8s)<\/li>\n<\/ul>\n<p>Mat\u00e8ries de&hellip;  <a href=\"https:\/\/agora.xtec.cat\/cfasantrocbadalona\/ensenyaments\/oferta-formativa\/preparacio-per-a-la-prova-dacces-a-la-universitat-per-a-majors-de-25-i-45-anys-ppau-25-45\/\" title=\"Read Preparaci\u00f3 per a la prova d\u2019acc\u00e9s a la universitat per a majors de 25 i 45 anys (PPAU +25\/+45)\">Llegeix m\u00e9s\u00bb<\/a><\/p>\n","protected":false},"author":1,"featured_media":0,"parent":2066,"menu_order":0,"comment_status":"closed","ping_status":"closed","template":"page-templates\/side-menu.php","meta":{"_bbp_topic_count":0,"_bbp_reply_count":0,"_bbp_total_topic_count":0,"_bbp_total_reply_count":0,"_bbp_voice_count":0,"_bbp_anonymous_reply_count":0,"_bbp_topic_count_hidden":0,"_bbp_reply_count_hidden":0,"_bbp_forum_subforum_count":0,"footnotes":""},"class_list":["post-2044","page","type-page","status-publish","hentry"],"post_mailing_queue_ids":[],"_links":{"self":[{"href":"https:\/\/agora.xtec.cat\/cfasantrocbadalona\/wp-json\/wp\/v2\/pages\/2044","targetHints":{"allow":["GET"]}}],"collection":[{"href":"https:\/\/agora.xtec.cat\/cfasantrocbadalona\/wp-json\/wp\/v2\/pages"}],"about":[{"href":"https:\/\/agora.xtec.cat\/cfasantrocbadalona\/wp-json\/wp\/v2\/types\/page"}],"author":[{"embeddable":true,"href":"https:\/\/agora.xtec.cat\/cfasantrocbadalona\/wp-json\/wp\/v2\/users\/1"}],"replies":[{"embeddable":true,"href":"https:\/\/agora.xtec.cat\/cfasantrocbadalona\/wp-json\/wp\/v2\/comments?post=2044"}],"version-history":[{"count":6,"href":"https:\/\/agora.xtec.cat\/cfasantrocbadalona\/wp-json\/wp\/v2\/pages\/2044\/revisions"}],"predecessor-version":[{"id":2330,"href":"https:\/\/agora.xtec.cat\/cfasantrocbadalona\/wp-json\/wp\/v2\/pages\/2044\/revisions\/2330"}],"up":[{"embeddable":true,"href":"https:\/\/agora.xtec.cat\/cfasantrocbadalona\/wp-json\/wp\/v2\/pages\/2066"}],"wp:attachment":[{"href":"https:\/\/agora.xtec.cat\/cfasantrocbadalona\/wp-json\/wp\/v2\/media?parent=2044"}],"curies":[{"name":"wp","href":"https:\/\/api.w.org\/{rel}","templated":true}]}}