{"id":2040,"date":"2025-07-09T10:45:19","date_gmt":"2025-07-09T08:45:19","guid":{"rendered":"https:\/\/agora.xtec.cat\/cfasantrocbadalona\/?page_id=2040"},"modified":"2026-04-09T17:45:16","modified_gmt":"2026-04-09T15:45:16","slug":"formacio-instrumental","status":"publish","type":"page","link":"https:\/\/agora.xtec.cat\/cfasantrocbadalona\/ensenyaments\/oferta-formativa\/formacio-instrumental\/","title":{"rendered":"Formaci\u00f3 instrumental (FI)"},"content":{"rendered":"<p>L&#8217;objectiu d&#8217;aquests estudis \u00e9s que<strong> les persones adultes aprenguin a llegir, escriure i fer c\u00e0lculs elementals<\/strong>. La superaci\u00f3 d&#8217;aquests estudis permet l&#8217;obtenci\u00f3 del certificat de formaci\u00f3 instrumental (FI).<\/p>\n<p>Els continguts d&#8217;aquesta formaci\u00f3 s&#8217;organitzen en quatre nivells. El CFA Sant Roc ofereix els ensenyaments de <strong>nivell 1 (Alfabetitzaci\u00f3)<\/strong>, <strong>nivell 2 (Neolectors)<\/strong> i<strong> nivell 3 (Certificat).<\/strong><\/p>\n<ul>\n<li>En el primer nivell, l&#8217;objectiu \u00e9s que els alumnes s&#8217;inici\u00efn en la lectura, l&#8217;escriptura i el c\u00e0lcul.<\/li>\n<li>En el segon, que puguin millorar la comprensi\u00f3 del que llegeixen, escriure textos breus i fer operacions matem\u00e0tiques b\u00e0siques.<\/li>\n<li>El tercer nivell amplia els coneixements de llengua i matem\u00e0tiques.<\/li>\n<\/ul>\n<p>&nbsp;<\/p>\n","protected":false},"excerpt":{"rendered":"<p>L&#8217;objectiu d&#8217;aquests estudis \u00e9s que les persones adultes aprenguin a llegir, escriure i fer c\u00e0lculs elementals. La superaci\u00f3 d&#8217;aquests estudis permet l&#8217;obtenci\u00f3 del certificat de formaci\u00f3 instrumental (FI).<br \/>\nEls continguts d&#8217;aquesta formaci\u00f3 s&#8217;organitzen en quatre nivells. El CFA Sant Roc ofereix els ensenyaments de nivell 1&hellip;  <a href=\"https:\/\/agora.xtec.cat\/cfasantrocbadalona\/ensenyaments\/oferta-formativa\/formacio-instrumental\/\" title=\"Read Formaci\u00f3 instrumental (FI)\">Llegeix m\u00e9s\u00bb<\/a><\/p>\n","protected":false},"author":1,"featured_media":0,"parent":2066,"menu_order":0,"comment_status":"closed","ping_status":"closed","template":"page-templates\/side-menu.php","meta":{"_bbp_topic_count":0,"_bbp_reply_count":0,"_bbp_total_topic_count":0,"_bbp_total_reply_count":0,"_bbp_voice_count":0,"_bbp_anonymous_reply_count":0,"_bbp_topic_count_hidden":0,"_bbp_reply_count_hidden":0,"_bbp_forum_subforum_count":0,"footnotes":""},"class_list":["post-2040","page","type-page","status-publish","hentry"],"post_mailing_queue_ids":[],"_links":{"self":[{"href":"https:\/\/agora.xtec.cat\/cfasantrocbadalona\/wp-json\/wp\/v2\/pages\/2040","targetHints":{"allow":["GET"]}}],"collection":[{"href":"https:\/\/agora.xtec.cat\/cfasantrocbadalona\/wp-json\/wp\/v2\/pages"}],"about":[{"href":"https:\/\/agora.xtec.cat\/cfasantrocbadalona\/wp-json\/wp\/v2\/types\/page"}],"author":[{"embeddable":true,"href":"https:\/\/agora.xtec.cat\/cfasantrocbadalona\/wp-json\/wp\/v2\/users\/1"}],"replies":[{"embeddable":true,"href":"https:\/\/agora.xtec.cat\/cfasantrocbadalona\/wp-json\/wp\/v2\/comments?post=2040"}],"version-history":[{"count":6,"href":"https:\/\/agora.xtec.cat\/cfasantrocbadalona\/wp-json\/wp\/v2\/pages\/2040\/revisions"}],"predecessor-version":[{"id":2324,"href":"https:\/\/agora.xtec.cat\/cfasantrocbadalona\/wp-json\/wp\/v2\/pages\/2040\/revisions\/2324"}],"up":[{"embeddable":true,"href":"https:\/\/agora.xtec.cat\/cfasantrocbadalona\/wp-json\/wp\/v2\/pages\/2066"}],"wp:attachment":[{"href":"https:\/\/agora.xtec.cat\/cfasantrocbadalona\/wp-json\/wp\/v2\/media?parent=2040"}],"curies":[{"name":"wp","href":"https:\/\/api.w.org\/{rel}","templated":true}]}}