{"id":296,"date":"2016-10-21T11:18:08","date_gmt":"2016-10-21T10:18:08","guid":{"rendered":"http:\/\/agora.xtec.cat\/cfasantramon\/\/?page_id=296"},"modified":"2025-07-02T19:24:12","modified_gmt":"2025-07-02T17:24:12","slug":"llengua-catalana","status":"publish","type":"page","link":"https:\/\/agora.xtec.cat\/cfasantramon\/ensenyaments\/ensenyaments-inicials-i-formacio-basica\/llengua-catalana\/","title":{"rendered":"Llengua catalana"},"content":{"rendered":"<p>Certificaci\u00f3 A1 corresponent al Marc europeu com\u00fa de refer\u00e8ncia per a les lleng\u00fces.<\/p>\n<ul>\n<li style=\"list-style-type: none;\">\n<ul>\n<li>Nivell 1 mat\u00ed (105h), 3 hores a la setmana.<\/li>\n<li>Nivell 1 tarda (105h), 3 hores a la setmana.<\/li>\n<\/ul>\n<\/li>\n<\/ul>\n<p>Curr\u00edculum: \u00a0<a href=\"http:\/\/educacio.gencat.cat\/documents\/IPCNormativa\/DisposicionsInternes\/Resolucio_curriculums_llengues_CFA.pdf\">http:\/\/educacio.gencat.cat\/documents\/IPCNormativa\/DisposicionsInternes\/Resolucio_curriculums_llengues_CFA.pdf<\/a><\/p>\n","protected":false},"excerpt":{"rendered":"<p>Certificaci\u00f3 A1 corresponent al Marc europeu com\u00fa de refer\u00e8ncia per a les lleng\u00fces.<\/p>\n<ul>\n<li style=\"list-style-type: none;\">\n<ul>\n<li>Nivell 1 mat\u00ed (105h), 3 hores a la setmana.<\/li>\n<li>Nivell 1 tarda (105h), 3 hores a la setmana.<\/li>\n<\/ul>\n<\/li>\n<\/ul>\n<p>Curr\u00edculum: \u00a0<a href=\"http:\/\/educacio.gencat.cat\/documents\/IPCNormativa\/DisposicionsInternes\/Resolucio_curriculums_llengues_CFA.pdf\">http:\/\/educacio.gencat.cat\/documents\/IPCNormativa\/DisposicionsInternes\/Resolucio_curriculums_llengues_CFA.pdf<\/a><\/p>\n","protected":false},"author":2,"featured_media":0,"parent":283,"menu_order":0,"comment_status":"closed","ping_status":"closed","template":"page-templates\/side-menu.php","meta":{"_bbp_topic_count":0,"_bbp_reply_count":0,"_bbp_total_topic_count":0,"_bbp_total_reply_count":0,"_bbp_voice_count":0,"_bbp_anonymous_reply_count":0,"_bbp_topic_count_hidden":0,"_bbp_reply_count_hidden":0,"_bbp_forum_subforum_count":0,"footnotes":""},"class_list":["post-296","page","type-page","status-publish","hentry"],"post_mailing_queue_ids":[],"_links":{"self":[{"href":"https:\/\/agora.xtec.cat\/cfasantramon\/wp-json\/wp\/v2\/pages\/296","targetHints":{"allow":["GET"]}}],"collection":[{"href":"https:\/\/agora.xtec.cat\/cfasantramon\/wp-json\/wp\/v2\/pages"}],"about":[{"href":"https:\/\/agora.xtec.cat\/cfasantramon\/wp-json\/wp\/v2\/types\/page"}],"author":[{"embeddable":true,"href":"https:\/\/agora.xtec.cat\/cfasantramon\/wp-json\/wp\/v2\/users\/2"}],"replies":[{"embeddable":true,"href":"https:\/\/agora.xtec.cat\/cfasantramon\/wp-json\/wp\/v2\/comments?post=296"}],"version-history":[{"count":6,"href":"https:\/\/agora.xtec.cat\/cfasantramon\/wp-json\/wp\/v2\/pages\/296\/revisions"}],"predecessor-version":[{"id":3007,"href":"https:\/\/agora.xtec.cat\/cfasantramon\/wp-json\/wp\/v2\/pages\/296\/revisions\/3007"}],"up":[{"embeddable":true,"href":"https:\/\/agora.xtec.cat\/cfasantramon\/wp-json\/wp\/v2\/pages\/283"}],"wp:attachment":[{"href":"https:\/\/agora.xtec.cat\/cfasantramon\/wp-json\/wp\/v2\/media?parent=296"}],"curies":[{"name":"wp","href":"https:\/\/api.w.org\/{rel}","templated":true}]}}