{"id":1056,"date":"2022-05-24T17:32:13","date_gmt":"2022-05-24T15:32:13","guid":{"rendered":"https:\/\/agora.xtec.cat\/cfasantjust\/?page_id=1056"},"modified":"2023-06-20T09:31:31","modified_gmt":"2023-06-20T07:31:31","slug":"objectius","status":"publish","type":"page","link":"https:\/\/agora.xtec.cat\/cfasantjust\/estrategia-digital-de-centre\/estrategia-digital\/objectius\/","title":{"rendered":"Objectius"},"content":{"rendered":"<p><a href=\"https:\/\/agora.xtec.cat\/cfasantjust\/el-centre\/estrategia-digital-de-centre\/objectius\/attachment\/objectius\/\" rel=\"attachment wp-att-1057\"><img loading=\"lazy\" decoding=\"async\" class=\"aligncenter wp-image-1057\" src=\"https:\/\/agora.xtec.cat\/cfasantjust\/wp-content\/uploads\/usu1093\/2022\/05\/Objectius-300x111.png\" alt=\"\" width=\"543\" height=\"201\" srcset=\"https:\/\/agora.xtec.cat\/cfasantjust\/wp-content\/uploads\/usu1093\/2022\/05\/Objectius-300x111.png 300w, https:\/\/agora.xtec.cat\/cfasantjust\/wp-content\/uploads\/usu1093\/2022\/05\/Objectius-768x284.png 768w, https:\/\/agora.xtec.cat\/cfasantjust\/wp-content\/uploads\/usu1093\/2022\/05\/Objectius.png 1024w\" sizes=\"auto, (max-width: 543px) 100vw, 543px\" \/><\/a><\/p>\n<p><span style=\"color: #333399;\"><b>Objectius:<\/b><\/span><\/p>\n<ul>\n<li><span style=\"color: #333399;\">Elaborar documentaci\u00f3 relacionada amb l\u2019estrat\u00e8gia digital per fer un centre competent digitalment.<\/span><\/li>\n<li><span style=\"color: #333399;\">Fomentar la col\u00b7laboraci\u00f3 entre l\u2019equip docent per impulsar l\u2019\u00fas de noves metodologies amb eines digitals a l\u2019aula.<\/span><\/li>\n<li><span style=\"color: #333399;\">Formar l\u2019alumnat en l\u2019\u00fas de les eines digitals necess\u00e0ries per fomentar la participaci\u00f3 i augmentar la implicaci\u00f3 de l\u2019alumnat en l\u2019aprenentatge i garantir-ne l&#8217;\u00fas de forma fiable, respectuosa i segura.<\/span><\/li>\n<li><span style=\"color: #333399;\">Utilitzar les tecnologies digitals per avaluar les capacitats de l\u2019alumnat i donar feedback, fomentar l\u2019autoavaluaci\u00f3 i coavaluaci\u00f3 de l\u2019alumnat.<\/span><\/li>\n<li><span style=\"color: #333399;\">Crear un circuit per detectar les necessitats t\u00e8cniques del centre i optimitzar l\u2019assist\u00e8ncia t\u00e8cnica actual.<\/span><\/li>\n<\/ul>\n<p>&nbsp;<\/p>\n<table style=\"width: 100%; border-collapse: collapse; border-color: #ed7474; background-color: #ed7474;\">\n<tbody>\n<tr>\n<td style=\"width: 100%;\">\n<h3><strong>TEMPORITZACI\u00d3 I INDICADORS<\/strong><\/h3>\n<\/td>\n<\/tr>\n<\/tbody>\n<\/table>\n<p><iframe loading=\"lazy\" src=\"https:\/\/docs.google.com\/spreadsheets\/d\/e\/2PACX-1vSehLhEqV1kg9ce5jmkX4MwvNSY2Y5kPvF8zxcCyn1Ej4vE9V9gNvarDFJQyylr4g\/pubhtml?widget=true&amp;headers=false\" width=\"1100\" height=\"600\"><span data-mce-type=\"bookmark\" style=\"display: inline-block; width: 0px; overflow: hidden; line-height: 0;\" class=\"mce_SELRES_start\">\ufeff<\/span><\/iframe><\/p>\n","protected":false},"excerpt":{"rendered":"<p>Objectius: Elaborar documentaci\u00f3 relacionada amb l\u2019estrat\u00e8gia digital per fer un centre competent digitalment. Fomentar la col\u00b7laboraci\u00f3 entre l\u2019equip docent per impulsar l\u2019\u00fas de noves metodologies amb eines digitals a l\u2019aula. Formar l\u2019alumnat en l\u2019\u00fas de les eines digitals necess\u00e0ries per fomentar la participaci\u00f3 i augmentar la implicaci\u00f3 de l\u2019alumnat en l\u2019aprenentatge i garantir-ne l&#8217;\u00fas de [&hellip;]<\/p>\n","protected":false},"author":1,"featured_media":0,"parent":1027,"menu_order":0,"comment_status":"closed","ping_status":"closed","template":"page-templates\/side-menu.php","meta":{"_bbp_topic_count":0,"_bbp_reply_count":0,"_bbp_total_topic_count":0,"_bbp_total_reply_count":0,"_bbp_voice_count":0,"_bbp_anonymous_reply_count":0,"_bbp_topic_count_hidden":0,"_bbp_reply_count_hidden":0,"_bbp_forum_subforum_count":0,"site-sidebar-layout":"default","site-content-layout":"","ast-site-content-layout":"","site-content-style":"default","site-sidebar-style":"default","ast-global-header-display":"","ast-banner-title-visibility":"","ast-main-header-display":"","ast-hfb-above-header-display":"","ast-hfb-below-header-display":"","ast-hfb-mobile-header-display":"","site-post-title":"","ast-breadcrumbs-content":"","ast-featured-img":"","footer-sml-layout":"","theme-transparent-header-meta":"","adv-header-id-meta":"","stick-header-meta":"","header-above-stick-meta":"","header-main-stick-meta":"","header-below-stick-meta":"","astra-migrate-meta-layouts":"default","ast-page-background-enabled":"default","ast-page-background-meta":{"desktop":{"background-color":"var(--ast-global-color-4)","background-image":"","background-repeat":"repeat","background-position":"center center","background-size":"auto","background-attachment":"scroll","background-type":"","background-media":"","overlay-type":"","overlay-color":"","overlay-opacity":"","overlay-gradient":""},"tablet":{"background-color":"","background-image":"","background-repeat":"repeat","background-position":"center center","background-size":"auto","background-attachment":"scroll","background-type":"","background-media":"","overlay-type":"","overlay-color":"","overlay-opacity":"","overlay-gradient":""},"mobile":{"background-color":"","background-image":"","background-repeat":"repeat","background-position":"center center","background-size":"auto","background-attachment":"scroll","background-type":"","background-media":"","overlay-type":"","overlay-color":"","overlay-opacity":"","overlay-gradient":""}},"ast-content-background-meta":{"desktop":{"background-color":"var(--ast-global-color-5)","background-image":"","background-repeat":"repeat","background-position":"center center","background-size":"auto","background-attachment":"scroll","background-type":"","background-media":"","overlay-type":"","overlay-color":"","overlay-opacity":"","overlay-gradient":""},"tablet":{"background-color":"var(--ast-global-color-5)","background-image":"","background-repeat":"repeat","background-position":"center center","background-size":"auto","background-attachment":"scroll","background-type":"","background-media":"","overlay-type":"","overlay-color":"","overlay-opacity":"","overlay-gradient":""},"mobile":{"background-color":"var(--ast-global-color-5)","background-image":"","background-repeat":"repeat","background-position":"center center","background-size":"auto","background-attachment":"scroll","background-type":"","background-media":"","overlay-type":"","overlay-color":"","overlay-opacity":"","overlay-gradient":""}},"footnotes":""},"class_list":["post-1056","page","type-page","status-publish","hentry"],"post_mailing_queue_ids":[],"_links":{"self":[{"href":"https:\/\/agora.xtec.cat\/cfasantjust\/wp-json\/wp\/v2\/pages\/1056","targetHints":{"allow":["GET"]}}],"collection":[{"href":"https:\/\/agora.xtec.cat\/cfasantjust\/wp-json\/wp\/v2\/pages"}],"about":[{"href":"https:\/\/agora.xtec.cat\/cfasantjust\/wp-json\/wp\/v2\/types\/page"}],"author":[{"embeddable":true,"href":"https:\/\/agora.xtec.cat\/cfasantjust\/wp-json\/wp\/v2\/users\/1"}],"replies":[{"embeddable":true,"href":"https:\/\/agora.xtec.cat\/cfasantjust\/wp-json\/wp\/v2\/comments?post=1056"}],"version-history":[{"count":3,"href":"https:\/\/agora.xtec.cat\/cfasantjust\/wp-json\/wp\/v2\/pages\/1056\/revisions"}],"predecessor-version":[{"id":1244,"href":"https:\/\/agora.xtec.cat\/cfasantjust\/wp-json\/wp\/v2\/pages\/1056\/revisions\/1244"}],"up":[{"embeddable":true,"href":"https:\/\/agora.xtec.cat\/cfasantjust\/wp-json\/wp\/v2\/pages\/1027"}],"wp:attachment":[{"href":"https:\/\/agora.xtec.cat\/cfasantjust\/wp-json\/wp\/v2\/media?parent=1056"}],"curies":[{"name":"wp","href":"https:\/\/api.w.org\/{rel}","templated":true}]}}