{"id":763,"date":"2019-03-27T12:26:09","date_gmt":"2019-03-27T11:26:09","guid":{"rendered":"https:\/\/agora.xtec.cat\/cfasantjosep\/?page_id=763"},"modified":"2022-07-15T11:52:57","modified_gmt":"2022-07-15T09:52:57","slug":"documentacio","status":"publish","type":"page","link":"https:\/\/agora.xtec.cat\/cfasantjosep\/preinscripcio-curs-2019-2020\/documentacio\/","title":{"rendered":"Documentaci\u00f3"},"content":{"rendered":"<h4 id=\"FW_bloc_9c6b9575-55e7-11e4-aafa-000c29f68999_1\" class=\"FW_ancora\"><\/h4>\n<div class=\"FW_sEditPro\">\n<p><strong>Totes les persones\u00a0<\/strong>que es preinscriuen han de presentar l&#8217;original i una fotoc\u00f2pia del\u00a0<strong>DNI<\/strong>,\u00a0<strong>NIE<\/strong>\u00a0o\u00a0<strong>passaport<\/strong>\u00a0(si es tracta d&#8217;estrangers comunitaris, el document d&#8217;identitat del pa\u00eds d&#8217;origen), aix\u00ed com la <strong>targeta sanit\u00e0ria<\/strong>.<\/p>\n<p>Segons les circumst\u00e0ncies de cada sol\u00b7licitant, tamb\u00e9\u00a0cal presentar:<\/p>\n<ul>\n<li>Persones\u00a0amb<strong>\u00a0contracte laboral<\/strong>:<strong>\u00a0<\/strong>document que acrediti la seva afiliaci\u00f3 a la Seguretat Social (si no tenen obligaci\u00f3 d&#8217;estar afiliats, el certificat del familiar titular de l&#8217;empresa i la declaraci\u00f3 dels tutors legals).<\/li>\n<li>Persones en proc\u00e9s d&#8217;obtenci\u00f3 d&#8217;un\u00a0<strong>perm\u00eds de treball<\/strong>:<strong>\u00a0<\/strong>documentaci\u00f3 acreditativa corresponent.<\/li>\n<li>Esportistes d&#8217;<strong>alt rendiment<\/strong>\u00a0que\u00a0comparteixen ensenyaments: certificat acreditatiu expedit pel Consell Catal\u00e0 de l&#8217;Esport.<\/li>\n<li>Persones que han cursat i superat un programa de formaci\u00f3 i inserci\u00f3 (PFI): certificat en qu\u00e8 consti que l&#8217;han cursat.<\/li>\n<li>Persones que participen al programa &#8220;<strong>Joves per l&#8217;ocupaci\u00f3<\/strong>&#8220;: document acreditatiu expedit per l&#8217;entitat on han desenvolupat el programa.<\/li>\n<li>Persones<strong>\u00a0menors d&#8217;edat<\/strong>\n<ul>\n<li>Original i fotoc\u00f2pia del llibre de fam\u00edlia o altres documents relatius a la filiaci\u00f3 i el consentiment del pare o mare o tutor legal del menor. Si est\u00e0 en situaci\u00f3 d&#8217;acolliment, la resoluci\u00f3 del Departament de Treball, Afers Socials i Fam\u00edlies.<\/li>\n<li>Original i fotoc\u00f2pia del DNI de la persona sol\u00b7licitant (pare, mare, tutor\/a o guardador\/a de fet) o si la persona sol\u00b7licitant \u00e9s estrangera, de la targeta de resid\u00e8ncia on consta el NIE, o del passaport. Si es tracta d&#8217;estrangers comunitaris, document d&#8217;identitat del pa\u00eds d&#8217;origen.<\/li>\n<\/ul>\n<\/li>\n<\/ul>\n<\/div>\n","protected":false},"excerpt":{"rendered":"<p>Totes les persones\u00a0que es preinscriuen han de presentar l&#8217;original i una fotoc\u00f2pia del\u00a0DNI,\u00a0NIE\u00a0o\u00a0passaport\u00a0(si es tracta d&#8217;estrangers comunitaris, el document d&#8217;identitat del pa\u00eds d&#8217;origen), aix\u00ed com la targeta sanit\u00e0ria.<br \/>\nSegons les circumst\u00e0ncies de cada sol\u00b7licitant, tamb\u00e9\u00a0cal presentar:<\/p>\n<ul>\n<li>Persones\u00a0amb\u00a0contracte laboral:\u00a0document que acrediti la seva afiliaci\u00f3 a la Seguretat Social&hellip;  <a href=\"https:\/\/agora.xtec.cat\/cfasantjosep\/preinscripcio-curs-2019-2020\/documentacio\/\" title=\"Read Documentaci\u00f3\">Llegeix m\u00e9s\u00bb<\/a><br \/>\n","protected":false},"author":1,"featured_media":0,"parent":748,"menu_order":0,"comment_status":"closed","ping_status":"closed","template":"page-templates\/side-menu.php","meta":{"_bbp_topic_count":0,"_bbp_reply_count":0,"_bbp_total_topic_count":0,"_bbp_total_reply_count":0,"_bbp_voice_count":0,"_bbp_anonymous_reply_count":0,"_bbp_topic_count_hidden":0,"_bbp_reply_count_hidden":0,"_bbp_forum_subforum_count":0,"footnotes":""},"class_list":["post-763","page","type-page","status-publish","hentry"],"post_mailing_queue_ids":[],"_links":{"self":[{"href":"https:\/\/agora.xtec.cat\/cfasantjosep\/wp-json\/wp\/v2\/pages\/763","targetHints":{"allow":["GET"]}}],"collection":[{"href":"https:\/\/agora.xtec.cat\/cfasantjosep\/wp-json\/wp\/v2\/pages"}],"about":[{"href":"https:\/\/agora.xtec.cat\/cfasantjosep\/wp-json\/wp\/v2\/types\/page"}],"author":[{"embeddable":true,"href":"https:\/\/agora.xtec.cat\/cfasantjosep\/wp-json\/wp\/v2\/users\/1"}],"replies":[{"embeddable":true,"href":"https:\/\/agora.xtec.cat\/cfasantjosep\/wp-json\/wp\/v2\/comments?post=763"}],"version-history":[{"count":2,"href":"https:\/\/agora.xtec.cat\/cfasantjosep\/wp-json\/wp\/v2\/pages\/763\/revisions"}],"predecessor-version":[{"id":765,"href":"https:\/\/agora.xtec.cat\/cfasantjosep\/wp-json\/wp\/v2\/pages\/763\/revisions\/765"}],"up":[{"embeddable":true,"href":"https:\/\/agora.xtec.cat\/cfasantjosep\/wp-json\/wp\/v2\/pages\/748"}],"wp:attachment":[{"href":"https:\/\/agora.xtec.cat\/cfasantjosep\/wp-json\/wp\/v2\/media?parent=763"}],"curies":[{"name":"wp","href":"https:\/\/api.w.org\/{rel}","templated":true}]}}