{"id":578,"date":"2018-11-12T17:28:17","date_gmt":"2018-11-12T16:28:17","guid":{"rendered":"https:\/\/agora.xtec.cat\/cfasantjosep\/?page_id=578"},"modified":"2025-09-17T11:10:35","modified_gmt":"2025-09-17T09:10:35","slug":"horari-datencio-ioc","status":"publish","type":"page","link":"https:\/\/agora.xtec.cat\/cfasantjosep\/horari-datencio-ioc\/","title":{"rendered":"Horari d&#8217;atenci\u00f3 IOC"},"content":{"rendered":"<h3 class=\"well\" style=\"text-align: center;\"><strong>Dimarts i dijous<\/strong><\/h3>\n<div class=\"well\" style=\"text-align: center;\"><\/div>\n<p style=\"text-align: center;\"><strong>MAT\u00cd:<\/strong> de 12h a 13h (Isaac)<\/p>\n<p style=\"text-align: center;\"><strong>TARDA:<\/strong> de de 15h a 16h (Roc\u00edo)<\/p>\n<div class=\"well\" style=\"text-align: center;\">(Per a b\u00e9 de tothom, agrair\u00edem respect\u00e9ssiu aquests horaris en el cas de voler parlar directament amb nosaltres,<\/div>\n<div class=\"well\" style=\"text-align: center;\">doncs a m\u00e9s de ser les vostres tutores de l&#8217;IOC, impartim classes o realitzem gestions pel al centre)<\/div>\n<div><\/div>\n<div class=\"well\" style=\"text-align: center;\"><\/div>\n<div><\/div>\n<div class=\"well\" style=\"text-align: center;\"><\/div>\n<div class=\"well\" style=\"text-align: center;\"><\/div>\n","protected":false},"excerpt":{"rendered":"<p>Dimarts i dijous<\/p>\n<p>MAT\u00cd: de 12h a 13h (Isaac)<br \/>\nTARDA: de de 15h a 16h (Roc\u00edo)<br \/>\n(Per a b\u00e9 de tothom, agrair\u00edem respect\u00e9ssiu aquests horaris en el cas de voler parlar directament amb nosaltres,<br \/>\ndoncs a m\u00e9s de ser les vostres tutores de l&#8217;IOC, impartim classes o realitzem gestions&hellip;  <a href=\"https:\/\/agora.xtec.cat\/cfasantjosep\/horari-datencio-ioc\/\" title=\"Read Horari d&#8217;atenci\u00f3 IOC\">Llegeix m\u00e9s\u00bb<\/a><\/p>\n","protected":false},"author":1,"featured_media":0,"parent":0,"menu_order":0,"comment_status":"closed","ping_status":"closed","template":"","meta":{"_bbp_topic_count":0,"_bbp_reply_count":0,"_bbp_total_topic_count":0,"_bbp_total_reply_count":0,"_bbp_voice_count":0,"_bbp_anonymous_reply_count":0,"_bbp_topic_count_hidden":0,"_bbp_reply_count_hidden":0,"_bbp_forum_subforum_count":0,"footnotes":""},"class_list":["post-578","page","type-page","status-publish","hentry"],"post_mailing_queue_ids":[],"_links":{"self":[{"href":"https:\/\/agora.xtec.cat\/cfasantjosep\/wp-json\/wp\/v2\/pages\/578","targetHints":{"allow":["GET"]}}],"collection":[{"href":"https:\/\/agora.xtec.cat\/cfasantjosep\/wp-json\/wp\/v2\/pages"}],"about":[{"href":"https:\/\/agora.xtec.cat\/cfasantjosep\/wp-json\/wp\/v2\/types\/page"}],"author":[{"embeddable":true,"href":"https:\/\/agora.xtec.cat\/cfasantjosep\/wp-json\/wp\/v2\/users\/1"}],"replies":[{"embeddable":true,"href":"https:\/\/agora.xtec.cat\/cfasantjosep\/wp-json\/wp\/v2\/comments?post=578"}],"version-history":[{"count":6,"href":"https:\/\/agora.xtec.cat\/cfasantjosep\/wp-json\/wp\/v2\/pages\/578\/revisions"}],"predecessor-version":[{"id":2427,"href":"https:\/\/agora.xtec.cat\/cfasantjosep\/wp-json\/wp\/v2\/pages\/578\/revisions\/2427"}],"wp:attachment":[{"href":"https:\/\/agora.xtec.cat\/cfasantjosep\/wp-json\/wp\/v2\/media?parent=578"}],"curies":[{"name":"wp","href":"https:\/\/api.w.org\/{rel}","templated":true}]}}