{"id":49,"date":"2018-11-09T11:45:55","date_gmt":"2018-11-09T10:45:55","guid":{"rendered":"http:\/\/agora.xtec.cat\/cfasantjosep\/?page_id=49"},"modified":"2020-09-08T09:39:02","modified_gmt":"2020-09-08T07:39:02","slug":"normes-dorganitzacio-i-funcionament","status":"publish","type":"page","link":"https:\/\/agora.xtec.cat\/cfasantjosep\/el-centre\/normes-dorganitzacio-i-funcionament\/","title":{"rendered":"Normes i funcionament del centre"},"content":{"rendered":"<ol>\n<li><strong><a href=\"#header1\">Conviv\u00e8ncia<\/a><\/strong><\/li>\n<li><strong><a href=\"#header2\">Horari. Faltes d&#8217;assist\u00e8ncia, puntualitat i la seva justificaci\u00f3<\/a><\/strong><\/li>\n<li><strong><a href=\"#header3\">Comportament dins l&#8217;aula i recinte escolar<\/a><\/strong><\/li>\n<li><strong><a href=\"#header4\">Baixa del centre per absentisme<\/a><\/strong><\/li>\n<li><strong><a href=\"#header5\">Activitats complement\u00e0ries<\/a><\/strong><\/li>\n<li><strong><a href=\"#header6\">Garantia del servei educatiu<\/a><\/strong><\/li>\n<li><strong><a href=\"#header7\">Descans i canvi de torn<\/a><\/strong><\/li>\n<li><strong><a href=\"#header8\">Llengua de l&#8217;escola<\/a><\/strong><\/li>\n<li><strong><a href=\"#header9\">Queixes i suggeriments<\/a><\/strong><\/li>\n<li><strong><a href=\"#header10\">Certificats<\/a><\/strong><\/li>\n<li><strong><a href=\"#header11\">Repetici\u00f3 de curs<\/a><\/strong><\/li>\n<li><strong><a href=\"#header12\">Emerg\u00e8ncies. Informaci\u00f3 per a l&#8217;evacuaci\u00f3 de l&#8217;edifici<\/a><\/strong><\/li>\n<\/ol>\n<p>&nbsp;<\/p>\n<p><a id=\"header1\"><\/a><strong>1.<\/strong><\/p>\n<p><strong>Conviv\u00e8ncia<\/strong><\/p>\n<p>El centre de formaci\u00f3 de persones adultes Sant Josep t\u00e9 com a objectiu prioritari aconseguir la formaci\u00f3 acad\u00e8mica dels seus alumnes, i tamb\u00e9 tot all\u00f2 que fa refer\u00e8ncia a la seva formaci\u00f3 humana dins la nostra societat actual. \u00c9s per aix\u00f2 que tindr\u00e0 en compte el seg\u00fcent:<\/p>\n<ul>\n<li>Respectar els drets de la resta de l\u2019alumnat i no pertorbar l\u2019activitat normal a les aules.<\/li>\n<li>No discriminar cap membre de la comunitat educativa per ra\u00f3 de naixement, pa\u00eds, sexe o per qualsevol altra circumst\u00e0ncia personal o social.<\/li>\n<li>Mantenir sempre un comportament correcte i respectu\u00f3s, evitant l\u2019\u00fas d\u2019un llenguatge ofensiu i l\u2019agressi\u00f3 f\u00edsica, psicol\u00f2gica o verbal als altres.<\/li>\n<li>Respectar la llibertat de pensament, com tamb\u00e9 la dignitat i la intimitat de tots els membres de la comunitat educativa.<\/li>\n<\/ul>\n<p>&nbsp;<\/p>\n<p><a id=\"header2\"><\/a><strong>2.<\/strong><\/p>\n<p><strong>Horari. Faltes d&#8217;assist\u00e8ncia, puntualitat i la seva justificaci\u00f3<\/strong><\/p>\n<ul>\n<li>\u00c9s un deure de l\u2019alumne\/a respectar els horaris establerts al Centre.<\/li>\n<li>Pel bon funcionament del Centre i per q\u00fcestions de seguretat caldr\u00e0 observar puntualitat rigorosa en l\u2019horari de les classes. En acabar el temps de descans no es podr\u00e0 entrar a l\u2019aula amb retard. En el cas de no poder entrar a classe per haver arribat tard, l\u2019alumne\/a podr\u00e0 romandre a la Biblioteca treballant o estudiant fins la seg\u00fcent classe.<\/li>\n<li>L&#8217;alumnat ha d\u2019assolir una assist\u00e8ncia del 80 %:\n<ul>\n<li>per a obtenir el certificat en el cas dels ensenyaments de llengua anglesa, catalana , preparaci\u00f3 per a les proves d&#8217;acc\u00e9s i COMPETIC<\/li>\n<li>per poder tenir dret a prova i ser avaluat en el cas de GES i Formaci\u00f3 Instrumental<\/li>\n<\/ul>\n<\/li>\n<li>En cada sessi\u00f3 o m\u00f2dul es passar\u00e0 el control de signatures<\/li>\n<\/ul>\n<p>Si hi ha algun impediment per assistir a classe l&#8217;alumne\/a ha de lliurar les justificacions al seu professor\/a. Si les justificants s\u00f3n de llarga durada o afecten a m\u00e9s d\u2019una mat\u00e8ria, es donaran al professor\/a de refer\u00e8ncia o tutor\/a. En cas de no tenir justificant s&#8217;han d&#8217;exposar els motius de l&#8217;abs\u00e8ncia amb el professorat de refer\u00e8ncia i a l&#8217;hora de tutoria.<\/p>\n<blockquote><p><span style=\"font-size: large;\"><i><b>Les faltes d\u2019assist\u00e8ncia reiterades, el tutor les comunicar\u00e0 a l\u2019alumne\/a. En cas de ser menor d\u2019edat el tutor\/a ho comunicar\u00e0 a la fam\u00edlia o tutor\/a legal.<\/b><\/i><\/span><\/p><\/blockquote>\n<blockquote><p><span style=\"font-size: large;\"><i><b>\u00c9s obligatori tenir el 80% d\u2019assist\u00e8ncia de les hores lectives per poder tenir dret a examen i ser avaluat<\/b><\/i><\/span><\/p><\/blockquote>\n<ul>\n<li>Alumnat que es reincorpori a classe despr\u00e9s d&#8217;una abs\u00e8ncia<\/li>\n<\/ul>\n<p>Per evitar temps d&#8217;espera innecessaris al companys del grup classe, l&#8217;alumnat que ha realitzat faltes d&#8217;assist\u00e8ncia ha de procurar posar-se al dia de les tasques que s&#8217;han fet en el temps de la seva abs\u00e8ncia. \u00c9s recomanable que faci un mail al professorat que imparteix el m\u00f2dul o l&#8217;ensenyament en q\u00fcesti\u00f3 per mail amb el professorat corresponent fetes durant la seva abs\u00e8ncia abans d&#8217;incorporar-se.<\/p>\n<p>&nbsp;<\/p>\n<p><strong><a id=\"header3\"><\/a>3.<\/strong><\/p>\n<p><strong>Comportament dins l&#8217;aula i recinte escolar<\/strong><\/p>\n<ul>\n<li>L\u2019alumne\/a que, intencionadament o per neglig\u00e8ncia, faci danys a les instal.lacions del Centre, al seu material o el sostregui, estar\u00e0 obligat a reparar el dany o restituir el que hagi sostret. La responsabilitat civil correspon als pares, segons la legislaci\u00f3 vigent, en alumnes menors d\u2019edat.<\/li>\n<li>D\u2019acord amb la normativa vigent es prohibeix fumar i consumir begudes alcoh\u00f2liques dins del recinte escolar.<\/li>\n<li>Es prohibeix menjar, beure i mastegar xiclet dins l\u2019horari lectiu.<\/li>\n<li>Cada grup-classe \u00e9s responsable de l\u2019aula i del seu equipament, per tant, haur\u00e0 de tenir cura del seu \u00fas, de la seva conservaci\u00f3 i netedat. En finalitzar les classes caldr\u00e0 deixar l\u2019aula neta i recollida, per la qual cosa el professor\/a ho recordar\u00e0 als seus alumnes.<\/li>\n<li>No es pot entrar ni sortir de l\u2019aula sense comunicar-ho al professor\/a.<\/li>\n<li>Els m\u00f2bils hauran d\u2019estar desconnectats i guardats dins l\u2019horari lectiu.<\/li>\n<li>A l\u2019aula no es poden deixar objectes personals.<\/li>\n<li>Pel bon funcionament del grup-classe, el professor\/a i\/o el tutor\/a pot decidir el lloc que han d\u2019ocupar els alumnes dins l\u2019aula, per tal d\u2019aconseguir millorar l\u2019ambient de treball i el seu rendiment acad\u00e8mic.<\/li>\n<li>Els seients i els ordinadors no s\u00f3n propietat de ning\u00fa<\/li>\n<li>Durant les activitats lectives cal demanar ordenadament la paraula i respectar el torn i les intervencions dels altres companys.<\/li>\n<li>Els comandaments de l&#8217;aire condicionat no es poden manipular<\/li>\n<\/ul>\n<p>&nbsp;<\/p>\n<p><strong><a id=\"header4\"><\/a>4.<\/strong><\/p>\n<p><strong>Baixa del centre per absentisme<\/strong><\/p>\n<p>Des de les diferents tutories del centre estem treballant per disminuir l&#8217;absentisme a l&#8217;escola.<\/p>\n<p>El CFA Sant Josep disposa de mecanismes de control d&#8217;assist\u00e8ncia i de seguiment de l&#8217;alumnat. En cas d&#8217;abs\u00e8ncies reiterades el centre fa un estudi sobre l&#8217;abandonament del curs amb l&#8217;objectiu de detectar-ne els motius: b\u00e9 siguin personals, per causes externes o per insatisfacci\u00f3 del curs.<\/p>\n<p>Es contactar\u00e0 amb l&#8217;alumnat, preferentment per mail, que s&#8217;ha detectat que fa dies que no assisteix a l&#8217;escola i se&#8217;n preguntar\u00e0 els motius per con\u00e8ixer a qu\u00e8 responen:<\/p>\n<ul>\n<li>si no tenen res a veure amb l&#8217;escola (personals, familiars, de feina &#8230;)<\/li>\n<li>o si s\u00f3n deguts a q\u00fcestions que es deriven de l&#8217;aprenentatge (per exemple si el nivell \u00e9s massa baix, alt o no es pot seguir, per desmotivaci\u00f3 o insatisfacci\u00f3 en alguna q\u00fcesti\u00f3&#8230;)<\/li>\n<\/ul>\n<p>La no assist\u00e8ncia regular durant 2 SETMANES sense justificaci\u00f3 comportar\u00e0 la BAIXA definitiva de l\u2019alumne\/a. Aquesta baixa es comunicar\u00e0 per escrit al correu de la persona interessada.<\/p>\n<p align=\"center\"><span style=\"color: #000000;\"><span style=\"font-family: Arial, sans-serif;\"><span style=\"font-size: small;\"><b>DES D&#8217;ARA US AGRA\u00cfM LA VOSTRA COL\u00b7LABORACI\u00d3<\/b><\/span><\/span><\/span><\/p>\n<p>&nbsp;<\/p>\n<p><strong><a id=\"header5\"><\/a>5.<\/strong><\/p>\n<p><strong>Activitats extraescolars i complement\u00e0ries<\/strong><\/p>\n<p>L&#8217;escola oferir\u00e0 durant el curs activitats extraescolars i complement\u00e0ries als ensenyaments de l&#8217;aula. La participaci\u00f3 en les activitats programades pel centre dins de l&#8217;horari escolar computaran com assist\u00e8ncies, i per tant s\u00f3n obligat\u00f2ries.<\/p>\n<p>&nbsp;<\/p>\n<p><strong><a id=\"header6\"><\/a>6.<\/strong><\/p>\n<p><strong>Garantia del servei educatiu<\/strong><\/p>\n<p>Amb els recursos disponibles, en situacions de baixes o abs\u00e8ncies del professorat, el centre procurar\u00e0 mantenir el servei amb professorat substitut. Quan no sigui possible, l\u2019alumne\/a tindr\u00e0 l\u2019oportunitat de romandre al centre, a la Biblioteca o a l\u2019aula, i fer treball individual.<\/p>\n<p>En qualsevol cas, els alumnes menors d\u2019edat necessitaran d\u2019una autoritzaci\u00f3 escrita dels pares o tutor\/a legal per poder absentar-se fora de l\u2019horari lectiu.<\/p>\n<p>&nbsp;<\/p>\n<p><strong><a id=\"header7\"><\/a>7.<\/strong><\/p>\n<p><strong>Descans i canvi de torn<\/strong><\/p>\n<p>En els per\u00edodes de descans es demana que es respecti l&#8217;ordre i el silenci, ja que l&#8217;escola es una casal d&#8217;entitats i les instal\u00b7lacions son compartides. Aix\u00ed mateix es demana puntualitat en la reincorporaci\u00f3 a l&#8217;aula despr\u00e9s del per\u00edode de descans, considerem falta de respecte cap als companys i el professorat interrompre la classe un cop ja s&#8217;ha iniciat.<\/p>\n<p>&nbsp;<\/p>\n<p><strong><a id=\"header8\"><\/a>8.<\/strong><\/p>\n<p><strong>Llengua de l&#8217;escola<\/strong><\/p>\n<p><span lang=\"ca-ES\">El catal\u00e0 \u00e9s tant la llengua d\u2019aprenentatge com la llengua de comunicaci\u00f3 en tots els \u00e0mbits del Centre (LEC, Llei 12\/2009. Articles 11, 16 i 18 i PEC).<\/span><\/p>\n<p>&nbsp;<\/p>\n<p><strong><a id=\"header9\"><\/a>9.<\/strong><\/p>\n<p><strong>Queixes i suggeriments<\/strong><\/p>\n<p>A Secretaria es pot demanar un full amb el qual es podran exposar les queixes o suggeriments a la direcci\u00f3 del centre. No obstant aix\u00f2, recomanem intentar solucionar qualsevol problema parlant, en primera inst\u00e0ncia, amb les persones implicades.<\/p>\n<p>&nbsp;<\/p>\n<p><strong><a id=\"header10\"><\/a>10.<\/strong><\/p>\n<p><strong>Certificats<\/strong><\/p>\n<p>El CFA sant Josep \u00e9s centre p\u00fablic que dep\u00e8n del Departament d&#8217;Educaci\u00f3, com a centre de persones adultes expedeix t\u00edtols i certificats que poden computar com a m\u00e8rit en el vostre curr\u00edculum. Aquests t\u00edtols us acrediten unes compet\u00e8ncies a l&#8217;hora de buscar feina i en molts casos us permetran seguir d&#8217;altres ensenyaments. Per poder expedir la titulaci\u00f3 o certificat corresponent l&#8217;alumnat haur\u00e0 de tenir:<\/p>\n<ol>\n<li>Una assist\u00e8ncia m\u00ednima del 80 % de les classes (mitjana aritm\u00e8tica dels ensenyaments o m\u00f2duls de GESO matriculats)<\/li>\n<li>Una nota m\u00ednima de 5.00 en l\u2019avaluaci\u00f3 final (mitjana aritm\u00e8tica de les mat\u00e8ries matriculades)<\/li>\n<\/ol>\n<p>Per altres certificats que es puguin expedir s&#8217;han de demanar a la secretaria del centre i es podran recollir despr\u00e9s de dos dies d&#8217;haver-los sol\u00b7licitat.<\/p>\n<p>El certificat l&#8217;ha de recollir la persona que el sol\u00b7licita perqu\u00e8 signi en el llibre de registre del centre.<\/p>\n<p>&nbsp;<\/p>\n<p><strong><a id=\"header11\"><\/a>11.<\/strong><\/p>\n<p><strong>Repetici\u00f3 de curs<\/strong><\/p>\n<p>En el cas de no superar un curs, s\u2019atendr\u00e0 a la normativa que apliqui la Generalitat de Catalunya.<\/p>\n<p>&nbsp;<\/p>\n<p><strong><a id=\"header12\"><\/a>12.<\/strong><\/p>\n<p><strong>Emerg\u00e8ncies. Informaci\u00f3 per a l&#8217;evacuaci\u00f3 de l&#8217;edifici<\/strong><\/p>\n<p>En el sup\u00f2sit de situacions d\u2019EMERG\u00c8NCIA que requereixin EVACUAR les depend\u00e8ncies del Centre, les actuacions a seguir, tant pel personal visitant com pel personal del centre, s\u2019han organitzat pensant en termes de seguretat per a les persones. Per a tot aix\u00f2, us agrair\u00edem que tingu\u00e9ssiu presents les seg\u00fcents indicacions:<\/p>\n<ul>\n<li>Si detecteu una situaci\u00f3 d\u2019emerg\u00e8ncia aviseu a Consergeria, ubicada a la Planta Baixa.<\/li>\n<li>En cas que soni una alarma, espereu les instruccions que us indicaran i si cal, evacueu l\u2019edifici.<\/li>\n<li>No utilitzeu l\u2019ascensor i no perdeu la calma.<\/li>\n<li>Seguiu les instruccions del professorat i del cap d\u2019emerg\u00e8ncies.<\/li>\n<li>Heu de sortir per l\u2019escala d\u2019emerg\u00e8ncia fins al punt de trobada (cru\u00eflla Prat de la Riba \/ Mare de D\u00e9u la Merc\u00e8)<\/li>\n<li>Deixeu tancades les portes i finestres, ja que aix\u00ed s\u2019evita la propagaci\u00f3 del foc.<\/li>\n<li>IMPORTANT: Si a l\u2019escala hi ha fum, no sortiu. Heu de quedar-vos a l\u2019espai on us trobeu i demanar auxili.<\/li>\n<\/ul>\n","protected":false},"excerpt":{"rendered":"<ol>\n<li><a href=\"#header1\">Conviv\u00e8ncia<\/a><\/li>\n<li><a href=\"#header2\">Horari. Faltes d&#8217;assist\u00e8ncia, puntualitat i la seva justificaci\u00f3<\/a><\/li>\n<li><a href=\"#header3\">Comportament dins l&#8217;aula i recinte escolar<\/a><\/li>\n<li><a href=\"#header4\">Baixa del centre per absentisme<\/a><\/li>\n<li><a href=\"#header5\">Activitats complement\u00e0ries<\/a><\/li>\n<li><a href=\"#header6\">Garantia del servei educatiu<\/a><\/li>\n<li><a href=\"#header7\">Descans i canvi de torn<\/a><\/li>\n<li><a href=\"#header8\">Llengua de l&#8217;escola<\/a><\/li>\n<li><a href=\"#header9\">Queixes i suggeriments<\/a><\/li>\n<li><a href=\"#header10\">Certificats<\/a><\/li>\n<li><a href=\"#header11\">Repetici\u00f3 de curs<\/a><\/li>\n<li><a href=\"#header12\">Emerg\u00e8ncies. Informaci\u00f3 per&hellip;  <a href=\"https:\/\/agora.xtec.cat\/cfasantjosep\/el-centre\/normes-dorganitzacio-i-funcionament\/\" title=\"Read Normes i funcionament del centre\">Llegeix m\u00e9s\u00bb<\/a><br \/>\n","protected":false},"author":1,"featured_media":0,"parent":261,"menu_order":60,"comment_status":"closed","ping_status":"closed","template":"page-templates\/side-menu.php","meta":{"_bbp_topic_count":0,"_bbp_reply_count":0,"_bbp_total_topic_count":0,"_bbp_total_reply_count":0,"_bbp_voice_count":0,"_bbp_anonymous_reply_count":0,"_bbp_topic_count_hidden":0,"_bbp_reply_count_hidden":0,"_bbp_forum_subforum_count":0,"footnotes":""},"class_list":["post-49","page","type-page","status-publish","hentry"],"post_mailing_queue_ids":[],"_links":{"self":[{"href":"https:\/\/agora.xtec.cat\/cfasantjosep\/wp-json\/wp\/v2\/pages\/49","targetHints":{"allow":["GET"]}}],"collection":[{"href":"https:\/\/agora.xtec.cat\/cfasantjosep\/wp-json\/wp\/v2\/pages"}],"about":[{"href":"https:\/\/agora.xtec.cat\/cfasantjosep\/wp-json\/wp\/v2\/types\/page"}],"author":[{"embeddable":true,"href":"https:\/\/agora.xtec.cat\/cfasantjosep\/wp-json\/wp\/v2\/users\/1"}],"replies":[{"embeddable":true,"href":"https:\/\/agora.xtec.cat\/cfasantjosep\/wp-json\/wp\/v2\/comments?post=49"}],"version-history":[{"count":3,"href":"https:\/\/agora.xtec.cat\/cfasantjosep\/wp-json\/wp\/v2\/pages\/49\/revisions"}],"predecessor-version":[{"id":1253,"href":"https:\/\/agora.xtec.cat\/cfasantjosep\/wp-json\/wp\/v2\/pages\/49\/revisions\/1253"}],"up":[{"embeddable":true,"href":"https:\/\/agora.xtec.cat\/cfasantjosep\/wp-json\/wp\/v2\/pages\/261"}],"wp:attachment":[{"href":"https:\/\/agora.xtec.cat\/cfasantjosep\/wp-json\/wp\/v2\/media?parent=49"}],"curies":[{"name":"wp","href":"https:\/\/api.w.org\/{rel}","templated":true}]}}