{"id":842,"date":"2019-05-30T12:59:21","date_gmt":"2019-05-30T10:59:21","guid":{"rendered":"http:\/\/agora.xtec.cat\/cfasantboi\/?page_id=842"},"modified":"2025-07-01T11:36:34","modified_gmt":"2025-07-01T09:36:34","slug":"castella-nivell-1","status":"publish","type":"page","link":"https:\/\/agora.xtec.cat\/cfasantboi\/ensenyaments\/ensenyaments-transprofessionals\/castella-nivell-1\/","title":{"rendered":"Llengua castellana per a estrangers"},"content":{"rendered":"<p style=\"font-weight: 400;\">Aquests estudis tenen com a objectiu que les persones estrangeres assoleixin un grau de compet\u00e8ncia m\u00ednima per a comunicar-se en llengua castellana.<\/p>\n<p style=\"font-weight: 400;\">Va adre\u00e7at a persones que han arribat fa poc temps al pa\u00eds i\/o tenen pocs coneixements en llengua castellana. Es treballa fonamentalment la llengua oral i t\u00e9 per finalitat que l\u2019alumnat sigui capa\u00e7 de comunicar-se en la nova llengua per respondre a les necessitats personals m\u00e9s immediates.<\/p>\n<p>S&#8217;imparteixen el primer i el segon nivells.<\/p>\n<ul style=\"font-weight: 400;\">\n<li>Per a poder accedir-hi, cal tenir\u00a0m\u00e9s de 18 anys o b\u00e9 complir-los durant l&#8217;any natural\u00a0en qu\u00e8 s&#8217;inicia\u00a0la formaci\u00f3.<\/li>\n<li>Curs de 105 hores.<\/li>\n<\/ul>\n<p>Aquest curs\u00a0 tenim dues modalitats diferents:<\/p>\n<ul>\n<li>Curs<strong> quatrimestral\u00a0intensiu<\/strong> de 6h setmanals (torn de vespre) a primer nivell.<\/li>\n<li>Curs<strong> anual <\/strong>de 3h setmanals (torn de vespre) a segon nivell.<\/li>\n<li><\/li>\n<\/ul>\n<p>Per a m\u00e9s informaci\u00f3, consulteu a <a href=\"http:\/\/queestudiar.gencat.cat\/ca\/estudis\/adults\/estudis\/llengua-castellana\/?p_id=2330&amp;estudi\" target=\"_blank\" rel=\"noopener noreferrer\">Llengua castellana per a estrangers<\/a>.<\/p>\n<hr \/>\n<p>Estos estudios tienen como objetivo que las personas extra\u00f1as assoleixin un grau de competencia m\u00ednima para comunicarse en lengua castellana.<\/p>\n<p>Va a dirigirse a personas que han arribado fa poc temps al pa\u00eds y\/o tienen pocs coneixements en lengua castellana. Es treballa fundamentalment la lengua oral y t\u00e9 para finalizar que el alumno siga capa\u00e7 de comunicarse-se en la nueva lengua para responder a las necesidades personales m\u00e1s inmediatas.<\/p>\n<p>S&#8217;imparteixen el primer i el segon niveles.<\/p>\n<p>Para poder acceder-hi, cal tenir\u00a0m\u00e9s de 18 anys o b\u00e9 complir-los durant l&#8217;any natural\u00a0en qu\u00e8 s&#8217;inicia\u00a0la formaci\u00f3n.<br \/>\nCarrera de 105 horas.<\/p>\n<p>Aquest curs tenim dues modalidaditats diferentes:<\/p>\n<p>Curs quatrimestral\u00a0intensiu de 6h setmanals (rasgado de vespre) a primer nivell.<br \/>\nCurs anual de 3h setmanals (desga de vespre) a segon nivell.<\/p>\n<p>&nbsp;<\/p>\n","protected":false},"excerpt":{"rendered":"<p>Aquests estudis tenen com a objectiu que les persones estrangeres assoleixin un grau de compet\u00e8ncia m\u00ednima per a comunicar-se en llengua castellana.<br \/>\nVa adre\u00e7at a persones que han arribat fa poc temps al pa\u00eds i\/o tenen pocs coneixements en llengua castellana. Es treballa fonamentalment la llengua&hellip;  <a href=\"https:\/\/agora.xtec.cat\/cfasantboi\/ensenyaments\/ensenyaments-transprofessionals\/castella-nivell-1\/\" title=\"Read Llengua castellana per a estrangers\">Llegeix m\u00e9s\u00bb<\/a><\/p>\n","protected":false},"author":3,"featured_media":0,"parent":286,"menu_order":0,"comment_status":"closed","ping_status":"closed","template":"page-templates\/side-menu.php","meta":{"_bbp_topic_count":0,"_bbp_reply_count":0,"_bbp_total_topic_count":0,"_bbp_total_reply_count":0,"_bbp_voice_count":0,"_bbp_anonymous_reply_count":0,"_bbp_topic_count_hidden":0,"_bbp_reply_count_hidden":0,"_bbp_forum_subforum_count":0,"footnotes":""},"class_list":["post-842","page","type-page","status-publish","hentry"],"post_mailing_queue_ids":[],"_links":{"self":[{"href":"https:\/\/agora.xtec.cat\/cfasantboi\/wp-json\/wp\/v2\/pages\/842","targetHints":{"allow":["GET"]}}],"collection":[{"href":"https:\/\/agora.xtec.cat\/cfasantboi\/wp-json\/wp\/v2\/pages"}],"about":[{"href":"https:\/\/agora.xtec.cat\/cfasantboi\/wp-json\/wp\/v2\/types\/page"}],"author":[{"embeddable":true,"href":"https:\/\/agora.xtec.cat\/cfasantboi\/wp-json\/wp\/v2\/users\/3"}],"replies":[{"embeddable":true,"href":"https:\/\/agora.xtec.cat\/cfasantboi\/wp-json\/wp\/v2\/comments?post=842"}],"version-history":[{"count":6,"href":"https:\/\/agora.xtec.cat\/cfasantboi\/wp-json\/wp\/v2\/pages\/842\/revisions"}],"predecessor-version":[{"id":2390,"href":"https:\/\/agora.xtec.cat\/cfasantboi\/wp-json\/wp\/v2\/pages\/842\/revisions\/2390"}],"up":[{"embeddable":true,"href":"https:\/\/agora.xtec.cat\/cfasantboi\/wp-json\/wp\/v2\/pages\/286"}],"wp:attachment":[{"href":"https:\/\/agora.xtec.cat\/cfasantboi\/wp-json\/wp\/v2\/media?parent=842"}],"curies":[{"name":"wp","href":"https:\/\/api.w.org\/{rel}","templated":true}]}}

<p style="font-weight: 400;">Aquests estudis tenen com a objectiu que les persones estrangeres assoleixin un grau de competència mínima per a comunicar-se en llengua castellana.</p>
<p style="font-weight: 400;">Va adreçat a persones que han arribat fa poc temps al país i/o tenen pocs coneixements en llengua castellana. Es treballa fonamentalment la llengua oral i té per finalitat que l’alumnat sigui capaç de comunicar-se en la nova llengua per respondre a les necessitats personals més immediates.</p>
<p>S&#8217;imparteixen el primer i el segon nivells.</p>
<ul style="font-weight: 400;">
<li>Per a poder accedir-hi, cal tenir més de 18 anys o bé complir-los durant l&#8217;any natural en què s&#8217;inicia la formació.</li>
<li>Curs de 105 hores.</li>
</ul>
<p>Aquest curs  tenim dues modalitats diferents:</p>
<ul>
<li>Curs<strong> quatrimestral intensiu</strong> de 6h setmanals (torn de vespre) a primer nivell.</li>
<li>Curs<strong> anual </strong>de 3h setmanals (torn de vespre) a segon nivell.</li>
<li></li>
</ul>
<p>Per a més informació, consulteu a <a href="http://queestudiar.gencat.cat/ca/estudis/adults/estudis/llengua-castellana/?p_id=2330&amp;estudi" target="_blank" rel="noopener noreferrer">Llengua castellana per a estrangers</a>.</p>
<hr />
<p>Estos estudios tienen como objetivo que las personas extrañas assoleixin un grau de competencia mínima para comunicarse en lengua castellana.</p>
<p>Va a dirigirse a personas que han arribado fa poc temps al país y/o tienen pocs coneixements en lengua castellana. Es treballa fundamentalment la lengua oral y té para finalizar que el alumno siga capaç de comunicarse-se en la nueva lengua para responder a las necesidades personales más inmediatas.</p>
<p>S&#8217;imparteixen el primer i el segon niveles.</p>
<p>Para poder acceder-hi, cal tenir més de 18 anys o bé complir-los durant l&#8217;any natural en què s&#8217;inicia la formación.<br />
Carrera de 105 horas.</p>
<p>Aquest curs tenim dues modalidaditats diferentes:</p>
<p>Curs quatrimestral intensiu de 6h setmanals (rasgado de vespre) a primer nivell.<br />
Curs anual de 3h setmanals (desga de vespre) a segon nivell.</p>
<p>&nbsp;</p>

<p>Aquests estudis tenen com a objectiu que les persones estrangeres assoleixin un grau de competència mínima per a comunicar-se en llengua castellana.<br />
Va adreçat a persones que han arribat fa poc temps al país i/o tenen pocs coneixements en llengua castellana. Es treballa fonamentalment la llengua&hellip;  <a href="https://agora.xtec.cat/cfasantboi/ensenyaments/ensenyaments-transprofessionals/castella-nivell-1/" title="Read Llengua castellana per a estrangers">Llegeix més»</a></p>
