{"id":303,"date":"2015-01-28T11:23:05","date_gmt":"2015-01-28T10:23:05","guid":{"rendered":"http:\/\/agora.xtec.cat\/cfasantboi\/\/?page_id=303"},"modified":"2026-03-02T15:48:10","modified_gmt":"2026-03-02T14:48:10","slug":"graduat-en-educacio-secundaria-per-adults","status":"publish","type":"page","link":"https:\/\/agora.xtec.cat\/cfasantboi\/ensenyaments\/ensenyaments-inicials-i-formacio-basica\/graduat-en-educacio-secundaria-per-adults\/","title":{"rendered":"Graduat en educaci\u00f3 secundaria per adults (GES)"},"content":{"rendered":"<p style=\"text-align: center;\"><iframe loading=\"lazy\" src=\"https:\/\/www.youtube.com\/embed\/ywcKVgzoaJs\" width=\"280\" height=\"160\" frameborder=\"0\"><span data-mce-type=\"bookmark\" style=\"display: inline-block; width: 0px; overflow: hidden; line-height: 0;\" class=\"mce_SELRES_start\">\ufeff<\/span><\/iframe><\/p>\n<h3><\/h3>\n<h3><strong><span style=\"text-decoration: underline;\">El Graduat de la ESO (GES) per a adults est\u00e0 organitzat en dos cursos equivalents al 3er i el 4rt d&#8217; ESO.<\/span><\/strong><\/h3>\n<p>La matr\u00edcula \u00e9s trimestral i l&#8217;ensenyament, presencial.<\/p>\n<p>El torn del primer curs \u00e9s de mat\u00ed. Pel segon curs hi ha torns de mat\u00ed, i tarda.<\/p>\n<p>Poden accedir a aquests estudis totes les persones que tenen m\u00e9s de 18 anys o b\u00e9 els compleixen durant l&#8217;any natural en qu\u00e8 inicien la formaci\u00f3.<\/p>\n<p>Tamb\u00e9 hi poden accedir les persones que tenen 16 anys o b\u00e9 els compleixen durant l&#8217;any natural en qu\u00e8 inicien la formaci\u00f3 si es compleix alguna de les circumst\u00e0ncies seg\u00fcents:<\/p>\n<ul>\n<li>Si per raons laborals no poden seguir els estudis de r\u00e8gim ordinari .<\/li>\n<li>Estan en proc\u00e9s d&#8217;obtenir un perm\u00eds de treball<\/li>\n<li>S\u00f3n esportistes d&#8217;alt rendiment que no poden incorporar-se al sistema educatiu ordinari<\/li>\n<li>Cursen o han cursat programes de qualificaci\u00f3 professional inicial.<\/li>\n<li>Participo en el programa \u201cJoves per l\u2019ocupaci\u00f3\u201d.<\/li>\n<\/ul>\n<p>Som tamb\u00e9 Centre de suport de L&#8217;IOC per a la gent que vulgui obtenir el t\u00edtol a dist\u00e0ncia.<\/p>\n<p>Per a m\u00e9s informaci\u00f3, consulta <a href=\"https:\/\/triaeducativa.gencat.cat\/ca\/al-llarg-vida\/geso\/\" target=\"_blank\" rel=\"noopener noreferrer\">Educaci\u00f3 Secund\u00e0ria Obligat\u00f2ria per a Adults<\/a><\/p>\n","protected":false},"excerpt":{"rendered":"<p>\ufeff<\/p>\n<p>El Graduat de la ESO (GES) per a adults est\u00e0 organitzat en dos cursos equivalents al 3er i el 4rt d&#8217; ESO.<br \/>\nLa matr\u00edcula \u00e9s trimestral i l&#8217;ensenyament, presencial.<br \/>\nEl torn del primer curs \u00e9s de mat\u00ed. Pel segon curs hi ha torns de mat\u00ed, i tarda.<br \/>\nPoden&hellip;  <a href=\"https:\/\/agora.xtec.cat\/cfasantboi\/ensenyaments\/ensenyaments-inicials-i-formacio-basica\/graduat-en-educacio-secundaria-per-adults\/\" title=\"Read Graduat en educaci\u00f3 secundaria per adults (GES)\">Llegeix m\u00e9s\u00bb<\/a><\/p>\n","protected":false},"author":2,"featured_media":0,"parent":283,"menu_order":0,"comment_status":"closed","ping_status":"closed","template":"page-templates\/side-menu.php","meta":{"_bbp_topic_count":0,"_bbp_reply_count":0,"_bbp_total_topic_count":0,"_bbp_total_reply_count":0,"_bbp_voice_count":0,"_bbp_anonymous_reply_count":0,"_bbp_topic_count_hidden":0,"_bbp_reply_count_hidden":0,"_bbp_forum_subforum_count":0,"footnotes":""},"class_list":["post-303","page","type-page","status-publish","hentry"],"post_mailing_queue_ids":[],"_links":{"self":[{"href":"https:\/\/agora.xtec.cat\/cfasantboi\/wp-json\/wp\/v2\/pages\/303","targetHints":{"allow":["GET"]}}],"collection":[{"href":"https:\/\/agora.xtec.cat\/cfasantboi\/wp-json\/wp\/v2\/pages"}],"about":[{"href":"https:\/\/agora.xtec.cat\/cfasantboi\/wp-json\/wp\/v2\/types\/page"}],"author":[{"embeddable":true,"href":"https:\/\/agora.xtec.cat\/cfasantboi\/wp-json\/wp\/v2\/users\/2"}],"replies":[{"embeddable":true,"href":"https:\/\/agora.xtec.cat\/cfasantboi\/wp-json\/wp\/v2\/comments?post=303"}],"version-history":[{"count":6,"href":"https:\/\/agora.xtec.cat\/cfasantboi\/wp-json\/wp\/v2\/pages\/303\/revisions"}],"predecessor-version":[{"id":2467,"href":"https:\/\/agora.xtec.cat\/cfasantboi\/wp-json\/wp\/v2\/pages\/303\/revisions\/2467"}],"up":[{"embeddable":true,"href":"https:\/\/agora.xtec.cat\/cfasantboi\/wp-json\/wp\/v2\/pages\/283"}],"wp:attachment":[{"href":"https:\/\/agora.xtec.cat\/cfasantboi\/wp-json\/wp\/v2\/media?parent=303"}],"curies":[{"name":"wp","href":"https:\/\/api.w.org\/{rel}","templated":true}]}}

Graduat en educació secundaria per adults (GES)

<p style="text-align: center;"><iframe loading="lazy" src="https://www.youtube.com/embed/ywcKVgzoaJs" width="280" height="160" frameborder="0"><span data-mce-type="bookmark" style="display: inline-block; width: 0px; overflow: hidden; line-height: 0;" class="mce_SELRES_start">﻿</span></iframe></p>
<h3></h3>
<h3><strong><span style="text-decoration: underline;">El Graduat de la ESO (GES) per a adults està organitzat en dos cursos equivalents al 3er i el 4rt d&#8217; ESO.</span></strong></h3>
<p>La matrícula és trimestral i l&#8217;ensenyament, presencial.</p>
<p>El torn del primer curs és de matí. Pel segon curs hi ha torns de matí, i tarda.</p>
<p>Poden accedir a aquests estudis totes les persones que tenen més de 18 anys o bé els compleixen durant l&#8217;any natural en què inicien la formació.</p>
<p>També hi poden accedir les persones que tenen 16 anys o bé els compleixen durant l&#8217;any natural en què inicien la formació si es compleix alguna de les circumstàncies següents:</p>
<ul>
<li>Si per raons laborals no poden seguir els estudis de règim ordinari .</li>
<li>Estan en procés d&#8217;obtenir un permís de treball</li>
<li>Són esportistes d&#8217;alt rendiment que no poden incorporar-se al sistema educatiu ordinari</li>
<li>Cursen o han cursat programes de qualificació professional inicial.</li>
<li>Participo en el programa “Joves per l’ocupació”.</li>
</ul>
<p>Som també Centre de suport de L&#8217;IOC per a la gent que vulgui obtenir el títol a distància.</p>
<p>Per a més informació, consulta <a href="https://triaeducativa.gencat.cat/ca/al-llarg-vida/geso/" target="_blank" rel="noopener noreferrer">Educació Secundària Obligatòria per a Adults</a></p>

<p>﻿</p>
<p>El Graduat de la ESO (GES) per a adults està organitzat en dos cursos equivalents al 3er i el 4rt d&#8217; ESO.<br />
La matrícula és trimestral i l&#8217;ensenyament, presencial.<br />
El torn del primer curs és de matí. Pel segon curs hi ha torns de matí, i tarda.<br />
Poden&hellip;  <a href="https://agora.xtec.cat/cfasantboi/ensenyaments/ensenyaments-inicials-i-formacio-basica/graduat-en-educacio-secundaria-per-adults/" title="Read Graduat en educació secundaria per adults (GES)">Llegeix més»</a></p>
