{"id":2515,"date":"2023-06-22T16:19:02","date_gmt":"2023-06-22T14:19:02","guid":{"rendered":"https:\/\/agora.xtec.cat\/cfasanfeliu\/?page_id=2515"},"modified":"2024-05-07T15:38:52","modified_gmt":"2024-05-07T13:38:52","slug":"estudis-ensenyaments","status":"publish","type":"page","link":"https:\/\/agora.xtec.cat\/cfasanfeliu\/estudis-ensenyaments\/","title":{"rendered":"Estudis \/ Ensenyaments"},"content":{"rendered":"<p class=\"cvGsUA direction-ltr align-end para-style-body\"><span class=\"OYPEnA text-decoration-none text-strikethrough-none\">Llengua catalana:<\/span><\/p>\n<p class=\"cvGsUA direction-ltr align-end para-style-body\"><span class=\"OYPEnA text-decoration-none text-strikethrough-none\">Nivells 1, 2 i 3, que corresponen als nivells A1, A2 i B1 del MECR (Marc europeu com\u00fa de refer\u00e8ncia per a les lleng\u00fces), respectivament. <\/span><span class=\"OYPEnA text-decoration-none text-strikethrough-none\">Curs anual de setembre a juny.<\/span><\/p>\n<p class=\"cvGsUA direction-ltr align-end para-style-body\"><span class=\"OYPEnA text-decoration-none text-strikethrough-none\">Llengua castellana:<\/span><\/p>\n<p class=\"cvGsUA direction-ltr align-end para-style-body\"><span class=\"OYPEnA text-decoration-none text-strikethrough-none\">Nivells 1, 2 i 3, que corresponen als nivells A1, A2 i B1 del MECR (Marc europeu com\u00fa de refer\u00e8ncia per a les lleng\u00fces), respectivament. Curs anual de setembre a juny.<\/span><\/p>\n<p class=\"cvGsUA direction-ltr align-end para-style-body\"><span class=\"OYPEnA text-decoration-none text-strikethrough-none\">Llengua anglesa:<\/span><\/p>\n<p class=\"cvGsUA direction-ltr align-end para-style-body\"><span class=\"OYPEnA text-decoration-none text-strikethrough-none\">Nivells 1, 2 i 3, que corresponen als nivells A1, A2.1 i A2.2 del MECRL (Marc Europeu Com\u00fa de Refer\u00e8ncia per a les Lleng\u00fces). <\/span><span class=\"OYPEnA text-decoration-none text-strikethrough-none\">Curs anual de setembre a juny.<\/span><\/p>\n<p class=\"cvGsUA direction-ltr align-end para-style-body\"><span class=\"OYPEnA text-decoration-none text-strikethrough-none\">Graduat en ESO: Aquests estudis permeten obtenir el t\u00edtol de graduat o graduada en educaci\u00f3 secund\u00e0ria obligat\u00f2ria (GESO) en 2 cursos (1r i 2n). M\u00f2duls trimestrals (3 trimestres) de setembre a juny.<\/span><\/p>\n<p class=\"cvGsUA direction-ltr align-end para-style-body\"><span class=\"OYPEnA text-decoration-none text-strikethrough-none\">Fornmaci\u00f3 Instrumental 1 i 2:<\/span><\/p>\n<p class=\"cvGsUA direction-ltr align-end para-style-body\"><span class=\"OYPEnA text-decoration-none text-strikethrough-none\">Coneixements b\u00e0sics de llengua catalana i castellana, matem\u00e0tiques, medi i coneixements b\u00e0sics d\u2019inform\u00e0tica. Nivells 1 i 2. <\/span><span class=\"OYPEnA text-decoration-none text-strikethrough-none\">Curs anual de setembre a juny.<\/span><\/p>\n<p>COMPETIC (inform\u00e0tica)<\/p>\n<p class=\"cvGsUA direction-ltr align-start para-style-body\"><span class=\"OYPEnA text-decoration-none text-strikethrough-none\">Ensenyament d\u2019inform\u00e0tica. <\/span><span class=\"OYPEnA text-decoration-none text-strikethrough-none\">Els certificats de superaci\u00f3 dels cursos de COMPETIC 1, 2 i 3 equivalen als certificats ACTIC b\u00e0sic, mitj\u00e0 i avan\u00e7at, respectivament. Curs<\/span> <span class=\"OYPEnA text-decoration-none text-strikethrough-none\">de setembre a juny (nivell 1 i 2) i trimestral (nivell 3).<\/span><\/p>\n<p>&nbsp;<\/p>\n","protected":false},"excerpt":{"rendered":"<p>Llengua catalana:<br \/>\nNivells 1, 2 i 3, que corresponen als nivells A1, A2 i B1 del MECR (Marc europeu com\u00fa de refer\u00e8ncia per a les lleng\u00fces), respectivament. Curs anual de setembre a juny.<br \/>\nLlengua castellana:<br \/>\nNivells 1, 2 i 3, que corresponen als nivells A1, A2 i B1&hellip;  <a href=\"https:\/\/agora.xtec.cat\/cfasanfeliu\/estudis-ensenyaments\/\" title=\"Read Estudis \/ Ensenyaments\">Llegeix m\u00e9s\u00bb<\/a><\/p>\n","protected":false},"author":1,"featured_media":0,"parent":0,"menu_order":0,"comment_status":"closed","ping_status":"closed","template":"","meta":{"_bbp_topic_count":0,"_bbp_reply_count":0,"_bbp_total_topic_count":0,"_bbp_total_reply_count":0,"_bbp_voice_count":0,"_bbp_anonymous_reply_count":0,"_bbp_topic_count_hidden":0,"_bbp_reply_count_hidden":0,"_bbp_forum_subforum_count":0,"footnotes":""},"class_list":["post-2515","page","type-page","status-publish","hentry"],"post_mailing_queue_ids":[],"_links":{"self":[{"href":"https:\/\/agora.xtec.cat\/cfasanfeliu\/wp-json\/wp\/v2\/pages\/2515","targetHints":{"allow":["GET"]}}],"collection":[{"href":"https:\/\/agora.xtec.cat\/cfasanfeliu\/wp-json\/wp\/v2\/pages"}],"about":[{"href":"https:\/\/agora.xtec.cat\/cfasanfeliu\/wp-json\/wp\/v2\/types\/page"}],"author":[{"embeddable":true,"href":"https:\/\/agora.xtec.cat\/cfasanfeliu\/wp-json\/wp\/v2\/users\/1"}],"replies":[{"embeddable":true,"href":"https:\/\/agora.xtec.cat\/cfasanfeliu\/wp-json\/wp\/v2\/comments?post=2515"}],"version-history":[{"count":4,"href":"https:\/\/agora.xtec.cat\/cfasanfeliu\/wp-json\/wp\/v2\/pages\/2515\/revisions"}],"predecessor-version":[{"id":3138,"href":"https:\/\/agora.xtec.cat\/cfasanfeliu\/wp-json\/wp\/v2\/pages\/2515\/revisions\/3138"}],"wp:attachment":[{"href":"https:\/\/agora.xtec.cat\/cfasanfeliu\/wp-json\/wp\/v2\/media?parent=2515"}],"curies":[{"name":"wp","href":"https:\/\/api.w.org\/{rel}","templated":true}]}}