{"id":39,"date":"2014-09-17T16:36:44","date_gmt":"2014-09-17T16:36:44","guid":{"rendered":"http:\/\/agora.xtec.cat\/cfasalvadordali\/?page_id=39"},"modified":"2024-01-23T10:35:55","modified_gmt":"2024-01-23T09:35:55","slug":"instal%c2%b7lacions","status":"publish","type":"page","link":"https:\/\/agora.xtec.cat\/cfasalvadordali\/el-centre\/instal%c2%b7lacions\/","title":{"rendered":"Instal\u00b7lacions"},"content":{"rendered":"<p>El nostre CFPA disposa, dins del CP, d\u2019un espai propi, anomenat \u00c0rea Educativa. La tamb\u00e9<br \/>\nanomenada escola, que comparteix amb el centre penitenciari 8 aules, la Biblioteca central<br \/>\ndel CP, una aula de tractament, i una aula del Punt \u00d2mnia, espais dels quals l\u2019escola en<br \/>\ndeterminats casos tamb\u00e9 comparteix. A m\u00e9s en totes les unitats de vida o m\u00f2duls,<br \/>\nresidencials hi ha una aula anomenada escola on tamb\u00e9 s\u2019imparteix part de l\u2019oferta<br \/>\nformativa aprovada pel Departament d\u2019Ensenyament (inclosa l\u2019atenci\u00f3 a la diversitat).<\/p>\n","protected":false},"excerpt":{"rendered":"<p>El nostre CFPA disposa, dins del CP, d\u2019un espai propi, anomenat \u00c0rea Educativa. La tamb\u00e9<br \/>\nanomenada escola, que comparteix amb el centre penitenciari 8 aules, la Biblioteca central<br \/>\ndel CP, una aula de tractament, i una aula del Punt \u00d2mnia, espais dels quals l\u2019escola en<br \/>\ndeterminats casos tamb\u00e9&hellip;  <a href=\"https:\/\/agora.xtec.cat\/cfasalvadordali\/el-centre\/instal%c2%b7lacions\/\" title=\"Read Instal\u00b7lacions\">Llegeix m\u00e9s\u00bb<\/a><\/p>\n","protected":false},"author":1,"featured_media":0,"parent":261,"menu_order":30,"comment_status":"closed","ping_status":"closed","template":"page-templates\/side-menu.php","meta":{"_bbp_topic_count":0,"_bbp_reply_count":0,"_bbp_total_topic_count":0,"_bbp_total_reply_count":0,"_bbp_voice_count":0,"_bbp_anonymous_reply_count":0,"_bbp_topic_count_hidden":0,"_bbp_reply_count_hidden":0,"_bbp_forum_subforum_count":0,"footnotes":""},"class_list":["post-39","page","type-page","status-publish","hentry"],"post_mailing_queue_ids":[],"_links":{"self":[{"href":"https:\/\/agora.xtec.cat\/cfasalvadordali\/wp-json\/wp\/v2\/pages\/39","targetHints":{"allow":["GET"]}}],"collection":[{"href":"https:\/\/agora.xtec.cat\/cfasalvadordali\/wp-json\/wp\/v2\/pages"}],"about":[{"href":"https:\/\/agora.xtec.cat\/cfasalvadordali\/wp-json\/wp\/v2\/types\/page"}],"author":[{"embeddable":true,"href":"https:\/\/agora.xtec.cat\/cfasalvadordali\/wp-json\/wp\/v2\/users\/1"}],"replies":[{"embeddable":true,"href":"https:\/\/agora.xtec.cat\/cfasalvadordali\/wp-json\/wp\/v2\/comments?post=39"}],"version-history":[{"count":4,"href":"https:\/\/agora.xtec.cat\/cfasalvadordali\/wp-json\/wp\/v2\/pages\/39\/revisions"}],"predecessor-version":[{"id":2602,"href":"https:\/\/agora.xtec.cat\/cfasalvadordali\/wp-json\/wp\/v2\/pages\/39\/revisions\/2602"}],"up":[{"embeddable":true,"href":"https:\/\/agora.xtec.cat\/cfasalvadordali\/wp-json\/wp\/v2\/pages\/261"}],"wp:attachment":[{"href":"https:\/\/agora.xtec.cat\/cfasalvadordali\/wp-json\/wp\/v2\/media?parent=39"}],"curies":[{"name":"wp","href":"https:\/\/api.w.org\/{rel}","templated":true}]}}

<p>El nostre CFPA disposa, dins del CP, d’un espai propi, anomenat Àrea Educativa. La també<br />
anomenada escola, que comparteix amb el centre penitenciari 8 aules, la Biblioteca central<br />
del CP, una aula de tractament, i una aula del Punt Òmnia, espais dels quals l’escola en<br />
determinats casos també comparteix. A més en totes les unitats de vida o mòduls,<br />
residencials hi ha una aula anomenada escola on també s’imparteix part de l’oferta<br />
formativa aprovada pel Departament d’Ensenyament (inclosa l’atenció a la diversitat).</p>

<p>El nostre CFPA disposa, dins del CP, d’un espai propi, anomenat Àrea Educativa. La també<br />
anomenada escola, que comparteix amb el centre penitenciari 8 aules, la Biblioteca central<br />
del CP, una aula de tractament, i una aula del Punt Òmnia, espais dels quals l’escola en<br />
determinats casos també&hellip;  <a href="https://agora.xtec.cat/cfasalvadordali/el-centre/instal%c2%b7lacions/" title="Read Instal·lacions">Llegeix més»</a></p>
