{"id":316,"date":"2015-01-28T11:33:51","date_gmt":"2015-01-28T10:33:51","guid":{"rendered":"http:\/\/agora.xtec.cat\/cfasalvadordali\/?page_id=316"},"modified":"2018-01-24T15:16:05","modified_gmt":"2018-01-24T14:16:05","slug":"competencia-digital-competic","status":"publish","type":"page","link":"https:\/\/agora.xtec.cat\/cfasalvadordali\/ensenyaments\/ensenyaments-transprofessionals\/competencia-digital-competic\/","title":{"rendered":"Compet\u00e8ncia digital COMPETIC"},"content":{"rendered":"<p>A la nostra escola, actualment, oferim<\/p>\n<p style=\"text-align: center;\"><strong>COMPETIC INICIAL<\/strong><\/p>\n<p style=\"text-align: center;\"><strong>COMPETIC 1<\/strong><\/p>\n<p style=\"text-align: center;\"><strong>COMPETIC 2<\/strong><\/p>\n<p style=\"text-align: left;\">Els horaris dels diferents grups de COMPETIC s\u00f3n aquests:<\/p>\n<table style=\"height: 283px;\" width=\"809\">\n<tbody>\n<tr>\n<td style=\"width: 130px; text-align: center;\"><\/td>\n<td style=\"width: 157px; text-align: center;\">DILLUNS<\/td>\n<td style=\"width: 101px; text-align: center;\">DIMARTS<\/td>\n<td style=\"width: 158px; text-align: center;\">DIMECRES<\/td>\n<td style=\"width: 88px; text-align: center;\">DIJOUS<\/td>\n<td style=\"width: 159px; text-align: center;\">DIVENDRES<\/td>\n<\/tr>\n<tr>\n<td style=\"width: 130px; text-align: center;\">9:00 a 11:00<\/td>\n<td style=\"width: 157px; text-align: center;\">C1 (mat\u00ed)<\/td>\n<td style=\"width: 101px; text-align: center;\"><\/td>\n<td style=\"width: 158px; text-align: center;\">C1 (mat\u00ed)<\/td>\n<td style=\"width: 88px; text-align: center;\"><\/td>\n<td style=\"width: 159px; text-align: center;\"><\/td>\n<\/tr>\n<tr>\n<td style=\"width: 130px; text-align: center;\">11:00 a 13:00<\/td>\n<td style=\"width: 157px; text-align: center;\">C2<\/p>\n<p>C INICIAL (mat\u00ed)<\/td>\n<td style=\"width: 101px; text-align: center;\"><\/td>\n<td style=\"width: 158px; text-align: center;\">C2<\/p>\n<p>C INICIAL (mat\u00ed)<\/td>\n<td style=\"width: 88px; text-align: center;\"><\/td>\n<td style=\"width: 159px; text-align: center;\"><\/td>\n<\/tr>\n<tr>\n<td style=\"width: 130px; text-align: center;\">15:30 a 17:30<\/td>\n<td style=\"width: 157px; text-align: center;\">C1 (tarda)<\/p>\n<p>C INICIAL (tarda)<\/td>\n<td style=\"width: 101px; text-align: center;\"><\/td>\n<td style=\"width: 158px; text-align: center;\">C1 (tarda)<\/p>\n<p>C INICIAL (tarda)<\/td>\n<td style=\"width: 88px; text-align: center;\"><\/td>\n<td style=\"width: 159px; text-align: center;\"><\/td>\n<\/tr>\n<tr>\n<td style=\"width: 130px; text-align: center;\">17:30 a 19:30<\/td>\n<td style=\"width: 157px; text-align: center;\"><\/td>\n<td style=\"width: 101px; text-align: center;\"><\/td>\n<td style=\"width: 158px; text-align: center;\"><\/td>\n<td style=\"width: 88px; text-align: center;\"><\/td>\n<td style=\"width: 159px; text-align: center;\"><\/td>\n<\/tr>\n<\/tbody>\n<\/table>\n<p>Disposem de dues aules d&#8217;ordinadors pel desenvolupament de les classes. Aules dotades amb 30 ordinadors de sobre taula.<\/p>\n<p>A m\u00e9s a m\u00e9s, disposem d&#8217;una aula m\u00f2bil amb 12 ordinadors port\u00e0tils d&#8217;\u00faltima generaci\u00f3.<\/p>\n<p>Per certificar un dels nivells, i per tant poder accedir al seg\u00fcent, cal realitzar correctament un projecte final, que comptant amb l&#8217;avaluaci\u00f3 continuada donar\u00e0 l&#8217;avaluaci\u00f3 final del curs. Aquest projecte final englobar\u00e0 totes les compet\u00e8ncies treballades durant el curs.<\/p>\n<p>Aqu\u00ed tens el curr\u00edculum oficial dels estudis de COMPETIC, i diferent normativa que et pot interessar si vols cursar aquests estudis.<\/p>\n<p><a href=\"http:\/\/educacio.gencat.cat\/documents\/IPCNormativa\/DisposicionsInternes\/Resolucio_competic.pdf\">RESOLUCI\u00d3 de 14 de juny de 2016 de modificaci\u00f3 de la Resoluci\u00f3 de 19 de juny de 2012, per la qual s\u2019estableixen els curr\u00edculums dels ensenyaments d\u2019inform\u00e0tica d\u2019aplicaci\u00f3 a la xarxa de centres i aules de formaci\u00f3 de persones adultes dependents del Departament d\u2019Ensenyament i els centres municipals autoritzats pel Departament. <\/a><\/p>\n<p><a href=\"http:\/\/educacio.gencat.cat\/documents\/PC\/ComunicacionsCentres\/Curriculums_ensenyaments_informatica.pdf\">RESOLUCI\u00d3 de 19 de juny de 2012, per la qual s\u2019estableixen els curr\u00edculums dels ensenyaments d\u2019inform\u00e0tica d\u2019aplicaci\u00f3 als centres i aules de formaci\u00f3 de persones adultes, que depenen del Departament d\u2019Ensenyament.<\/a><\/p>\n<p><a href=\"http:\/\/portaldogc.gencat.cat\/utilsEADOP\/PDF\/6614\/1352624.pdf\">RESOLUCI\u00d3 ENS\/924\/2014, de 23 d&#8217;abril, per la qual s&#8217;estableix el procediment d&#8217;avaluaci\u00f3 i certificaci\u00f3 dels ensenyaments de compet\u00e8ncia digital a l&#8217;educaci\u00f3 d&#8217;adults.<\/a><\/p>\n<p><a href=\"http:\/\/portaldogc.gencat.cat\/utilsEADOP\/PDF\/7450A\/1633404.pdf\">ORDRE PRE\/206\/2017, de 4 de setembre, de reconeixement de l&#8217;equival\u00e8ncia entre els certificats de compet\u00e8ncia digital de l&#8217;educaci\u00f3 de persones adultes (COMPETIC) i els certificats d&#8217;acreditaci\u00f3 de compet\u00e8ncies en tecnologies de la informaci\u00f3 i la comunicaci\u00f3 (ACTIC).<\/a><\/p>\n","protected":false},"excerpt":{"rendered":"<p>A la nostra escola, actualment, oferim<br \/>\nCOMPETIC INICIAL<br \/>\nCOMPETIC 1<br \/>\nCOMPETIC 2<br \/>\nEls horaris dels diferents grups de COMPETIC s\u00f3n aquests:<\/p>\n<p>DILLUNS<br \/>\nDIMARTS<br \/>\nDIMECRES<br \/>\nDIJOUS<br \/>\nDIVENDRES<\/p>\n<p>9:00 a 11:00<br \/>\nC1 (mat\u00ed)<\/p>\n<p>C1 (mat\u00ed)<\/p>\n<p>11:00 a 13:00<br \/>\nC2<br \/>\nC INICIAL (mat\u00ed)<\/p>\n<p>C2<br \/>\nC INICIAL (mat\u00ed)<\/p>\n<p>15:30 a 17:30<br \/>\nC1 (tarda)<br \/>\nC INICIAL (tarda)<\/p>\n<p>C1 (tarda)<br \/>\nC INICIAL (tarda)<\/p>\n<p>17:30 a 19:30<\/p>\n<p>Disposem de dues aules d&#8217;ordinadors pel desenvolupament de les&hellip;  <a href=\"https:\/\/agora.xtec.cat\/cfasalvadordali\/ensenyaments\/ensenyaments-transprofessionals\/competencia-digital-competic\/\" title=\"Read Compet\u00e8ncia digital COMPETIC\">Llegeix m\u00e9s\u00bb<\/a><\/p>\n","protected":false},"author":2,"featured_media":0,"parent":286,"menu_order":0,"comment_status":"closed","ping_status":"closed","template":"page-templates\/side-menu.php","meta":{"_bbp_topic_count":0,"_bbp_reply_count":0,"_bbp_total_topic_count":0,"_bbp_total_reply_count":0,"_bbp_voice_count":0,"_bbp_anonymous_reply_count":0,"_bbp_topic_count_hidden":0,"_bbp_reply_count_hidden":0,"_bbp_forum_subforum_count":0,"footnotes":""},"class_list":["post-316","page","type-page","status-publish","hentry"],"post_mailing_queue_ids":[],"_links":{"self":[{"href":"https:\/\/agora.xtec.cat\/cfasalvadordali\/wp-json\/wp\/v2\/pages\/316","targetHints":{"allow":["GET"]}}],"collection":[{"href":"https:\/\/agora.xtec.cat\/cfasalvadordali\/wp-json\/wp\/v2\/pages"}],"about":[{"href":"https:\/\/agora.xtec.cat\/cfasalvadordali\/wp-json\/wp\/v2\/types\/page"}],"author":[{"embeddable":true,"href":"https:\/\/agora.xtec.cat\/cfasalvadordali\/wp-json\/wp\/v2\/users\/2"}],"replies":[{"embeddable":true,"href":"https:\/\/agora.xtec.cat\/cfasalvadordali\/wp-json\/wp\/v2\/comments?post=316"}],"version-history":[{"count":3,"href":"https:\/\/agora.xtec.cat\/cfasalvadordali\/wp-json\/wp\/v2\/pages\/316\/revisions"}],"predecessor-version":[{"id":662,"href":"https:\/\/agora.xtec.cat\/cfasalvadordali\/wp-json\/wp\/v2\/pages\/316\/revisions\/662"}],"up":[{"embeddable":true,"href":"https:\/\/agora.xtec.cat\/cfasalvadordali\/wp-json\/wp\/v2\/pages\/286"}],"wp:attachment":[{"href":"https:\/\/agora.xtec.cat\/cfasalvadordali\/wp-json\/wp\/v2\/media?parent=316"}],"curies":[{"name":"wp","href":"https:\/\/api.w.org\/{rel}","templated":true}]}}

Competència digital COMPETIC

<p>A la nostra escola, actualment, oferim</p>
<p style="text-align: center;"><strong>COMPETIC INICIAL</strong></p>
<p style="text-align: center;"><strong>COMPETIC 1</strong></p>
<p style="text-align: center;"><strong>COMPETIC 2</strong></p>
<p style="text-align: left;">Els horaris dels diferents grups de COMPETIC són aquests:</p>
<table style="height: 283px;" width="809">
<tbody>
<tr>
<td style="width: 130px; text-align: center;"></td>
<td style="width: 157px; text-align: center;">DILLUNS</td>
<td style="width: 101px; text-align: center;">DIMARTS</td>
<td style="width: 158px; text-align: center;">DIMECRES</td>
<td style="width: 88px; text-align: center;">DIJOUS</td>
<td style="width: 159px; text-align: center;">DIVENDRES</td>
</tr>
<tr>
<td style="width: 130px; text-align: center;">9:00 a 11:00</td>
<td style="width: 157px; text-align: center;">C1 (matí)</td>
<td style="width: 101px; text-align: center;"></td>
<td style="width: 158px; text-align: center;">C1 (matí)</td>
<td style="width: 88px; text-align: center;"></td>
<td style="width: 159px; text-align: center;"></td>
</tr>
<tr>
<td style="width: 130px; text-align: center;">11:00 a 13:00</td>
<td style="width: 157px; text-align: center;">C2</p>
<p>C INICIAL (matí)</td>
<td style="width: 101px; text-align: center;"></td>
<td style="width: 158px; text-align: center;">C2</p>
<p>C INICIAL (matí)</td>
<td style="width: 88px; text-align: center;"></td>
<td style="width: 159px; text-align: center;"></td>
</tr>
<tr>
<td style="width: 130px; text-align: center;">15:30 a 17:30</td>
<td style="width: 157px; text-align: center;">C1 (tarda)</p>
<p>C INICIAL (tarda)</td>
<td style="width: 101px; text-align: center;"></td>
<td style="width: 158px; text-align: center;">C1 (tarda)</p>
<p>C INICIAL (tarda)</td>
<td style="width: 88px; text-align: center;"></td>
<td style="width: 159px; text-align: center;"></td>
</tr>
<tr>
<td style="width: 130px; text-align: center;">17:30 a 19:30</td>
<td style="width: 157px; text-align: center;"></td>
<td style="width: 101px; text-align: center;"></td>
<td style="width: 158px; text-align: center;"></td>
<td style="width: 88px; text-align: center;"></td>
<td style="width: 159px; text-align: center;"></td>
</tr>
</tbody>
</table>
<p>Disposem de dues aules d&#8217;ordinadors pel desenvolupament de les classes. Aules dotades amb 30 ordinadors de sobre taula.</p>
<p>A més a més, disposem d&#8217;una aula mòbil amb 12 ordinadors portàtils d&#8217;última generació.</p>
<p>Per certificar un dels nivells, i per tant poder accedir al següent, cal realitzar correctament un projecte final, que comptant amb l&#8217;avaluació continuada donarà l&#8217;avaluació final del curs. Aquest projecte final englobarà totes les competències treballades durant el curs.</p>
<p>Aquí tens el currículum oficial dels estudis de COMPETIC, i diferent normativa que et pot interessar si vols cursar aquests estudis.</p>
<p><a href="http://educacio.gencat.cat/documents/IPCNormativa/DisposicionsInternes/Resolucio_competic.pdf">RESOLUCIÓ de 14 de juny de 2016 de modificació de la Resolució de 19 de juny de 2012, per la qual s’estableixen els currículums dels ensenyaments d’informàtica d’aplicació a la xarxa de centres i aules de formació de persones adultes dependents del Departament d’Ensenyament i els centres municipals autoritzats pel Departament. </a></p>
<p><a href="http://educacio.gencat.cat/documents/PC/ComunicacionsCentres/Curriculums_ensenyaments_informatica.pdf">RESOLUCIÓ de 19 de juny de 2012, per la qual s’estableixen els currículums dels ensenyaments d’informàtica d’aplicació als centres i aules de formació de persones adultes, que depenen del Departament d’Ensenyament.</a></p>
<p><a href="http://portaldogc.gencat.cat/utilsEADOP/PDF/6614/1352624.pdf">RESOLUCIÓ ENS/924/2014, de 23 d&#8217;abril, per la qual s&#8217;estableix el procediment d&#8217;avaluació i certificació dels ensenyaments de competència digital a l&#8217;educació d&#8217;adults.</a></p>
<p><a href="http://portaldogc.gencat.cat/utilsEADOP/PDF/7450A/1633404.pdf">ORDRE PRE/206/2017, de 4 de setembre, de reconeixement de l&#8217;equivalència entre els certificats de competència digital de l&#8217;educació de persones adultes (COMPETIC) i els certificats d&#8217;acreditació de competències en tecnologies de la informació i la comunicació (ACTIC).</a></p>

<p>A la nostra escola, actualment, oferim<br />
COMPETIC INICIAL<br />
COMPETIC 1<br />
COMPETIC 2<br />
Els horaris dels diferents grups de COMPETIC són aquests:</p>
<p>DILLUNS<br />
DIMARTS<br />
DIMECRES<br />
DIJOUS<br />
DIVENDRES</p>
<p>9:00 a 11:00<br />
C1 (matí)</p>
<p>C1 (matí)</p>
<p>11:00 a 13:00<br />
C2<br />
C INICIAL (matí)</p>
<p>C2<br />
C INICIAL (matí)</p>
<p>15:30 a 17:30<br />
C1 (tarda)<br />
C INICIAL (tarda)</p>
<p>C1 (tarda)<br />
C INICIAL (tarda)</p>
<p>17:30 a 19:30</p>
<p>Disposem de dues aules d&#8217;ordinadors pel desenvolupament de les&hellip;  <a href="https://agora.xtec.cat/cfasalvadordali/ensenyaments/ensenyaments-transprofessionals/competencia-digital-competic/" title="Read Competència digital COMPETIC">Llegeix més»</a></p>
