{"id":283,"date":"2015-01-28T11:06:17","date_gmt":"2015-01-28T10:06:17","guid":{"rendered":"http:\/\/agora.xtec.cat\/cfasalvadordali\/?page_id=283"},"modified":"2018-01-24T15:09:44","modified_gmt":"2018-01-24T14:09:44","slug":"ensenyaments-inicials-i-formacio-basica","status":"publish","type":"page","link":"https:\/\/agora.xtec.cat\/cfasalvadordali\/ensenyaments\/ensenyaments-inicials-i-formacio-basica\/","title":{"rendered":"Ensenyaments inicials i formaci\u00f3 b\u00e0sica"},"content":{"rendered":"<p><a href=\"http:\/\/agora.xtec.cat\/cfasalvadordali\/wp-content\/uploads\/usu363\/2015\/01\/idiomas-curso.jpg\"><img loading=\"lazy\" decoding=\"async\" class=\"wp-image-682 alignleft\" src=\"http:\/\/agora.xtec.cat\/cfasalvadordali\/wp-content\/uploads\/usu363\/2015\/01\/idiomas-curso.jpg\" alt=\"\" width=\"318\" height=\"318\" srcset=\"https:\/\/agora.xtec.cat\/cfasalvadordali\/wp-content\/uploads\/usu363\/2015\/01\/idiomas-curso.jpg 640w, https:\/\/agora.xtec.cat\/cfasalvadordali\/wp-content\/uploads\/usu363\/2015\/01\/idiomas-curso-150x150.jpg 150w, https:\/\/agora.xtec.cat\/cfasalvadordali\/wp-content\/uploads\/usu363\/2015\/01\/idiomas-curso-300x300.jpg 300w\" sizes=\"auto, (max-width: 318px) 100vw, 318px\" \/><\/a><\/p>\n<p>&nbsp;<\/p>\n<p>&nbsp;<\/p>\n<p><strong>\u00a0 \u00a0 \u00a0 \u00a0 \u00a0 \u00a0 \u00a0 \u00a0 \u00a0 \u00a0 Llengua catalana<\/strong><\/p>\n<p><strong>\u00a0 \u00a0 \u00a0 \u00a0 \u00a0 \u00a0 \u00a0 \u00a0 \u00a0 \u00a0 Llengua castellana<\/strong><\/p>\n<p>&nbsp;<\/p>\n<p>&nbsp;<\/p>\n<p>&nbsp;<\/p>\n<p><a href=\"http:\/\/agora.xtec.cat\/cfasalvadordali\/wp-content\/uploads\/usu363\/2015\/01\/baixa.jpg\"><img loading=\"lazy\" decoding=\"async\" class=\"wp-image-683 alignright\" src=\"http:\/\/agora.xtec.cat\/cfasalvadordali\/wp-content\/uploads\/usu363\/2015\/01\/baixa.jpg\" alt=\"\" width=\"382\" height=\"263\" \/><\/a><\/p>\n<p>&nbsp;<\/p>\n<p><strong>Formaci\u00f3 instrumental<\/strong><\/p>\n<p><strong>Graduat en educaci\u00f3 secund\u00e0ria per a persones adultes (GESO)<\/strong><\/p>\n<p><strong>Curs espec\u00edfic d&#8217;acc\u00e9s als cicles de grau mitj\u00e0<\/strong><\/p>\n<h4><\/h4>\n","protected":false},"excerpt":{"rendered":"<p><a href=\"http:\/\/agora.xtec.cat\/cfasalvadordali\/wp-content\/uploads\/usu363\/2015\/01\/idiomas-curso.jpg\"><\/a><br \/>\n&nbsp;<br \/>\n&nbsp;<br \/>\n\u00a0 \u00a0 \u00a0 \u00a0 \u00a0 \u00a0 \u00a0 \u00a0 \u00a0 \u00a0 Llengua catalana<br \/>\n\u00a0 \u00a0 \u00a0 \u00a0 \u00a0 \u00a0 \u00a0 \u00a0 \u00a0 \u00a0 Llengua castellana<br \/>\n&nbsp;<br \/>\n&nbsp;<br \/>\n&nbsp;<br \/>\n<a href=\"http:\/\/agora.xtec.cat\/cfasalvadordali\/wp-content\/uploads\/usu363\/2015\/01\/baixa.jpg\"><\/a><br \/>\n&nbsp;<br \/>\nFormaci\u00f3 instrumental<br \/>\nGraduat en educaci\u00f3 secund\u00e0ria per a persones adultes (GESO)<br \/>\nCurs espec\u00edfic d&#8217;acc\u00e9s als cicles de grau mitj\u00e0<\/p>\n","protected":false},"author":2,"featured_media":0,"parent":274,"menu_order":0,"comment_status":"closed","ping_status":"closed","template":"page-templates\/side-menu.php","meta":{"_bbp_topic_count":0,"_bbp_reply_count":0,"_bbp_total_topic_count":0,"_bbp_total_reply_count":0,"_bbp_voice_count":0,"_bbp_anonymous_reply_count":0,"_bbp_topic_count_hidden":0,"_bbp_reply_count_hidden":0,"_bbp_forum_subforum_count":0,"footnotes":""},"class_list":["post-283","page","type-page","status-publish","hentry"],"post_mailing_queue_ids":[],"_links":{"self":[{"href":"https:\/\/agora.xtec.cat\/cfasalvadordali\/wp-json\/wp\/v2\/pages\/283","targetHints":{"allow":["GET"]}}],"collection":[{"href":"https:\/\/agora.xtec.cat\/cfasalvadordali\/wp-json\/wp\/v2\/pages"}],"about":[{"href":"https:\/\/agora.xtec.cat\/cfasalvadordali\/wp-json\/wp\/v2\/types\/page"}],"author":[{"embeddable":true,"href":"https:\/\/agora.xtec.cat\/cfasalvadordali\/wp-json\/wp\/v2\/users\/2"}],"replies":[{"embeddable":true,"href":"https:\/\/agora.xtec.cat\/cfasalvadordali\/wp-json\/wp\/v2\/comments?post=283"}],"version-history":[{"count":3,"href":"https:\/\/agora.xtec.cat\/cfasalvadordali\/wp-json\/wp\/v2\/pages\/283\/revisions"}],"predecessor-version":[{"id":685,"href":"https:\/\/agora.xtec.cat\/cfasalvadordali\/wp-json\/wp\/v2\/pages\/283\/revisions\/685"}],"up":[{"embeddable":true,"href":"https:\/\/agora.xtec.cat\/cfasalvadordali\/wp-json\/wp\/v2\/pages\/274"}],"wp:attachment":[{"href":"https:\/\/agora.xtec.cat\/cfasalvadordali\/wp-json\/wp\/v2\/media?parent=283"}],"curies":[{"name":"wp","href":"https:\/\/api.w.org\/{rel}","templated":true}]}}

Ensenyaments inicials i formació bàsica

<p><a href="http://agora.xtec.cat/cfasalvadordali/wp-content/uploads/usu363/2015/01/idiomas-curso.jpg"><img loading="lazy" decoding="async" class="wp-image-682 alignleft" src="http://agora.xtec.cat/cfasalvadordali/wp-content/uploads/usu363/2015/01/idiomas-curso.jpg" alt="" width="318" height="318" srcset="https://agora.xtec.cat/cfasalvadordali/wp-content/uploads/usu363/2015/01/idiomas-curso.jpg 640w, https://agora.xtec.cat/cfasalvadordali/wp-content/uploads/usu363/2015/01/idiomas-curso-150x150.jpg 150w, https://agora.xtec.cat/cfasalvadordali/wp-content/uploads/usu363/2015/01/idiomas-curso-300x300.jpg 300w" sizes="auto, (max-width: 318px) 100vw, 318px" /></a></p>
<p>&nbsp;</p>
<p>&nbsp;</p>
<p><strong>                    Llengua catalana</strong></p>
<p><strong>                    Llengua castellana</strong></p>
<p>&nbsp;</p>
<p>&nbsp;</p>
<p>&nbsp;</p>
<p><a href="http://agora.xtec.cat/cfasalvadordali/wp-content/uploads/usu363/2015/01/baixa.jpg"><img loading="lazy" decoding="async" class="wp-image-683 alignright" src="http://agora.xtec.cat/cfasalvadordali/wp-content/uploads/usu363/2015/01/baixa.jpg" alt="" width="382" height="263" /></a></p>
<p>&nbsp;</p>
<p><strong>Formació instrumental</strong></p>
<p><strong>Graduat en educació secundària per a persones adultes (GESO)</strong></p>
<p><strong>Curs específic d&#8217;accés als cicles de grau mitjà</strong></p>
<h4></h4>

<p><a href="http://agora.xtec.cat/cfasalvadordali/wp-content/uploads/usu363/2015/01/idiomas-curso.jpg"></a><br />
&nbsp;<br />
&nbsp;<br />
                    Llengua catalana<br />
                    Llengua castellana<br />
&nbsp;<br />
&nbsp;<br />
&nbsp;<br />
<a href="http://agora.xtec.cat/cfasalvadordali/wp-content/uploads/usu363/2015/01/baixa.jpg"></a><br />
&nbsp;<br />
Formació instrumental<br />
Graduat en educació secundària per a persones adultes (GESO)<br />
Curs específic d&#8217;accés als cicles de grau mitjà</p>
