{"id":27,"date":"2014-09-17T16:24:03","date_gmt":"2014-09-17T16:24:03","guid":{"rendered":"http:\/\/agora.xtec.cat\/cfasalvadordali\/?page_id=27"},"modified":"2024-01-23T10:21:07","modified_gmt":"2024-01-23T09:21:07","slug":"historia","status":"publish","type":"page","link":"https:\/\/agora.xtec.cat\/cfasalvadordali\/el-centre\/historia\/","title":{"rendered":"Hist\u00f2ria"},"content":{"rendered":"<p style=\"text-align: center;\"><strong>LA NOSTRA HIST\u00d2RIA<\/strong><\/p>\n<p>El Centre Penitenciari Quatre Camins va n\u00e9ixer amb la intenci\u00f3 de canviar el model penitenciari que fins ara hi havia a l\u2019estat espanyol. Catalunya, a l\u2019obtenir les compet\u00e8ncies d\u2019execuci\u00f3 penal, va obrir Quatre Camins a l\u2019any 1989, el primer CP de la democr\u00e0cia. Aquest centre va ser innovador arquitect\u00f2nicament, ja que inclo\u00efa espais i zones que fins a aquest moment no es tenien en compte, com un poliesportiu descobert i un de cobert, aules i biblioteques a cada m\u00f2dul residencial, un m\u00f2dul d\u2019infermeria i una \u00c0rea Educativa (un espai propi per ubicar-hi una escola).<\/p>\n<p>La primera reuni\u00f3 oficial de l\u2019escola es va realitzar el 15 de novembre del 1989, abans que els interns arribessin al CP. Com en la majoria d\u2019escoles la primera direcci\u00f3 docent va ser establerta pel propi departament de just\u00edcia, i el claustre estava format per 5 mestres, una auxiliar administrativa i una bibliotec\u00e0ria. Inicialment la nostra escola nom\u00e9s tenia tres aules, un despatx per als mestres, un per a la direcci\u00f3 docent, una biblioteca i un lavabo d\u2019homes i un de dones.<\/p>\n<p>El primer curs escolar va ser el 1989-1990 en horari de mat\u00ed i es seguia el curr\u00edculum de la Formaci\u00f3 B\u00e0sica d\u2019Adults del departament de Benestar Social. La primera oferta formativa constava dels ensenyaments de primer, segon i tercer cicle: lleng\u00fces (catal\u00e0, castell\u00e0 i franc\u00e8s), coneixement del medi (ci\u00e8ncies naturals i socials) i matem\u00e0tiques. Al febrer del 1990 es va incorporar una mestra itinerant per realitzar les entrevistes d\u2019ingr\u00e9s als nous interns. Les mat\u00e8ries s\u2019 impartien en llengua catalana i llengua castellana.<\/p>\n<p>Al curs 1990-1991 es van incorporar dos mestres m\u00e9s al claustre i a mig curs es va produir el relleu en la direcci\u00f3 docent. A l\u2019AE es donaven classes a un grup d\u2019alfabetitzaci\u00f3, a un grup de neolectors i a un grup de castell\u00e0 per a estrangers. Hi havia, tamb\u00e9, una aula laboratori. Els mestres que feien classes dins dels m\u00f2duls residencials, tenien els grups de certificat i els de graduat. A trav\u00e9s del departament de Pol\u00edtica Ling\u00fc\u00edstica, dos mestres feien catal\u00e0 per a castellanoparlants, per a catalanoparlants i per a estrangers.<\/p>\n<p>Com que el nombre d\u2019interns i d\u2019 alumnes augmenta, tamb\u00e9 ho fa el nombre de docents:<\/p>\n<ul>\n<li>El curs 1991-92, el claustre era de 10 mestres, el director docent i la bibliotec\u00e0ria. S\u2019inicien les classes de pregraduat. i un grup de preparaci\u00f3 per a la prova de maduresa de FP d\u2019electricitat. S\u2019incorpora l\u2019associaci\u00f3 AUXILIA per realitzar cursos d\u2019angl\u00e8s, franc\u00e8s, itali\u00e0, catal\u00e0, castell\u00e0 i dibuix.<\/li>\n<li>El curs 1995-96, el claustre era de 13 mestres i al seg\u00fcent curs ja va augmentar fins a 16 docents.<\/li>\n<li>L\u2019any 1999, hi va haver convocat\u00f2ria d\u2019oposicions a mestres d\u2019institucions penitenciaries, resultat de les quals va ser la consolidaci\u00f3 de la plantilla amb 16 places i es va passar a formar part del cos de mestres.<\/li>\n<li>Al 2004 s\u2019incorporen tres professors de secund\u00e0ria per impartir els nivells de Graduat en Educaci\u00f3 Secund\u00e0ria, un professor per cada \u00e0mbit (\u00e0mbit de la comunicaci\u00f3, \u00e0mbit social i \u00e0mbit cient\u00edficotecnol\u00f2gic)<\/li>\n<\/ul>\n<p>Al finalitzar el curs 2005-2006 es donen de baixa els dos mestres de catal\u00e0 que hi havia contractats mitjan\u00e7ant el conveni amb Pol\u00edtica Ling\u00fc\u00edstica del Departament de Cultura.<\/p>\n<p>El curs 2006-07, la nostra escola esdev\u00e9 Centre de Formaci\u00f3 de Persones Adultes segons decret 325\/2006 i s\u2019adopta l\u2019estructura organitzativa (equip directiu i coordinadors) i educativa (EiB, FB, Compet\u00e8ncies per a la societat de la informaci\u00f3) pr\u00f2pies dels Centres de Formaci\u00f3 d\u2019Adults.<\/p>\n<p>El curs 2009-10, els CFAs dels centre penitenciaris passen a ser compet\u00e8ncia del Departament d\u2019Educaci\u00f3. El curs 2010-11, es realitza el primer proc\u00e9s selectiu de Director Docent i es crea el Consell Escolar (desembre del 2010).<\/p>\n","protected":false},"excerpt":{"rendered":"<p>LA NOSTRA HIST\u00d2RIA<br \/>\nEl Centre Penitenciari Quatre Camins va n\u00e9ixer amb la intenci\u00f3 de canviar el model penitenciari que fins ara hi havia a l\u2019estat espanyol. Catalunya, a l\u2019obtenir les compet\u00e8ncies d\u2019execuci\u00f3 penal, va obrir Quatre Camins a l\u2019any 1989, el primer CP de la democr\u00e0cia.&hellip;  <a href=\"https:\/\/agora.xtec.cat\/cfasalvadordali\/el-centre\/historia\/\" title=\"Read Hist\u00f2ria\">Llegeix m\u00e9s\u00bb<\/a><\/p>\n","protected":false},"author":1,"featured_media":0,"parent":261,"menu_order":20,"comment_status":"closed","ping_status":"closed","template":"page-templates\/side-menu.php","meta":{"_bbp_topic_count":0,"_bbp_reply_count":0,"_bbp_total_topic_count":0,"_bbp_total_reply_count":0,"_bbp_voice_count":0,"_bbp_anonymous_reply_count":0,"_bbp_topic_count_hidden":0,"_bbp_reply_count_hidden":0,"_bbp_forum_subforum_count":0,"footnotes":""},"class_list":["post-27","page","type-page","status-publish","hentry"],"post_mailing_queue_ids":[],"_links":{"self":[{"href":"https:\/\/agora.xtec.cat\/cfasalvadordali\/wp-json\/wp\/v2\/pages\/27","targetHints":{"allow":["GET"]}}],"collection":[{"href":"https:\/\/agora.xtec.cat\/cfasalvadordali\/wp-json\/wp\/v2\/pages"}],"about":[{"href":"https:\/\/agora.xtec.cat\/cfasalvadordali\/wp-json\/wp\/v2\/types\/page"}],"author":[{"embeddable":true,"href":"https:\/\/agora.xtec.cat\/cfasalvadordali\/wp-json\/wp\/v2\/users\/1"}],"replies":[{"embeddable":true,"href":"https:\/\/agora.xtec.cat\/cfasalvadordali\/wp-json\/wp\/v2\/comments?post=27"}],"version-history":[{"count":4,"href":"https:\/\/agora.xtec.cat\/cfasalvadordali\/wp-json\/wp\/v2\/pages\/27\/revisions"}],"predecessor-version":[{"id":2601,"href":"https:\/\/agora.xtec.cat\/cfasalvadordali\/wp-json\/wp\/v2\/pages\/27\/revisions\/2601"}],"up":[{"embeddable":true,"href":"https:\/\/agora.xtec.cat\/cfasalvadordali\/wp-json\/wp\/v2\/pages\/261"}],"wp:attachment":[{"href":"https:\/\/agora.xtec.cat\/cfasalvadordali\/wp-json\/wp\/v2\/media?parent=27"}],"curies":[{"name":"wp","href":"https:\/\/api.w.org\/{rel}","templated":true}]}}

Història

<p style="text-align: center;"><strong>LA NOSTRA HISTÒRIA</strong></p>
<p>El Centre Penitenciari Quatre Camins va néixer amb la intenció de canviar el model penitenciari que fins ara hi havia a l’estat espanyol. Catalunya, a l’obtenir les competències d’execució penal, va obrir Quatre Camins a l’any 1989, el primer CP de la democràcia. Aquest centre va ser innovador arquitectònicament, ja que incloïa espais i zones que fins a aquest moment no es tenien en compte, com un poliesportiu descobert i un de cobert, aules i biblioteques a cada mòdul residencial, un mòdul d’infermeria i una Àrea Educativa (un espai propi per ubicar-hi una escola).</p>
<p>La primera reunió oficial de l’escola es va realitzar el 15 de novembre del 1989, abans que els interns arribessin al CP. Com en la majoria d’escoles la primera direcció docent va ser establerta pel propi departament de justícia, i el claustre estava format per 5 mestres, una auxiliar administrativa i una bibliotecària. Inicialment la nostra escola només tenia tres aules, un despatx per als mestres, un per a la direcció docent, una biblioteca i un lavabo d’homes i un de dones.</p>
<p>El primer curs escolar va ser el 1989-1990 en horari de matí i es seguia el currículum de la Formació Bàsica d’Adults del departament de Benestar Social. La primera oferta formativa constava dels ensenyaments de primer, segon i tercer cicle: llengües (català, castellà i francès), coneixement del medi (ciències naturals i socials) i matemàtiques. Al febrer del 1990 es va incorporar una mestra itinerant per realitzar les entrevistes d’ingrés als nous interns. Les matèries s’ impartien en llengua catalana i llengua castellana.</p>
<p>Al curs 1990-1991 es van incorporar dos mestres més al claustre i a mig curs es va produir el relleu en la direcció docent. A l’AE es donaven classes a un grup d’alfabetització, a un grup de neolectors i a un grup de castellà per a estrangers. Hi havia, també, una aula laboratori. Els mestres que feien classes dins dels mòduls residencials, tenien els grups de certificat i els de graduat. A través del departament de Política Lingüística, dos mestres feien català per a castellanoparlants, per a catalanoparlants i per a estrangers.</p>
<p>Com que el nombre d’interns i d’ alumnes augmenta, també ho fa el nombre de docents:</p>
<ul>
<li>El curs 1991-92, el claustre era de 10 mestres, el director docent i la bibliotecària. S’inicien les classes de pregraduat. i un grup de preparació per a la prova de maduresa de FP d’electricitat. S’incorpora l’associació AUXILIA per realitzar cursos d’anglès, francès, italià, català, castellà i dibuix.</li>
<li>El curs 1995-96, el claustre era de 13 mestres i al següent curs ja va augmentar fins a 16 docents.</li>
<li>L’any 1999, hi va haver convocatòria d’oposicions a mestres d’institucions penitenciaries, resultat de les quals va ser la consolidació de la plantilla amb 16 places i es va passar a formar part del cos de mestres.</li>
<li>Al 2004 s’incorporen tres professors de secundària per impartir els nivells de Graduat en Educació Secundària, un professor per cada àmbit (àmbit de la comunicació, àmbit social i àmbit científicotecnològic)</li>
</ul>
<p>Al finalitzar el curs 2005-2006 es donen de baixa els dos mestres de català que hi havia contractats mitjançant el conveni amb Política Lingüística del Departament de Cultura.</p>
<p>El curs 2006-07, la nostra escola esdevé Centre de Formació de Persones Adultes segons decret 325/2006 i s’adopta l’estructura organitzativa (equip directiu i coordinadors) i educativa (EiB, FB, Competències per a la societat de la informació) pròpies dels Centres de Formació d’Adults.</p>
<p>El curs 2009-10, els CFAs dels centre penitenciaris passen a ser competència del Departament d’Educació. El curs 2010-11, es realitza el primer procés selectiu de Director Docent i es crea el Consell Escolar (desembre del 2010).</p>

<p>LA NOSTRA HISTÒRIA<br />
El Centre Penitenciari Quatre Camins va néixer amb la intenció de canviar el model penitenciari que fins ara hi havia a l’estat espanyol. Catalunya, a l’obtenir les competències d’execució penal, va obrir Quatre Camins a l’any 1989, el primer CP de la democràcia.&hellip;  <a href="https://agora.xtec.cat/cfasalvadordali/el-centre/historia/" title="Read Història">Llegeix més»</a></p>
