{"id":709,"date":"2024-07-15T10:52:22","date_gmt":"2024-07-15T08:52:22","guid":{"rendered":"https:\/\/agora.xtec.cat\/cfarouregros\/?page_id=709"},"modified":"2024-10-10T16:00:12","modified_gmt":"2024-10-10T14:00:12","slug":"contacte","status":"publish","type":"page","link":"https:\/\/agora.xtec.cat\/cfarouregros\/pagina-dinici-buida\/contacte\/","title":{"rendered":"Contacte i ubicaci\u00f3"},"content":{"rendered":"<p>Estem ubicats al centre de Caldes de Montbui, amb f\u00e0cil acc\u00e9s i un espai preparat per acollir els nostres estudiants en un entorn d\u2019aprenentatge agradable i c\u00f2mode. No dubtis a contactar amb nosaltres per obtenir m\u00e9s informaci\u00f3 sobre els nostres cursos i serveis.<\/p>\n<ul>\n<li><strong>Adre\u00e7a:<\/strong><br \/>\nCarrer Gregori Montserrat, 4, 1a planta<br \/>\n08140 Caldes de Montbui<\/li>\n<li><strong>Tel\u00e8fon:<\/strong><br \/>\n93 115 10 66<\/li>\n<li><strong>Correu Electr\u00f2nic:<\/strong><br \/>\n<a href=\"mailto:eadults@caldesdemontbui.cat\" rel=\"noopener\">eadults@caldesdemontbui.cat<\/a><\/li>\n<li><strong>P\u00e0gina Web:<\/strong><br \/>\n<a href=\"https:\/\/agora.xtec.cat\/cfarouregros\" target=\"_new\" rel=\"noopener\">agora.xtec.cat\/cfarouregros<\/a><\/li>\n<\/ul>\n<p><iframe loading=\"lazy\" style=\"border: 0;\" src=\"https:\/\/www.google.com\/maps\/embed?pb=!1m18!1m12!1m3!1d581.4802581095585!2d2.1638176695599363!3d41.63090510059982!2m3!1f0!2f0!3f0!3m2!1i1024!2i768!4f13.1!3m3!1m2!1s0x12a4c1c7fe58fd27%3A0x99c646926a1fa034!2sCarrer%20de%20Gregori%20Montserrat%2C%204%2C%2008140%20Caldes%20de%20Montbui%2C%20Barcelona!5e1!3m2!1ses!2ses!4v1728561135851!5m2!1ses!2ses\" width=\"400\" height=\"300\" allowfullscreen=\"allowfullscreen\"><\/iframe><\/p>\n","protected":false},"excerpt":{"rendered":"<p>Estem ubicats al centre de Caldes de Montbui, amb f\u00e0cil acc\u00e9s i un espai preparat per acollir els nostres estudiants en un entorn d\u2019aprenentatge agradable i c\u00f2mode. No dubtis a contactar amb nosaltres per obtenir m\u00e9s informaci\u00f3 sobre els nostres cursos i serveis.<\/p>\n<ul>\n<li>Adre\u00e7a:<br \/>\nCarrer Gregori Montserrat,&hellip;  <a href=\"https:\/\/agora.xtec.cat\/cfarouregros\/pagina-dinici-buida\/contacte\/\" title=\"Read Contacte i ubicaci\u00f3\">Llegeix m\u00e9s\u00bb<\/a><\/p>\n","protected":false},"author":3,"featured_media":0,"parent":9,"menu_order":0,"comment_status":"closed","ping_status":"closed","template":"","meta":{"footnotes":""},"class_list":["post-709","page","type-page","status-publish","hentry"],"post_mailing_queue_ids":[],"_links":{"self":[{"href":"https:\/\/agora.xtec.cat\/cfarouregros\/wp-json\/wp\/v2\/pages\/709","targetHints":{"allow":["GET"]}}],"collection":[{"href":"https:\/\/agora.xtec.cat\/cfarouregros\/wp-json\/wp\/v2\/pages"}],"about":[{"href":"https:\/\/agora.xtec.cat\/cfarouregros\/wp-json\/wp\/v2\/types\/page"}],"author":[{"embeddable":true,"href":"https:\/\/agora.xtec.cat\/cfarouregros\/wp-json\/wp\/v2\/users\/3"}],"replies":[{"embeddable":true,"href":"https:\/\/agora.xtec.cat\/cfarouregros\/wp-json\/wp\/v2\/comments?post=709"}],"version-history":[{"count":4,"href":"https:\/\/agora.xtec.cat\/cfarouregros\/wp-json\/wp\/v2\/pages\/709\/revisions"}],"predecessor-version":[{"id":853,"href":"https:\/\/agora.xtec.cat\/cfarouregros\/wp-json\/wp\/v2\/pages\/709\/revisions\/853"}],"up":[{"embeddable":true,"href":"https:\/\/agora.xtec.cat\/cfarouregros\/wp-json\/wp\/v2\/pages\/9"}],"wp:attachment":[{"href":"https:\/\/agora.xtec.cat\/cfarouregros\/wp-json\/wp\/v2\/media?parent=709"}],"curies":[{"name":"wp","href":"https:\/\/api.w.org\/{rel}","templated":true}]}}