{"id":703,"date":"2024-07-11T19:22:05","date_gmt":"2024-07-11T17:22:05","guid":{"rendered":"https:\/\/agora.xtec.cat\/cfarouregros\/?page_id=703"},"modified":"2024-10-10T16:21:23","modified_gmt":"2024-10-10T14:21:23","slug":"calendari-dinscripcions-i-matriculacio","status":"publish","type":"page","link":"https:\/\/agora.xtec.cat\/cfarouregros\/pagina-dinici-buida\/calendari-dinscripcions-i-matriculacio\/","title":{"rendered":"Calendari"},"content":{"rendered":"<p><strong>Calendari Anual i de Classes per al Curs 2024-2025<\/strong><\/p>\n<p>Organitzem les nostres classes seguint un calendari acad\u00e8mic que inclou tant els dies lectius com les festes. A m\u00e9s, cada curs i m\u00f2dul t\u00e9 un per\u00edode d&#8217;inici i final per facilitar l&#8217;organitzaci\u00f3 dels nostres estudiants. A continuaci\u00f3, trobar\u00e0s el calendari anual de dies de classe i festes, aix\u00ed com el calendari detallat per m\u00f2duls.<\/p>\n<hr \/>\n<p><strong>1. Calendari Anual<\/strong><\/p>\n<p>Indica els dies de classe i les festes del curs. Pren nota de les vacances i festius per aquest any acad\u00e8mic:<\/p>\n<ul>\n<li><strong>Inici de Curs:<\/strong> 16 de setembre de 2024<\/li>\n<li><strong>Vacances de Nadal:<\/strong> del 21 de desembre de 2024 al 7 de gener de 2025<\/li>\n<li><strong>Vacances de Setmana Santa:<\/strong> del 12 al 21 d&#8217;abril de 2025<\/li>\n<li><strong>Final de Curs:<\/strong> 18 de juny de 2025<\/li>\n<li><strong>Festes Locals:<\/strong> 14 d\u2019octubre de 2024 i 9 de juny de 2025<\/li>\n<li><strong>Dies de Lliure Disposici\u00f3:<\/strong> 9 de desembre de 2024, 7 de febrer de 2025, 3 de mar\u00e7 de 2025, i 2 de maig de 2025<\/li>\n<li><strong>Dies Festius a Catalunya:<\/strong> 1 de maig de 2025<\/li>\n<\/ul>\n<hr \/>\n<p><strong>2. Calendari de Classes per M\u00f2duls<\/strong><\/p>\n<p>Cada m\u00f2dul t\u00e9 el seu propi calendari segons el quadrimestre. Aqu\u00ed tens una vista dels cursos m\u00e9s destacats:<\/p>\n<p>Primer Quadrimestre<\/p>\n<ul>\n<li><strong>M\u00f2bils i Tauletes 1:<\/strong> dimecres de 9:30 a 11:00, del 18 de setembre de 2024 al 29 de gener de 2025.<\/li>\n<li><strong>Dones Artistes:<\/strong> dilluns de 17:15 a 18:45, del 16 de setembre de 2024 al 27 de gener de 2025.<\/li>\n<li><strong>\u00das i Gesti\u00f3 de la Informaci\u00f3 al N\u00favol:<\/strong> dimarts i dijous de 17:15 a 18:45, del 17 de setembre de 2024 al 30 de gener de 2025.<\/li>\n<\/ul>\n<p>Segon Quadrimestre<\/p>\n<ul>\n<li><strong>Ofim\u00e0tica Col\u00b7laborativa al N\u00favol:<\/strong> dimarts i dijous de 17:15 a 18:45, del 6 de febrer al 17 de juny de 2025.<\/li>\n<li><strong>Preparaci\u00f3 Obtenci\u00f3 Nacionalitat Espanyola:<\/strong> dilluns i dimecres de 18:45 a 20:15, del 5 de febrer al 18 de juny de 2025.<\/li>\n<li><strong>Alemany 1:<\/strong> dijous de 18:45 a 20:15, del 9 de gener al 19 de juny de 2025.<\/li>\n<\/ul>\n<p><strong>Nota:<\/strong> Alguns cursos tenen llistes d\u2019espera. Si est\u00e0s interessat en un curs complet, pots apuntar-te i ser\u00e0s notificat si hi ha disponibilitat.<\/p>\n","protected":false},"excerpt":{"rendered":"<p>Calendari Anual i de Classes per al Curs 2024-2025<br \/>\nOrganitzem les nostres classes seguint un calendari acad\u00e8mic que inclou tant els dies lectius com les festes. A m\u00e9s, cada curs i m\u00f2dul t\u00e9 un per\u00edode d&#8217;inici i final per facilitar l&#8217;organitzaci\u00f3 dels nostres estudiants. A continuaci\u00f3,&hellip;  <a href=\"https:\/\/agora.xtec.cat\/cfarouregros\/pagina-dinici-buida\/calendari-dinscripcions-i-matriculacio\/\" title=\"Read Calendari\">Llegeix m\u00e9s\u00bb<\/a><\/p>\n","protected":false},"author":3,"featured_media":0,"parent":9,"menu_order":0,"comment_status":"closed","ping_status":"closed","template":"","meta":{"footnotes":""},"class_list":["post-703","page","type-page","status-publish","hentry"],"post_mailing_queue_ids":[],"_links":{"self":[{"href":"https:\/\/agora.xtec.cat\/cfarouregros\/wp-json\/wp\/v2\/pages\/703","targetHints":{"allow":["GET"]}}],"collection":[{"href":"https:\/\/agora.xtec.cat\/cfarouregros\/wp-json\/wp\/v2\/pages"}],"about":[{"href":"https:\/\/agora.xtec.cat\/cfarouregros\/wp-json\/wp\/v2\/types\/page"}],"author":[{"embeddable":true,"href":"https:\/\/agora.xtec.cat\/cfarouregros\/wp-json\/wp\/v2\/users\/3"}],"replies":[{"embeddable":true,"href":"https:\/\/agora.xtec.cat\/cfarouregros\/wp-json\/wp\/v2\/comments?post=703"}],"version-history":[{"count":5,"href":"https:\/\/agora.xtec.cat\/cfarouregros\/wp-json\/wp\/v2\/pages\/703\/revisions"}],"predecessor-version":[{"id":855,"href":"https:\/\/agora.xtec.cat\/cfarouregros\/wp-json\/wp\/v2\/pages\/703\/revisions\/855"}],"up":[{"embeddable":true,"href":"https:\/\/agora.xtec.cat\/cfarouregros\/wp-json\/wp\/v2\/pages\/9"}],"wp:attachment":[{"href":"https:\/\/agora.xtec.cat\/cfarouregros\/wp-json\/wp\/v2\/media?parent=703"}],"curies":[{"name":"wp","href":"https:\/\/api.w.org\/{rel}","templated":true}]}}