{"id":303,"date":"2015-01-28T11:23:05","date_gmt":"2015-01-28T10:23:05","guid":{"rendered":"http:\/\/agora.xtec.cat\/cfamaspelli\/?page_id=303"},"modified":"2022-05-23T18:06:14","modified_gmt":"2022-05-23T16:06:14","slug":"graduat-en-educacio-secundaria-per-adults","status":"publish","type":"page","link":"https:\/\/agora.xtec.cat\/cfareus\/ensenyaments\/ensenyaments-inicials-i-formacio-basica\/graduat-en-educacio-secundaria-per-adults\/","title":{"rendered":"Graduat en educaci\u00f3 secund\u00e0ria per a adults (GESO)"},"content":{"rendered":"<h2><a href=\"https:\/\/agora.xtec.cat\/cfareus\/wp-content\/uploads\/usu1320\/2022\/05\/ges.png\"><img loading=\"lazy\" decoding=\"async\" class=\" wp-image-2225 alignnone\" src=\"https:\/\/agora.xtec.cat\/cfareus\/wp-content\/uploads\/usu1320\/2022\/05\/ges.png\" alt=\"\" width=\"1367\" height=\"212\" srcset=\"https:\/\/agora.xtec.cat\/cfareus\/wp-content\/uploads\/usu1320\/2022\/05\/ges.png 980w, https:\/\/agora.xtec.cat\/cfareus\/wp-content\/uploads\/usu1320\/2022\/05\/ges-300x47.png 300w, https:\/\/agora.xtec.cat\/cfareus\/wp-content\/uploads\/usu1320\/2022\/05\/ges-768x119.png 768w\" sizes=\"auto, (max-width: 1367px) 100vw, 1367px\" \/><\/a><\/h2>\n<h2>Descripci\u00f3<\/h2>\n<p>Aquests estudis permeten obtenir el t\u00edtol de graduat o graduada en <strong>educaci\u00f3 secund\u00e0ria obligat\u00f2ria<\/strong> (ESO).<\/p>\n<h2>Continguts<\/h2>\n<p><span style=\"color: #444444;\">Els ensenyaments per a l&#8217;obtenci\u00f3 del t\u00edtol d&#8217;ESO consisteixen en 34 m\u00f2duls trimestrals. <\/span>La durada normal d&#8217;aquests estudis \u00e9s de 2 anys,\u00a0 es poden reduir a menys de 2 anys:<\/p>\n<ul>\n<li style=\"list-style-type: none;\">\n<ul>\n<li>Convalidacions d&#8217;estudis anteriors.<\/li>\n<li>Superar una prova de nivell.<\/li>\n<\/ul>\n<\/li>\n<\/ul>\n<h1><strong style=\"font-family: inherit; font-size: 1em;\"><span style=\"color: #444444;\"><span style=\"font-family: Open Sans, Arial, Helvetica, sans-serif;\"><span style=\"font-size: medium;\"><u><b><a href=\"https:\/\/agora.xtec.cat\/cfareus\/wp-content\/uploads\/usu1320\/2022\/05\/moduls.png\"><img loading=\"lazy\" decoding=\"async\" class=\"wp-image-2216 alignnone\" src=\"https:\/\/agora.xtec.cat\/cfareus\/wp-content\/uploads\/usu1320\/2022\/05\/moduls.png\" alt=\"\" width=\"821\" height=\"480\" srcset=\"https:\/\/agora.xtec.cat\/cfareus\/wp-content\/uploads\/usu1320\/2022\/05\/moduls.png 1024w, https:\/\/agora.xtec.cat\/cfareus\/wp-content\/uploads\/usu1320\/2022\/05\/moduls-300x175.png 300w, https:\/\/agora.xtec.cat\/cfareus\/wp-content\/uploads\/usu1320\/2022\/05\/moduls-768x449.png 768w\" sizes=\"auto, (max-width: 821px) 100vw, 821px\" \/><\/a><\/b><\/u><\/span><\/span><\/span><\/strong><\/h1>\n<h2>Acc\u00e9s<\/h2>\n<p><span style=\"color: #444444;\">Amb car\u00e0cter general, per accedir a l&#8217;educaci\u00f3 d&#8217;adults cal tenir <strong>18 anys<\/strong>, o b\u00e9 complir-los durant l&#8217;any natural en qu\u00e8 s&#8217;inicia la formaci\u00f3.<\/span><\/p>\n<p><span style=\"color: #444444;\"><span style=\"font-family: Open Sans, Arial, Helvetica, sans-serif;\"><span style=\"font-size: medium;\">Tamb\u00e9 hi poden accedir les persones m\u00e9s grans de 16 anys o que els compleixin durant l&#8217;any natural en qu\u00e8 inicien la formaci\u00f3 si es troben en alguna de les situacions seg\u00fcents:<\/span><\/span><\/span><\/p>\n<ul>\n<li style=\"list-style-type: none;\">\n<ul>\n<li><span style=\"color: #444444;\"><span style=\"font-family: Open Sans, Arial, Helvetica, sans-serif;\"><span style=\"font-size: medium;\">Tenen un contracte laboral que els impedeixi assistir als centres educatius en r\u00e8gim ordinari.<\/span><\/span><\/span><\/li>\n<li><span style=\"color: #444444;\"><span style=\"font-family: Open Sans, Arial, Helvetica, sans-serif;\"><span style=\"font-size: medium;\">Es troben en proc\u00e9s d&#8217;obtenci\u00f3 d\u2019un perm\u00eds de treball.<\/span><\/span><\/span><\/li>\n<li><span style=\"color: #444444;\"><span style=\"font-family: Open Sans, Arial, Helvetica, sans-serif;\"><span style=\"font-size: medium;\">S\u00f3n esportistes d&#8217;alt rendiment.<\/span><\/span><\/span><\/li>\n<li><span style=\"color: #444444;\"><span style=\"font-family: Open Sans, Arial, Helvetica, sans-serif;\"><span style=\"font-size: medium;\">Han cursat o estan cursant els programes post obligatoris de formaci\u00f3 i inserci\u00f3 i volen cursar, en paral\u00b7lel, els ensenyaments d&#8217;educaci\u00f3 secund\u00e0ria obligat\u00f2ria per a adults.<\/span><\/span><\/span><\/li>\n<li><span style=\"color: #444444;\"><span style=\"font-family: Open Sans, Arial, Helvetica, sans-serif;\"><span style=\"font-size: medium;\">Participen en el programa d&#8217;experi\u00e8ncia professional per a l&#8217;ocupaci\u00f3 juvenil a Catalunya \u201cJoves per l&#8217;ocupaci\u00f3\u201d.<\/span><\/span><\/span><\/li>\n<\/ul>\n<\/li>\n<\/ul>\n","protected":false},"excerpt":{"rendered":"<p><a href=\"https:\/\/agora.xtec.cat\/cfareus\/wp-content\/uploads\/usu1320\/2022\/05\/ges.png\"><\/a><br \/>\nDescripci\u00f3<br \/>\nAquests estudis permeten obtenir el t\u00edtol de graduat o graduada en educaci\u00f3 secund\u00e0ria obligat\u00f2ria (ESO).<br \/>\nContinguts<br \/>\nEls ensenyaments per a l&#8217;obtenci\u00f3 del t\u00edtol d&#8217;ESO consisteixen en 34 m\u00f2duls trimestrals. La durada normal d&#8217;aquests estudis \u00e9s de 2 anys,\u00a0 es poden reduir a menys de 2 anys:<\/p>\n<ul>\n<li&hellip;  <a href=\"https:\/\/agora.xtec.cat\/cfareus\/ensenyaments\/ensenyaments-inicials-i-formacio-basica\/graduat-en-educacio-secundaria-per-adults\/\" title=\"Read Graduat en educaci\u00f3 secund\u00e0ria per a adults (GESO)\">Llegeix m\u00e9s\u00bb<\/a><\/p>\n","protected":false},"author":1,"featured_media":0,"parent":283,"menu_order":0,"comment_status":"closed","ping_status":"closed","template":"page-templates\/side-menu.php","meta":{"_bbp_topic_count":0,"_bbp_reply_count":0,"_bbp_total_topic_count":0,"_bbp_total_reply_count":0,"_bbp_voice_count":0,"_bbp_anonymous_reply_count":0,"_bbp_topic_count_hidden":0,"_bbp_reply_count_hidden":0,"_bbp_forum_subforum_count":0,"footnotes":""},"class_list":["post-303","page","type-page","status-publish","hentry"],"post_mailing_queue_ids":[],"_links":{"self":[{"href":"https:\/\/agora.xtec.cat\/cfareus\/wp-json\/wp\/v2\/pages\/303","targetHints":{"allow":["GET"]}}],"collection":[{"href":"https:\/\/agora.xtec.cat\/cfareus\/wp-json\/wp\/v2\/pages"}],"about":[{"href":"https:\/\/agora.xtec.cat\/cfareus\/wp-json\/wp\/v2\/types\/page"}],"author":[{"embeddable":true,"href":"https:\/\/agora.xtec.cat\/cfareus\/wp-json\/wp\/v2\/users\/1"}],"replies":[{"embeddable":true,"href":"https:\/\/agora.xtec.cat\/cfareus\/wp-json\/wp\/v2\/comments?post=303"}],"version-history":[{"count":2,"href":"https:\/\/agora.xtec.cat\/cfareus\/wp-json\/wp\/v2\/pages\/303\/revisions"}],"predecessor-version":[{"id":2226,"href":"https:\/\/agora.xtec.cat\/cfareus\/wp-json\/wp\/v2\/pages\/303\/revisions\/2226"}],"up":[{"embeddable":true,"href":"https:\/\/agora.xtec.cat\/cfareus\/wp-json\/wp\/v2\/pages\/283"}],"wp:attachment":[{"href":"https:\/\/agora.xtec.cat\/cfareus\/wp-json\/wp\/v2\/media?parent=303"}],"curies":[{"name":"wp","href":"https:\/\/api.w.org\/{rel}","templated":true}]}}

Graduat en educació secundària per a adults (GESO)

<h2><a href="https://agora.xtec.cat/cfareus/wp-content/uploads/usu1320/2022/05/ges.png"><img loading="lazy" decoding="async" class=" wp-image-2225 alignnone" src="https://agora.xtec.cat/cfareus/wp-content/uploads/usu1320/2022/05/ges.png" alt="" width="1367" height="212" srcset="https://agora.xtec.cat/cfareus/wp-content/uploads/usu1320/2022/05/ges.png 980w, https://agora.xtec.cat/cfareus/wp-content/uploads/usu1320/2022/05/ges-300x47.png 300w, https://agora.xtec.cat/cfareus/wp-content/uploads/usu1320/2022/05/ges-768x119.png 768w" sizes="auto, (max-width: 1367px) 100vw, 1367px" /></a></h2>
<h2>Descripció</h2>
<p>Aquests estudis permeten obtenir el títol de graduat o graduada en <strong>educació secundària obligatòria</strong> (ESO).</p>
<h2>Continguts</h2>
<p><span style="color: #444444;">Els ensenyaments per a l&#8217;obtenció del títol d&#8217;ESO consisteixen en 34 mòduls trimestrals. </span>La durada normal d&#8217;aquests estudis és de 2 anys,  es poden reduir a menys de 2 anys:</p>
<ul>
<li style="list-style-type: none;">
<ul>
<li>Convalidacions d&#8217;estudis anteriors.</li>
<li>Superar una prova de nivell.</li>
</ul>
</li>
</ul>
<h1><strong style="font-family: inherit; font-size: 1em;"><span style="color: #444444;"><span style="font-family: Open Sans, Arial, Helvetica, sans-serif;"><span style="font-size: medium;"><u><b><a href="https://agora.xtec.cat/cfareus/wp-content/uploads/usu1320/2022/05/moduls.png"><img loading="lazy" decoding="async" class="wp-image-2216 alignnone" src="https://agora.xtec.cat/cfareus/wp-content/uploads/usu1320/2022/05/moduls.png" alt="" width="821" height="480" srcset="https://agora.xtec.cat/cfareus/wp-content/uploads/usu1320/2022/05/moduls.png 1024w, https://agora.xtec.cat/cfareus/wp-content/uploads/usu1320/2022/05/moduls-300x175.png 300w, https://agora.xtec.cat/cfareus/wp-content/uploads/usu1320/2022/05/moduls-768x449.png 768w" sizes="auto, (max-width: 821px) 100vw, 821px" /></a></b></u></span></span></span></strong></h1>
<h2>Accés</h2>
<p><span style="color: #444444;">Amb caràcter general, per accedir a l&#8217;educació d&#8217;adults cal tenir <strong>18 anys</strong>, o bé complir-los durant l&#8217;any natural en què s&#8217;inicia la formació.</span></p>
<p><span style="color: #444444;"><span style="font-family: Open Sans, Arial, Helvetica, sans-serif;"><span style="font-size: medium;">També hi poden accedir les persones més grans de 16 anys o que els compleixin durant l&#8217;any natural en què inicien la formació si es troben en alguna de les situacions següents:</span></span></span></p>
<ul>
<li style="list-style-type: none;">
<ul>
<li><span style="color: #444444;"><span style="font-family: Open Sans, Arial, Helvetica, sans-serif;"><span style="font-size: medium;">Tenen un contracte laboral que els impedeixi assistir als centres educatius en règim ordinari.</span></span></span></li>
<li><span style="color: #444444;"><span style="font-family: Open Sans, Arial, Helvetica, sans-serif;"><span style="font-size: medium;">Es troben en procés d&#8217;obtenció d’un permís de treball.</span></span></span></li>
<li><span style="color: #444444;"><span style="font-family: Open Sans, Arial, Helvetica, sans-serif;"><span style="font-size: medium;">Són esportistes d&#8217;alt rendiment.</span></span></span></li>
<li><span style="color: #444444;"><span style="font-family: Open Sans, Arial, Helvetica, sans-serif;"><span style="font-size: medium;">Han cursat o estan cursant els programes post obligatoris de formació i inserció i volen cursar, en paral·lel, els ensenyaments d&#8217;educació secundària obligatòria per a adults.</span></span></span></li>
<li><span style="color: #444444;"><span style="font-family: Open Sans, Arial, Helvetica, sans-serif;"><span style="font-size: medium;">Participen en el programa d&#8217;experiència professional per a l&#8217;ocupació juvenil a Catalunya “Joves per l&#8217;ocupació”.</span></span></span></li>
</ul>
</li>
</ul>

<p><a href="https://agora.xtec.cat/cfareus/wp-content/uploads/usu1320/2022/05/ges.png"></a><br />
Descripció<br />
Aquests estudis permeten obtenir el títol de graduat o graduada en educació secundària obligatòria (ESO).<br />
Continguts<br />
Els ensenyaments per a l&#8217;obtenció del títol d&#8217;ESO consisteixen en 34 mòduls trimestrals. La durada normal d&#8217;aquests estudis és de 2 anys,  es poden reduir a menys de 2 anys:</p>
<ul>
<li&hellip;  <a href="https://agora.xtec.cat/cfareus/ensenyaments/ensenyaments-inicials-i-formacio-basica/graduat-en-educacio-secundaria-per-adults/" title="Read Graduat en educació secundària per a adults (GESO)">Llegeix més»</a></p>
