{"id":288,"date":"2015-01-28T11:08:02","date_gmt":"2015-01-28T10:08:02","guid":{"rendered":"http:\/\/agora.xtec.cat\/cfarafaelfarre\/\/?page_id=288"},"modified":"2025-09-29T16:02:29","modified_gmt":"2025-09-29T14:02:29","slug":"ensenyaments-per-a-la-preparacio-de-proves-dacces","status":"publish","type":"page","link":"https:\/\/agora.xtec.cat\/cfarafaelfarre\/ensenyaments\/ensenyaments-per-a-la-preparacio-de-proves-dacces\/","title":{"rendered":"Preparaci\u00f3 de proves d&#8217;acc\u00e9s"},"content":{"rendered":"<h4 class=\"western\"><a href=\"https:\/\/agora.xtec.cat\/cfarafaelfarre\/ensenyaments\/ensenyaments-per-a-la-preparacio-de-proves-dacces\/cas\/\">Curs de Formaci\u00f3 Preparatori per a l&#8217;Acc\u00e9s a Cicles Formatius de Grau Superior<\/a><\/h4>\n<p>Aquests estudis permeten a les persones que el superen l&#8217;acc\u00e9s directe als cicles de grau superior de formaci\u00f3 professional. En el cas dels ensenyaments professionals d&#8217;arts pl\u00e0stiques i disseny, permetr\u00e0 l&#8217;exempci\u00f3 de la part comuna de la prova d&#8217;acc\u00e9s. Per a l&#8217;acc\u00e9s als ensenyaments esportius de r\u00e8gim especial, comporta l&#8217;exempci\u00f3 de la prova d&#8217;acc\u00e9s de car\u00e0cter general de la prova d&#8217;acc\u00e9s a cicles de grau superior.<\/p>\n<p>El curs t\u00e9 dues parts: la part comuna i la part espec\u00edfica. L&#8217;alumne o alumna ha de cursar totes les mat\u00e8ries de la part comuna i dues mat\u00e8ries de la part espec\u00edfica. La part espec\u00edfica t\u00e9 quatre opcions: A, B, C i D. Les mat\u00e8ries de cada una d\u2019aquestes opcions s\u00f3n les seg\u00fcents:<\/p>\n<ol>\n<li>Dibuix t\u00e8cnic, F\u00edsica i Tecnologia industrial.<\/li>\n<li><strong>Biologia<\/strong>, Ci\u00e8ncies de la Terra i del medi ambient, i <strong>Qu\u00edmica<\/strong>.<\/li>\n<li><strong>Economia de l&#8217;empresa<\/strong>, <strong>Geografia<\/strong>, i Psicologia i sociologia.<\/li>\n<li>Educaci\u00f3 f\u00edsica i una de les mat\u00e8ries seg\u00fcents: <strong style=\"font-family: inherit; font-size: 1em;\">Biologia<\/strong><span style=\"font-family: inherit; font-size: 1em;\">, Ci\u00e8ncies de la Terra i del Medi Ambient o <\/span><strong style=\"font-family: inherit; font-size: 1em;\">Qu\u00edmica<\/strong><span style=\"font-family: inherit; font-size: 1em;\">.<\/span><\/li>\n<\/ol>\n<h4 class=\"western\"><a href=\"https:\/\/agora.xtec.cat\/cfarafaelfarre\/ensenyaments\/ensenyaments-per-a-la-preparacio-de-proves-dacces\/a-cicles-formatius-de-grau-superior\/\">Acc\u00e9s a Cicles Formatius de Grau Superior<\/a><\/h4>\n<p>Curs de preparaci\u00f3 de la prova d\u2019acc\u00e9s als Cicles Formatius de Grau Superior. Cal tenir 19 anys l\u2019any de realitzaci\u00f3 de la prova.<\/p>\n<p>Preparem totes les proves comunes (Catal\u00e0, Castell\u00e0, Angl\u00e8s i Matem\u00e0tiques) i les seg\u00fcents espec\u00edfiques:<\/p>\n<table style=\"height: 396px; width: 525px;\">\n<tbody>\n<tr style=\"height: 33px;\">\n<td style=\"height: 33px; width: 258.5px; text-align: center;\"><strong>Fam\u00edlies Grau Superior<\/strong><\/td>\n<td style=\"height: 33px; width: 258.5px; text-align: center;\"><strong>Proves espec\u00edfiques<\/strong><\/td>\n<\/tr>\n<tr style=\"height: 33px;\">\n<td style=\"height: 33px; width: 258.5px;\">Administraci\u00f3 i gesti\u00f3<\/td>\n<td style=\"height: 165px; width: 258.5px;\" rowspan=\"5\">Geografia<\/p>\n<p>Economia i Organitzaci\u00f3 d\u2019Empreses<\/td>\n<\/tr>\n<tr style=\"height: 33px;\">\n<td style=\"height: 33px; width: 258.5px;\">Comer\u00e7 i m\u00e0rqueting<\/td>\n<\/tr>\n<tr style=\"height: 33px;\">\n<td style=\"height: 33px; width: 258.5px;\">Hoteleria i Turisme<\/td>\n<\/tr>\n<tr style=\"height: 33px;\">\n<td style=\"height: 33px; width: 258.5px;\">Serveis Socioculturals a la Comunitat<\/td>\n<\/tr>\n<tr style=\"height: 33px;\">\n<td style=\"height: 33px; width: 258.5px;\">Comunicaci\u00f3 imatge i so<\/td>\n<\/tr>\n<tr style=\"height: 33px;\">\n<td style=\"width: 258.5px; height: 33px;\">Activitats Agr\u00e0ries<\/td>\n<td style=\"width: 258.5px; height: 198px;\" rowspan=\"6\">Biologia<\/p>\n<p>Qu\u00edmica<\/td>\n<\/tr>\n<tr style=\"height: 33px;\">\n<td style=\"width: 258.5px; height: 33px;\">Activitats Maritimopesqueres<\/td>\n<\/tr>\n<tr style=\"height: 33px;\">\n<td style=\"width: 258.5px; height: 33px;\">Imatge Personal<\/td>\n<\/tr>\n<tr style=\"height: 33px;\">\n<td style=\"width: 258.5px; height: 33px;\">Ind\u00fastries Aliment\u00e0ries<\/td>\n<\/tr>\n<tr style=\"height: 33px;\">\n<td style=\"height: 33px; width: 258.5px;\">Qu\u00edmica i Sanitat<\/td>\n<\/tr>\n<tr style=\"height: 33px;\">\n<td style=\"height: 33px; width: 258.5px;\">T\u00e8xtil Confecci\u00f3 i Pell<\/td>\n<\/tr>\n<\/tbody>\n<\/table>\n<p>Segons l&#8217;Ordre EDU\/1603\/2009. Article 4.1 la superaci\u00f3 de la prova d\u2019acc\u00e9s a Cicles Formatius de Grau Superior equival al t\u00edtol de Batxillerat a efectes laborals si es disposa del t\u00edtol de Graduat ESO o una equival\u00e8ncia acad\u00e8mica.<strong><br \/>\n<\/strong><\/p>\n<h4 class=\"western\"><a href=\"https:\/\/agora.xtec.cat\/cfarafaelfarre\/ensenyaments\/ensenyaments-per-a-la-preparacio-de-proves-dacces\/a-la-universitat-per-a-majors-de-25-anys\/\">Acc\u00e9s a la Universitat per a majors de 25 anys<\/a><\/h4>\n<p>Curs de preparaci\u00f3 de la prova d\u2019acc\u00e9s a la Universitat. Cal tenir 25 anys l\u20191 d\u2019octubre de l\u2019any de realitzaci\u00f3 de la prova.<\/p>\n<p>Preparem totes les proves comunes (Catal\u00e0, Castell\u00e0, Angl\u00e8s i Comentari de text) i les seg\u00fcents espec\u00edfiques:<\/p>\n<ul>\n<li>Ci\u00e8ncies Socials i Jur\u00eddiques: Economia de l&#8217;empresa i Geografia.<\/li>\n<li>Ci\u00e8ncies \/ Ci\u00e8ncies de la Salut: Biologia i Qu\u00edmica.<\/li>\n<\/ul>\n<p>Especialitats:<\/p>\n<table style=\"width: 56.7078%;\" width=\"100%\">\n<tbody>\n<tr>\n<td style=\"width: 16.0986%; text-align: center;\"><strong>Opci\u00f3<\/strong><\/td>\n<td style=\"width: 19.1443%; text-align: center;\"><strong>Branca de coneixement<\/strong><\/td>\n<td style=\"width: 20.7397%; text-align: center;\"><strong>Mat\u00e8ries<\/strong><\/td>\n<\/tr>\n<tr>\n<td style=\"width: 16.0986%;\">Opci\u00f3 A<\/td>\n<td style=\"width: 19.1443%;\">Arts i Humanitats<\/td>\n<td style=\"width: 20.7397%;\">Filosofia<br \/>\n<strong>Geografia<\/strong><br \/>\n<strong>Hist\u00f2ria contempor\u00e0nia<\/strong><br \/>\nHist\u00f2ria de l&#8217;art<br \/>\nLiteratura<\/td>\n<\/tr>\n<tr>\n<td style=\"width: 16.0986%;\">Opci\u00f3 B<\/td>\n<td style=\"width: 19.1443%;\">Ci\u00e8ncies<\/td>\n<td style=\"width: 20.7397%;\"><strong>Biologia<\/strong><br \/>\n<strong>Estad\u00edstica<\/strong><br \/>\nF\u00edsica<br \/>\nMatem\u00e0tiques<br \/>\n<strong>Qu\u00edmica<\/strong><\/td>\n<\/tr>\n<tr>\n<td style=\"width: 16.0986%;\">Opci\u00f3 C<\/td>\n<td style=\"width: 19.1443%;\">Ci\u00e8ncies de la Salut<\/td>\n<td style=\"width: 20.7397%;\"><strong>Biologia<\/strong><br \/>\n<strong>Estad\u00edstica<\/strong><br \/>\nF\u00edsica<br \/>\nMatem\u00e0tiques<br \/>\n<strong>Qu\u00edmica<\/strong><\/td>\n<\/tr>\n<tr>\n<td style=\"width: 16.0986%;\">Opci\u00f3 D<\/td>\n<td style=\"width: 19.1443%;\">Ci\u00e8ncies Socials i Jur\u00eddiques<\/td>\n<td style=\"width: 20.7397%;\"><strong>Economia de l&#8217;empresa<\/strong><br \/>\n<strong>Estad\u00edstica<\/strong><br \/>\n<strong>Geografia<\/strong><br \/>\n<strong>Hist\u00f2ria contempor\u00e0nia<\/strong><br \/>\nMatem\u00e0tiques<\/td>\n<\/tr>\n<tr>\n<td style=\"width: 16.0986%;\">Opci\u00f3 E<\/td>\n<td style=\"width: 19.1443%;\">Enginyeria i Arquitectura<\/td>\n<td style=\"width: 20.7397%;\">Dibuix t\u00e8cnic<br \/>\n<strong>Economia de l&#8217;empresa<\/strong><br \/>\nF\u00edsica<br \/>\nMatem\u00e0tiques<br \/>\n<strong>Qu\u00edmica<\/strong><\/td>\n<\/tr>\n<\/tbody>\n<\/table>\n<p>Segons l&#8217;Ordre EDU\/1603\/2009. Article 4.3 la superaci\u00f3 de la prova d\u2019acc\u00e9s a la universitat per a majors de 25 anys equival al t\u00edtol de Batxillerat a efectes laborals, si a m\u00e9s s&#8217;acredita algun dels requisits seg\u00fcents:<br \/>\n1) t\u00edtol de graduat ESO o equivalent laboral.<br \/>\n2) haver superat almenys 15 cr\u00e8dits ECTS dels estudis universitaris.<\/p>\n<h4 class=\"western\"><a href=\"https:\/\/agora.xtec.cat\/cfarafaelfarre\/ensenyaments\/ensenyaments-per-a-la-preparacio-de-proves-dacces\/proves-dacces-a-la-universitat-per-a-majors-de-45-anys\/\">Acc\u00e9s a la Universitat per a majors de 45 anys<\/a><\/h4>\n<p>Curs de preparaci\u00f3 de la prova d\u2019acc\u00e9s a la Universitat. Cal tenir 45 anys l\u20191 d\u2019octubre de l\u2019any de realitzaci\u00f3 de la prova.<\/p>\n<p>Preparem totes les proves comunes (Catal\u00e0, Castell\u00e0 i Comentari de text). No hi ha mat\u00e8ries espec\u00edfiques per aquesta prova.<\/p>\n<p><span style=\"font-family: inherit; font-size: 1em;\">Segons l&#8217;Ordre EDU\/1603\/2009. Article 4.3 la superaci\u00f3 de la prova d\u2019acc\u00e9s a la universitat per a majors de 45 anys equival al t\u00edtol de Batxillerat a efectes laborals, si a m\u00e9s s&#8217;acredita algun dels requisits seg\u00fcents:<\/span><\/p>\n<p>1) t\u00edtol de graduat ESO o equivalent laboral.<br \/>\n2) haver superat almenys 15 cr\u00e8dits ECTS dels estudis universitaris.<\/p>\n","protected":false},"excerpt":{"rendered":"<p><a href=\"https:\/\/agora.xtec.cat\/cfarafaelfarre\/ensenyaments\/ensenyaments-per-a-la-preparacio-de-proves-dacces\/cas\/\">Curs de Formaci\u00f3 Preparatori per a l&#8217;Acc\u00e9s a Cicles Formatius de Grau Superior<\/a><br \/>\nAquests estudis permeten a les persones que el superen l&#8217;acc\u00e9s directe als cicles de grau superior de formaci\u00f3 professional. En el cas dels ensenyaments professionals d&#8217;arts pl\u00e0stiques i disseny, permetr\u00e0 l&#8217;exempci\u00f3 de&hellip;  <a href=\"https:\/\/agora.xtec.cat\/cfarafaelfarre\/ensenyaments\/ensenyaments-per-a-la-preparacio-de-proves-dacces\/\" title=\"Read Preparaci\u00f3 de proves d&#8217;acc\u00e9s\">Llegeix m\u00e9s\u00bb<\/a><\/p>\n","protected":false},"author":1,"featured_media":0,"parent":274,"menu_order":1,"comment_status":"closed","ping_status":"closed","template":"page-templates\/side-menu.php","meta":{"_bbp_topic_count":0,"_bbp_reply_count":0,"_bbp_total_topic_count":0,"_bbp_total_reply_count":0,"_bbp_voice_count":0,"_bbp_anonymous_reply_count":0,"_bbp_topic_count_hidden":0,"_bbp_reply_count_hidden":0,"_bbp_forum_subforum_count":0,"footnotes":""},"class_list":["post-288","page","type-page","status-publish","hentry"],"post_mailing_queue_ids":[],"_links":{"self":[{"href":"https:\/\/agora.xtec.cat\/cfarafaelfarre\/wp-json\/wp\/v2\/pages\/288","targetHints":{"allow":["GET"]}}],"collection":[{"href":"https:\/\/agora.xtec.cat\/cfarafaelfarre\/wp-json\/wp\/v2\/pages"}],"about":[{"href":"https:\/\/agora.xtec.cat\/cfarafaelfarre\/wp-json\/wp\/v2\/types\/page"}],"author":[{"embeddable":true,"href":"https:\/\/agora.xtec.cat\/cfarafaelfarre\/wp-json\/wp\/v2\/users\/1"}],"replies":[{"embeddable":true,"href":"https:\/\/agora.xtec.cat\/cfarafaelfarre\/wp-json\/wp\/v2\/comments?post=288"}],"version-history":[{"count":6,"href":"https:\/\/agora.xtec.cat\/cfarafaelfarre\/wp-json\/wp\/v2\/pages\/288\/revisions"}],"predecessor-version":[{"id":2092,"href":"https:\/\/agora.xtec.cat\/cfarafaelfarre\/wp-json\/wp\/v2\/pages\/288\/revisions\/2092"}],"up":[{"embeddable":true,"href":"https:\/\/agora.xtec.cat\/cfarafaelfarre\/wp-json\/wp\/v2\/pages\/274"}],"wp:attachment":[{"href":"https:\/\/agora.xtec.cat\/cfarafaelfarre\/wp-json\/wp\/v2\/media?parent=288"}],"curies":[{"name":"wp","href":"https:\/\/api.w.org\/{rel}","templated":true}]}}